{"id":53,"date":"2022-06-30T14:04:35","date_gmt":"2022-06-30T14:04:35","guid":{"rendered":"https:\/\/blogs2.abo.fi\/hyvinvoivahoiva-guide\/?page_id=53"},"modified":"2022-09-30T12:36:33","modified_gmt":"2022-09-30T12:36:33","slug":"overgripande-modell-for-arbetshalsa","status":"publish","type":"page","link":"https:\/\/blogs2.abo.fi\/hyvinvoivahoiva-guide\/vad-ar-arbetshalsa\/overgripande-modell-for-arbetshalsa\/","title":{"rendered":"\u00d6vergripande modell f\u00f6r arbetsh\u00e4lsa\u00a0"},"content":{"rendered":"<p><b><span data-contrast=\"auto\">Text och figurer: Kirsi Heikkil\u00e4-Tammi, Tammerfors universitet<\/span><\/b><span data-ccp-props=\"{&quot;134233117&quot;:true,&quot;134233118&quot;:true,&quot;335559739&quot;:300}\">\u00a0<\/span><\/p>\n<p><b><span data-contrast=\"auto\">Arbetsh\u00e4lsa<\/span><\/b>, <b><span data-contrast=\"auto\">v\u00e4lbefinnande i arbetet<\/span><\/b>,<span data-contrast=\"auto\">\u202fkan definieras p\u00e5 flera olika s\u00e4tt beroende p\u00e5 perspektiv. Hur vi f\u00f6rst\u00e5r begreppet arbetsh\u00e4lsa p\u00e5verkas ofta av vad som lyfts fram i medierna, till exempel hur s\u00f6mnen p\u00e5verkar \u00e5terh\u00e4mtningen, v\u00e4rdebaserat ledarskap eller utvecklande av arbetsprocesser. Det kan vara sv\u00e5rt att riktigt f\u00f6rst\u00e5 vad som egentligen menas med begreppet arbetsh\u00e4lsa. Syftet med den h\u00e4r delen av guiden \u00e4r att skapa en forskningsbaserad helhetsbild av arbetsh\u00e4lsa och faktorerna som p\u00e5verkar den.<\/span><span data-ccp-props=\"{&quot;134233117&quot;:true,&quot;134233118&quot;:true,&quot;335559739&quot;:300}\">\u00a0<\/span><\/p>\n<p><span data-contrast=\"auto\">Arbetsh\u00e4lsa \u00e4r ett tv\u00e4rvetenskapligt tema, som unders\u00f6ks bl.a. inom psykologi, socialpsykologi, sociologi, h\u00e4lsovetenskaper och f\u00f6retagsekonomi. Man vet med s\u00e4kerhet att arbetsh\u00e4lsan bland de anst\u00e4llda p\u00e5 en arbetsplats p\u00e5verkas av en rad olika faktorer. <\/span><\/p>\n<p><strong>De f<\/strong><b><span data-contrast=\"auto\"><strong>aktorer<\/strong> som p\u00e5verkar arbetsh\u00e4lsan <\/span><\/b><span data-contrast=\"auto\">kan delas in i kategorierna <\/span><i><span data-contrast=\"auto\">organisation, ledarskap, organisering av arbete <\/span><\/i><span data-contrast=\"auto\">och <\/span><i><span data-contrast=\"auto\">individuella f\u00f6ruts\u00e4ttningar<\/span><\/i><span data-contrast=\"auto\">, dvs. personliga egenskaper och resurser (Manka, 2016, Nielsen m.fl., 2018). I enlighet med den h\u00e4r kategoriseringen kan organisationens strukturer och praxis allts\u00e5 st\u00f6dja arbetsh\u00e4lsan. Det g\u00e5r att p\u00e5verka arbetsh\u00e4lsan ocks\u00e5 med ledarstilen: bland annat pr\u00e4glas en ledarstil som fr\u00e4mjar arbetsh\u00e4lsan av kontinuerlig interaktion. Arbetsklimatet och organiseringen av arbetet har ocks\u00e5 betydelse. D\u00e4rut\u00f6ver \u00e4r den enskilda individens ansvar och f\u00f6ruts\u00e4ttningar, n\u00e4r det g\u00e4ller den egna psykiska, fysiska och sociala h\u00e4lsan, ocks\u00e5 centrala faktorer. Arbetsh\u00e4lsan handlar alltid om en v\u00e4xelverkan mellan individen och de andra anst\u00e4llda. Det r\u00e4cker allts\u00e5 inte att ta hand om enskilda individers h\u00e4lsa, utan hela arbetsplatsen och dess verksamhet ska utvecklas.<\/span><span data-ccp-props=\"{&quot;134233117&quot;:true,&quot;134233118&quot;:true,&quot;335559739&quot;:300}\">\u00a0<\/span><\/p>\n<p><span data-contrast=\"auto\">Faktorerna som p\u00e5verkar arbetsh\u00e4lsan behandlas mer ing\u00e5ende i f\u00f6ljande underkapitel:<\/span><span data-ccp-props=\"{&quot;134233117&quot;:true,&quot;134233118&quot;:true,&quot;335559739&quot;:300}\">\u00a0<\/span><\/p>\n<p><span style=\"color: #000000\"><a style=\"color: #000000\" href=\"https:\/\/blogs2.abo.fi\/hyvinvoivahoiva-guide\/valmaende-arbetsgemenskap\/\">V\u00e4lm\u00e5ende arbetsgemenskap.<\/a>\u00a0<\/span><\/p>\n<p><span style=\"color: #000000\"><a style=\"color: #000000\" href=\"https:\/\/blogs2.abo.fi\/hyvinvoivahoiva-guide\/medarbetaren-som-framjare-av-det-egna-valbefinnandet\/\">Medarbetaren som fr\u00e4mjare av det egna v\u00e4lbefinnandet.<\/a>\u00a0<\/span><\/p>\n<p><span style=\"color: #000000\"><a style=\"color: #000000\" href=\"https:\/\/blogs2.abo.fi\/hyvinvoivahoiva-guide\/chefen-som-framjare-av-personalens-valmaende\/\">Chefen som fr\u00e4mjare av personalens v\u00e4lm\u00e5ende.<\/a>\u00a0<\/span><\/p>\n<p><span style=\"color: #000000\" data-contrast=\"auto\">I en \u00f6vergripande modell f\u00f6r arbetsh\u00e4lsa (se figur nedan) <\/span><b><span data-contrast=\"auto\"><span style=\"color: #000000\">k<\/span>ommer arbetsh\u00e4lsan till uttryck som upplevelser av v\u00e4lbefinnande och illam\u00e5ende<\/span><\/b><span data-contrast=\"auto\">. Dessa upplevelser och positiva uttryck f\u00f6r arbetsh\u00e4lsan kan vara till exempel flytk\u00e4nslan (flow-tillst\u00e5nd), arbetsengagemang och arbetstillfredsst\u00e4llelse, medan negativa uttryck i sin tur kan vara uttr\u00e5kade arbetstagare, stress och utmattning. N\u00e4r arbetsh\u00e4lsan unders\u00f6ks exempelvis med hj\u00e4lp av enk\u00e4ter \u00e4r det oftast ovann\u00e4mnda faktorer som enk\u00e4terna tar fasta p\u00e5 samt den enskilda arbetstagarens eller alla anst\u00e4lldas upplevelser av sitt eget v\u00e4lbefinnande.<\/span><span data-ccp-props=\"{&quot;134233117&quot;:true,&quot;134233118&quot;:true,&quot;335559739&quot;:300}\">\u00a0<\/span><\/p>\n<h5><span data-contrast=\"none\">\u00d6vergripande modell f\u00f6r arbetsh\u00e4lsa<\/span><\/h5>\n<p><i><span data-contrast=\"auto\">Klicka p\u00e5 bilden f\u00f6r att f\u00f6rstora den.<\/span><\/i><\/p>\n<p><span data-ccp-props=\"{&quot;134233117&quot;:true,&quot;134233118&quot;:true}\"><a href=\"http:\/\/blogs2.abo.fi\/hyvinvoivahoiva-guide\/wp-content\/uploads\/sites\/221\/2022\/06\/Bild1.jpg\"><img loading=\"lazy\" decoding=\"async\" class=\"alignnone size-full wp-image-54\" src=\"http:\/\/blogs2.abo.fi\/hyvinvoivahoiva-guide\/wp-content\/uploads\/sites\/221\/2022\/06\/Bild1.jpg\" alt=\"\u00d6vergripande modell f\u00f6r arbetsh\u00e4lsa.\" width=\"604\" height=\"573\" srcset=\"https:\/\/blogs2.abo.fi\/hyvinvoivahoiva-guide\/wp-content\/uploads\/sites\/221\/2022\/06\/Bild1.jpg 604w, https:\/\/blogs2.abo.fi\/hyvinvoivahoiva-guide\/wp-content\/uploads\/sites\/221\/2022\/06\/Bild1-300x285.jpg 300w\" sizes=\"auto, (max-width: 604px) 100vw, 604px\" \/><\/a><\/span><\/p>\n<p><i><span data-contrast=\"auto\">K\u00e4llor: Manka, 2016, Robertson &amp; Cooper, 2011, Nielsen m.fl., 2018<\/span><\/i><span data-ccp-props=\"{&quot;134233117&quot;:true,&quot;134233118&quot;:true}\">\u00a0<\/span><\/p>\n<p><a href=\"http:\/\/blogs2.abo.fi\/hyvinvoivahoiva-guide\/wp-content\/uploads\/sites\/221\/2022\/09\/Faktorer-som-paverkar-arbetshalsan_mediemotsvarighet.pdf\" target=\"_blank\" rel=\"noopener\">Tillg\u00e4nglig mediemotsvariget f\u00f6r figuren Faktorer som p\u00e5verkar arbetsh\u00e4lsan. \u00d6ppnas i ny flik i PDF-format.<\/a><\/p>\n<p><a href=\"https:\/\/www.tyohyvinvointi.fi\/\" target=\"_blank\" rel=\"noopener\"><span data-contrast=\"none\">L\u00e4s mer om den \u00f6vergripande modellen f\u00f6r arbetsh\u00e4lsa p\u00e5 Tammerfors universitets webbplats (\u00f6ppnas i en ny flik).<\/span><\/a><span data-ccp-props=\"{&quot;134233117&quot;:true,&quot;134233118&quot;:true,&quot;335559739&quot;:300}\">\u00a0<\/span><\/p>\n<p><span data-ccp-props=\"{&quot;134233117&quot;:true,&quot;134233118&quot;:true}\">\u00a0<\/span>Arbetsh\u00e4lsan har olika slags f\u00f6ljder och effekter, som kan betraktas ur b\u00e5de individens och organisationens synvinkel (Robertson &amp; Cooper, 2011). P\u00e5 individniv\u00e5 kan arbetsh\u00e4lsan ha s\u00e5dana positiva f\u00f6ljder som arbetstillfredsst\u00e4llelse och resultatinriktat arbetss\u00e4tt, h\u00f6g motivation, st\u00e4rkt medarbetarkompetens och god h\u00e4lsa. P\u00e5 organisationsniv\u00e5 p\u00e5verkar arbetsh\u00e4lsan bl.a. arbetets resultat, kundn\u00f6jdheten samt antalet sjukdagar och personaloms\u00e4ttningen.<\/p>\n<p>Syftet med modellen ovan \u00e4r att skapa en helhetsbild av arbetsh\u00e4lsan. Ute p\u00e5 arbetsplatserna kan den \u00f6vergripande modellen anv\u00e4ndas som en v\u00e4gkarta i planeringen av \u00e5tg\u00e4rder f\u00f6r utvecklingen av de anst\u00e4lldas och hela organisationens arbetsh\u00e4lsa. Med hj\u00e4lp av modellen kan det ocks\u00e5 vara l\u00e4ttare att utv\u00e4rdera effekterna av utvecklingsarbetet, i och med att den ger exempel p\u00e5 variabler som effekterna kan m\u00e4tas med.<\/p>\n<h5>Uttryck f\u00f6r arbetsh\u00e4lsa<\/h5>\n<p>En central del av den \u00f6vergripande modellen f\u00f6r arbetsh\u00e4lsa ovan \u00e4r de anst\u00e4lldas olika upplevelser av v\u00e4lbefinnande. I det f\u00f6ljande ges en kort beskrivning av begrepp som anknyter till b\u00e5de positiva och negativa upplevelser och som ofta ocks\u00e5 anv\u00e4nds som variabler i olika typer av enk\u00e4ter kring arbetsh\u00e4lsa. De positiva upplevelserna beskrivs med begreppen flytk\u00e4nsla (flowtillst\u00e5nd), arbetsengagemang och arbetstillfredsst\u00e4llelse. De negativa upplevelserna beskrivs i sin tur med begreppen uttr\u00e5kning, stress och utmattning.<\/p>\n<p>Flow \u00e4r ett optimalt tillst\u00e5nd, d\u00e4r det finns en balans mellan sv\u00e5righetsgraden i verksamheten eller i en specifik arbetsuppgift och den anst\u00e4lldas f\u00e4rdigheter. Flytk\u00e4nslan, eller flowtillst\u00e5ndet, pr\u00e4glas av starkt fokus, f\u00f6rlorad tidsuppfattning, handlingsberedskap och en k\u00e4nsla av att allt g\u00e5r som det ska. Flowtillst\u00e5nd kan upplevas i vilken arbetsuppgift eller vilket yrke som helst. I b\u00f6rjan unders\u00f6ktes fenomenet som en del av konstn\u00e4rligt arbete, d\u00e4r de b\u00e4sta arbetssituationerna k\u00e4nnetecknades av att kunnandet var optimalt och kunde utnyttjas till fullo och att arbetet fl\u00f6t p\u00e5. D\u00e5 \u00e4r det m\u00f6jligt att vara fullst\u00e4ndigt fokuserad p\u00e5 sitt arbete.<\/p>\n<p>Med arbetsengagemang avses ett positivt k\u00e4nslo- och motivationsl\u00e4ge som p\u00e5verkas av den anst\u00e4lldas handlingsberedskap, aktivitet och k\u00e4nslotillst\u00e5nd. Ett energiskt och positivt k\u00e4nslotillst\u00e5nd kan ge upphov till ett starkt arbetsengagemang. Det pr\u00e4glas delvis av samma slags upplevelser som flowtillst\u00e5ndet, dvs. den anst\u00e4llda upplever sig vara handlingskraftig och kunna \u00e4gna sig \u00e5t och f\u00f6rdjupa sig i sitt arbete. Att vara handlingskraftig inneb\u00e4r att den anst\u00e4llda k\u00e4nner sig energisk, arbetar ih\u00e4rdigt och har en vilja att satsa p\u00e5 sitt arbete. Att \u00e4gna sig \u00e5t sitt arbete betyder att den anst\u00e4llda har en upplevelse av meningsfullhet, entusiasm, inspiration, stolthet och utmaning i arbetet. Att kunna f\u00f6rdjupa sig i sitt arbete betyder att den anst\u00e4llda har en f\u00f6rm\u00e5ga att koncentrera sig p\u00e5 arbetet och en upplevelse av att kunna njuta av det.<\/p>\n<blockquote>\n<h6>UPPGIFT<\/h6>\n<p>Du kan bed\u00f6ma din egen arbetsh\u00e4lsa med hj\u00e4lp av testet kring arbetsengagemang (p\u00e5 finska) via l\u00e4nken intill.\u00a0<a href=\"https:\/\/www.ttl.fi\/tyon-imu-testi\" target=\"_blank\" rel=\"noopener\">Ty\u00f6n imu -testi, Ty\u00f6terveyslaitos<\/a>.<\/p><\/blockquote>\n<p>Med <strong>arbetstillfredsst\u00e4llelse<\/strong> avses den upplevda graden av anpassning till arbetet. Arbetstillfredsst\u00e4llelsen pr\u00e4glas av ett positivt k\u00e4nslotillst\u00e5nd som arbetet inger. Den p\u00e5verkas av olika motivationsrelaterade faktorer, s\u00e5som erk\u00e4nsla f\u00f6r v\u00e4lutf\u00f6rt arbete \u2013 samt framg\u00e5ngar i och intresse f\u00f6r arbetet samt olika milj\u00f6relaterade faktorer, s\u00e5som bel\u00f6ning, sociala relationer, organisering av arbete och anst\u00e4llningsskydd.<\/p>\n<p><strong>Uttr\u00e5kning<\/strong> \u00e4r ett av de negativa uttrycken f\u00f6r arbetsh\u00e4lsa. Uttr\u00e5kade anst\u00e4llda \u00e4r inte entusiastiska \u00f6ver sitt arbete. De upplever inte sitt arbete som meningsfullt. Den h\u00e4r typen av k\u00e4nslor uppst\u00e5r ofta i situationer d\u00e4r den anst\u00e4llda inte har m\u00f6jlighet att i tillr\u00e4ckligt h\u00f6g grad dra nytta av sina f\u00e4rdigheter och sitt kunnande. D\u00e4remot \u00e4r det vanligt att sporadiskt k\u00e4nna sig uttr\u00e5kad i sitt arbete.<\/p>\n<p><strong>Stress i arbetet<\/strong> skapas av situationer d\u00e4r den anst\u00e4llda upplever att arbetet st\u00e4ller h\u00f6gre krav \u00e4n vad hen upplever sig kunna klara av. Ut\u00f6ver sj\u00e4lva arbetsuppgifterna kan stress skapas av till exempel meningsskiljaktigheter bland de anst\u00e4llda, oklara rutiner eller utmaningar i arbetsmilj\u00f6n, s\u00e5som bullriga eller oroliga arbetsf\u00f6rh\u00e5llanden. M\u00e5nga typer av f\u00f6r\u00e4ndringar \u2013\u202fs\u00e5v\u00e4l positiva som negativa \u2013 kan ocks\u00e5 ge upphov till stress. Stressreaktionerna beror i h\u00f6g grad p\u00e5 individens syns\u00e4tt och inst\u00e4llning, eftersom olika personer tolkar stressfaktorer p\u00e5 olika s\u00e4tt. Stress kan ocks\u00e5 vara en positiv k\u00e4nsla, eftersom den f\u00e5r oss att agera och skrida till verket. Tillf\u00e4llig stress \u00e4r inte skadligt, men l\u00e5ngvarig stress kan leda till problem med arbetsh\u00e4lsan. Det \u00e4r viktigt att kunna \u00e5terh\u00e4mta sig fr\u00e5n stress f\u00f6r att f\u00f6rebygga stressrelaterade problem.<\/p>\n<p><strong>Utmattning<\/strong> kan vara en f\u00f6ljd av l\u00e5ngvarig stress. En utmattad person har f\u00f6rbrukat sina resurser, vilket kan f\u00f6ranleda en l\u00e4ngre \u00e5terh\u00e4mtningstid. Utmattning beskrivs ofta som ett st\u00f6rningstillst\u00e5nd som k\u00e4nnetecknas av utmattningstr\u00f6tthet, cynism och minskad yrkesrelaterad sj\u00e4lvk\u00e4nsla. Utmattning \u00e4r inte en sjukdom, men den kan ge upphov till sjukdomar, s\u00e5som depression och s\u00f6mnst\u00f6rningar.<\/p>\n<h2>Olika roller och ledarskap i arbetsh\u00e4lsoverksamhet<\/h2>\n<p>Alla parter p\u00e5 en arbetsplats ansvarar f\u00f6r sin egen del f\u00f6r arbetsh\u00e4lsan. Varje medarbetare och chef kan p\u00e5verka arbetsh\u00e4lsan med sin egen inst\u00e4llning och sitt eget s\u00e4tt att arbeta. Det finns trots det ocks\u00e5 ett behov av \u00f6vergripande och systematiskt ledarskap och utvecklingsarbete p\u00e5 arbetsplatsniv\u00e5.<\/p>\n<p>Under det senaste \u00e5rtiondet har organisationerna mer \u00e4n tidigare utarbetat l\u00e5ngsiktigare planer f\u00f6r arbetsh\u00e4lsoverksamheten, till exempel i form av \u00e5rsklockor, om vilka \u00e5tg\u00e4rder som ska vidtas under vilka tider p\u00e5 \u00e5ret f\u00f6r att utveckla arbetsh\u00e4lsan. En s\u00e5dan plan ska preciseras f\u00f6r olika niv\u00e5er inom organisationen, dvs. f\u00f6r 1) den h\u00f6gsta ledningen och dem som fattar besluten, 2) cheferna och 3) medarbetarna.<\/p>\n<p>Arbetsh\u00e4lsoverksamheten inom organisationen f\u00f6ruts\u00e4tter ledarskap (se figur nedan):<\/p>\n<ul>\n<li>H\u00f6gsta ledningen skapar f\u00f6ruts\u00e4ttningar f\u00f6r, tilldelar resurser f\u00f6r och uppr\u00e4tth\u00e5ller verksamheten. P\u00e5 s\u00e5 s\u00e4tt bygger man upp ett system som beaktar arbetsh\u00e4lsan i sin helhet och skapar r\u00e4tt omst\u00e4ndigheter f\u00f6r utvecklingsarbetet. Planeringen av arbetsh\u00e4lsoverksamheten b\u00f6r ing\u00e5 i den strategiska planeringen inom organisationen.<\/li>\n<li>Den n\u00e4rmaste chefen utvecklar arbetsh\u00e4lsan konkret bland de anst\u00e4llda. Chefen ansvarar f\u00f6r verksamheten och atmosf\u00e4ren inom den n\u00e4rmaste gruppen medarbetare.<\/li>\n<li>Medarbetarna ansvarar i sin tur f\u00f6r sitt eget fysiska och psykiska v\u00e4lm\u00e5ende. Dessutom p\u00e5verkar de f\u00f6r sin del vad slags atmosf\u00e4r som r\u00e5der p\u00e5 arbetsplatsen och hur v\u00e4l medarbetarna arbetar ihop.<\/li>\n<\/ul>\n<p><em>Klicka p\u00e5 bilden f\u00f6r att f\u00f6rstora den<\/em>.<\/p>\n<p><a href=\"http:\/\/blogs2.abo.fi\/hyvinvoivahoiva-guide\/wp-content\/uploads\/sites\/221\/2022\/06\/Bild2.png\"><img loading=\"lazy\" decoding=\"async\" class=\"alignnone size-full wp-image-55\" src=\"http:\/\/blogs2.abo.fi\/hyvinvoivahoiva-guide\/wp-content\/uploads\/sites\/221\/2022\/06\/Bild2.png\" alt=\"\" width=\"604\" height=\"540\" srcset=\"https:\/\/blogs2.abo.fi\/hyvinvoivahoiva-guide\/wp-content\/uploads\/sites\/221\/2022\/06\/Bild2.png 604w, https:\/\/blogs2.abo.fi\/hyvinvoivahoiva-guide\/wp-content\/uploads\/sites\/221\/2022\/06\/Bild2-300x268.png 300w\" sizes=\"auto, (max-width: 604px) 100vw, 604px\" \/><\/a><\/p>\n<p><a href=\"http:\/\/blogs2.abo.fi\/hyvinvoivahoiva-guide\/wp-content\/uploads\/sites\/221\/2022\/09\/Ledarskap-i-arbetshalsoverksamhet_mediemotsvarighet.pdf\" target=\"_blank\" rel=\"noopener\">Tillg\u00e4nglig mediemotsvariget av figuren Ledarskap i arbetsh\u00e4lsoverksamhet. \u00d6ppnas i ny flik i PDF-fomat.\u00a0<\/a><\/p>\n<p>Ofta \u00e4r det flera olika parter och sakkunniga som medverkar i att bevara och utveckla arbetsh\u00e4lsan.<\/p>\n<p>Arbetarskyddsorganisationer erbjuder arbetsgivaren hj\u00e4lp och bidrar med expertkunskap i fr\u00e5gor kring arbetarskydd och arbetss\u00e4kerhet. Alla arbetsplatser med minst tio anst\u00e4llda ska ha en arbetarskyddsfullm\u00e4ktig som representerar medarbetarna i den gemensamma arbetarskyddsverksamheten. Arbetsplatser med minst tjugo anst\u00e4llda ska i sin tur ha en arbetarskyddskommission, som best\u00e5r av representanter f\u00f6r b\u00e5de olika medarbetargrupper och arbetsgivaren. Arbetarskyddschefen, som utsetts av arbetsgivaren, representerar arbetsgivaren i den gemensamma arbetarskyddsverksamheten.<br \/>\nVarje arbetsgivare ska s\u00e4kerst\u00e4lla att alla anst\u00e4llda har tillg\u00e5ng till f\u00f6retagsh\u00e4lsov\u00e5rden. Det \u00e4r frivilligt f\u00f6r arbetsgivaren att erbjuda sina anst\u00e4llda sjukv\u00e5rdstj\u00e4nster som en del av f\u00f6retagsh\u00e4lsov\u00e5rden. Den lagstadgade f\u00f6retagsh\u00e4lsov\u00e5rden omfattar till exempel arbetsplatsutredningar, h\u00e4lsounders\u00f6kningar, verksamhet f\u00f6r bevarande av arbetsf\u00f6rm\u00e5gan, uppf\u00f6ljning av arbetsf\u00f6rm\u00e5gan och h\u00e4nvisning till rehabilitering samt fr\u00e4mjande av arbetsgemenskapen.<\/p>\n<blockquote>\n<h6>UPPGIFT<\/h6>\n<p>N\u00e4rmare information om hur arbetarskyddsverksamheten och f\u00f6retagsh\u00e4lsov\u00e5rden ordnas och utvecklas hittar du via l\u00e4nkarna nedan:<\/p>\n<p>\u2022 <a href=\"https:\/\/www.tyosuojelu.fi\/web\/sv\/arbetarskydd-pa-arbetsplatsen\" target=\"_blank\" rel=\"noopener\">Artikeln Arbetarskydd \u00e4r samarbete p\u00e5 webbplatsen till Arbetarskyddsf\u00f6rvaltningen. Sidan \u00f6ppnas i en ny flik.<\/a><br \/>\n\u2022 <a href=\"https:\/\/www.ttl.fi\/sv\/teman\/arbetshalsa\/foretagshalsovarden\" target=\"_blank\" rel=\"noopener\">Arbetsh\u00e4lsoinstitutets webbsida om f\u00f6retagsh\u00e4lsov\u00e5rden. Sidan \u00f6ppnas i en ny flik.<\/a><\/p><\/blockquote>\n<h2>Resursorienterad syn p\u00e5 arbetsh\u00e4lsa<\/h2>\n<p>Traditionellt har arbetsh\u00e4lsan betraktats i ljuset av olika belastande faktorer i arbetet. D\u00e5 har m\u00e5let varit att minska p\u00e5 arbetsbelastningen som uppn\u00e5tt en skadlig niv\u00e5. Under de senaste \u00e5ren har man allt mer fokuserat p\u00e5 faktorer som ger de anst\u00e4llda mer resurser. Alla arbeten pr\u00e4glas av b\u00e5da slags faktorer, och de anst\u00e4lldas resurser \u00e4r n\u00e5got som borde st\u00e5 \u00e4nnu mer i fokus.<\/p>\n<p>Fr\u00e5n psykologin h\u00e4rstammar en s.k. balansmodell, som g\u00f6r det m\u00f6jligt att betrakta arbetsh\u00e4lsan i ljuset av b\u00e5de de anst\u00e4lldas resurser och de krav som arbetet st\u00e4ller (Bakker &amp; Demerouti, 2007). Arbetsh\u00e4lsan kan med andra ord utvecklas antingen genom att minska p\u00e5 arbetsbelastningen eller genom att st\u00e4rka de anst\u00e4lldas resurser. Det r\u00e5der enighet om att olika m\u00e4nniskor upplever faktorerna, som p\u00e5verkar arbetet, p\u00e5 olika s\u00e4tt. En del kan till exempel uppleva kunderna som resursfaktor, medan de av andra snarare upplevs som en belastning i arbetet. I utvecklandet av arbetsh\u00e4lsan har man l\u00e4nge tagit utg\u00e5ngspunkt i att minska p\u00e5 arbetsbelastningen. Allt oftare har man dock b\u00f6rjat till\u00e4mpa ett angreppss\u00e4tt d\u00e4r arbetsh\u00e4lsan fr\u00e4mjas genom att st\u00e4rka en enskild medarbetares eller alla medarbetares gemensamma resurser. Det \u00e4r allts\u00e5 m\u00f6jligt att fr\u00e4mja arbetsh\u00e4lsan fr\u00e5n tv\u00e5 olika h\u00e5ll. En resursorienterad syn p\u00e5 arbetsh\u00e4lsan har som syfte att lyfta fram faktorer som ger medarbetarna mer resurser, eftersom s\u00e5dana faktorer oftast \u00e4r sv\u00e5rare att identifiera. Positiv psykologi har bidragit med mycket ny forskning kring hur till exempel en individs resurser kan st\u00e4rkas (se figur nedan).<\/p>\n<p><em>Klicka p\u00e5 bilden f\u00f6r att f\u00f6rstora den.<\/em><\/p>\n<p><a href=\"http:\/\/blogs2.abo.fi\/hyvinvoivahoiva-guide\/wp-content\/uploads\/sites\/221\/2022\/06\/Bild3.png\"><img loading=\"lazy\" decoding=\"async\" class=\"alignnone size-full wp-image-56\" src=\"http:\/\/blogs2.abo.fi\/hyvinvoivahoiva-guide\/wp-content\/uploads\/sites\/221\/2022\/06\/Bild3.png\" alt=\"\" width=\"604\" height=\"442\" srcset=\"https:\/\/blogs2.abo.fi\/hyvinvoivahoiva-guide\/wp-content\/uploads\/sites\/221\/2022\/06\/Bild3.png 604w, https:\/\/blogs2.abo.fi\/hyvinvoivahoiva-guide\/wp-content\/uploads\/sites\/221\/2022\/06\/Bild3-300x220.png 300w\" sizes=\"auto, (max-width: 604px) 100vw, 604px\" \/><\/a><a href=\"http:\/\/blogs2.abo.fi\/hyvinvoivahoiva-guide\/wp-content\/uploads\/sites\/221\/2022\/09\/Resurser-pa-arbetsplatsen_mediemotsvarighet.pdf\" target=\"_blank\" rel=\"noopener\">Tillg\u00e4nglig mediemotsvariget f\u00f6r figuren Resurser p\u00e5 arbetsplatsen. \u00d6ppnas i ny flik i PDF-format.<\/a><\/p>\n<p>Resurser som ber\u00f6r arbetet kan st\u00e4rkas genom att utveckla de faktorer som p\u00e5verkar arbetsh\u00e4lsan, s\u00e5som ledarskap och socialt st\u00f6d i arbetet. De st\u00e4rkta resurserna kan fungera som \u201dbuffert\u201d i belastande omst\u00e4ndigheter. Till exempel i en situation d\u00e4r arbetstagaren har mycket att g\u00f6ra kan en god atmosf\u00e4r p\u00e5 arbetsplatsen f\u00f6rhindra att stressen blir negativ.<\/p>\n<p>Individens resurser kan i sin tur st\u00e4rkas till exempel med hj\u00e4lp av psykologiskt kapital (Luthans m.fl., 2007). Med hj\u00e4lp av \u00f6vningar som syftar till att \u00e4ndra p\u00e5 t\u00e4nke- och arbetss\u00e4tt \u00e4r det m\u00f6jligt l\u00e4ra sig fr\u00e4mja optimism, hoppfullhet, ih\u00e4rdighet och sj\u00e4lvf\u00f6rtroende, som ocks\u00e5 utg\u00f6r resursfaktorer.<\/p>\n<p>Resurserna kan st\u00e4rkas genom l\u00f6sningsorienterat arbete, vilket, precis som termen i sig antyder, inneb\u00e4r ett st\u00f6rre fokus p\u00e5 att s\u00f6ka efter l\u00f6sningar \u00e4n att peka ut problem. Skillnaden mellan att s\u00f6ka efter l\u00f6sningar och att l\u00f6sa problem ligger i att man i det f\u00f6rstn\u00e4mnda fallet st\u00e4ller fr\u00e5gor och funderar \u00f6ver m\u00e5let i st\u00e4llet f\u00f6r att f\u00f6rs\u00f6ka ge f\u00e4rdiga svar. T\u00e4nkes\u00e4ttet h\u00e4rstammar fr\u00e5n socialkonstruktionismen, d\u00e4r en b\u00e4rande tanke \u00e4r att v\u00e5r sociala verklighet bygger p\u00e5 spr\u00e5k, dvs. v\u00e5rt tal och v\u00e5ra tankar (Bannink, 2006). D\u00e5 \u00e4r ingenting i sig bra eller d\u00e5ligt, utan det \u00e4r vi sj\u00e4lva som tilldelar h\u00e4ndelserna betydelser.<\/p>\n<blockquote>\n<h6>F\u00d6R REFLEKTION<\/h6>\n<p>Vilka saker ger dig resurser i ditt arbete? Vad upplever du som belastande?<\/p>\n<p>R\u00e4kna upp svaren p\u00e5 fr\u00e5gorna bredvid varandra i form av tv\u00e5 listor. G\u00f6r en bed\u00f6mning av din egen situation och reflektera vid behov \u00f6ver hur du skulle kunna ut\u00f6ka resurserna i ditt eget arbete.<\/p><\/blockquote>\n<p>&nbsp;<\/p>\n<hr \/>\n<h5>Litteratur<\/h5>\n<ul>\n<li>Bakker, A.B. and Demerouti, E. 2007, \u201cThe Job Demands\u2010Resources model: state of the art\u201d, Journal of Managerial Psychology, Vol. 22 No. 3, pp. 309\u2013328.<\/li>\n<li>Bannink, F. 2006. 1001 solution-focused questions. USA, New York: W.W. Norton &amp; Company.<\/li>\n<li>Christensen, M. 2009. Validation and test of central concepts in positive work and organizational psychology. Nordic Council of Ministers: Copenhagen.<\/li>\n<li>Luthans, F. Youseff, C. M. &amp; Avolio, B. J. 2007. Psychological Capital: Developing the Human Competitive Edge, New York: Oxford University Press.<\/li>\n<li>Manka, M.-L. &amp; Manka, M. 2016. Ty\u00f6hyvinvointi. Liettua: BALTO print.<\/li>\n<li>Nielsen, K., Yarker, J., Munir, F. &amp; B\u00fcltmann, U. 2018. IGLOO: An integrated framework for sustainable return to work in workers with common mental disorders, Work &amp; Stress, 32:4, 400\u2013417.<\/li>\n<li>Robertson, I. &amp; Cooper, C. 2011. Well-being. Productivity and Happiness at Work. Great Britain: Palgrave.<\/li>\n<\/ul>\n<h5><a href=\"https:\/\/blogs2.abo.fi\/hyvinvoivahoiva-guide\/vad-ar-arbetshalsa\/\">Tillbaka till Vad \u00e4r arbetsh\u00e4lsa?<\/a><\/h5>\n","protected":false},"excerpt":{"rendered":"<p>Text och figurer: Kirsi Heikkil\u00e4-Tammi, Tammerfors universitet\u00a0 Arbetsh\u00e4lsa, v\u00e4lbefinnande i arbetet,\u202fkan definieras p\u00e5 flera olika s\u00e4tt beroende p\u00e5 perspektiv. Hur vi f\u00f6rst\u00e5r begreppet arbetsh\u00e4lsa p\u00e5verkas ofta av vad som lyfts fram i medierna, till exempel hur s\u00f6mnen p\u00e5verkar \u00e5terh\u00e4mtningen, v\u00e4rdebaserat ledarskap eller utvecklande av arbetsprocesser. Det kan vara sv\u00e5rt att riktigt f\u00f6rst\u00e5 vad som egentligen [&hellip;]<\/p>\n","protected":false},"author":469,"featured_media":0,"parent":49,"menu_order":0,"comment_status":"closed","ping_status":"closed","template":"","meta":{"footnotes":""},"class_list":["post-53","page","type-page","status-publish","hentry"],"_links":{"self":[{"href":"https:\/\/blogs2.abo.fi\/hyvinvoivahoiva-guide\/wp-json\/wp\/v2\/pages\/53","targetHints":{"allow":["GET"]}}],"collection":[{"href":"https:\/\/blogs2.abo.fi\/hyvinvoivahoiva-guide\/wp-json\/wp\/v2\/pages"}],"about":[{"href":"https:\/\/blogs2.abo.fi\/hyvinvoivahoiva-guide\/wp-json\/wp\/v2\/types\/page"}],"author":[{"embeddable":true,"href":"https:\/\/blogs2.abo.fi\/hyvinvoivahoiva-guide\/wp-json\/wp\/v2\/users\/469"}],"replies":[{"embeddable":true,"href":"https:\/\/blogs2.abo.fi\/hyvinvoivahoiva-guide\/wp-json\/wp\/v2\/comments?post=53"}],"version-history":[{"count":11,"href":"https:\/\/blogs2.abo.fi\/hyvinvoivahoiva-guide\/wp-json\/wp\/v2\/pages\/53\/revisions"}],"predecessor-version":[{"id":334,"href":"https:\/\/blogs2.abo.fi\/hyvinvoivahoiva-guide\/wp-json\/wp\/v2\/pages\/53\/revisions\/334"}],"up":[{"embeddable":true,"href":"https:\/\/blogs2.abo.fi\/hyvinvoivahoiva-guide\/wp-json\/wp\/v2\/pages\/49"}],"wp:attachment":[{"href":"https:\/\/blogs2.abo.fi\/hyvinvoivahoiva-guide\/wp-json\/wp\/v2\/media?parent=53"}],"curies":[{"name":"wp","href":"https:\/\/api.w.org\/{rel}","templated":true}]}}