{"id":128,"date":"2022-07-01T11:28:51","date_gmt":"2022-07-01T11:28:51","guid":{"rendered":"https:\/\/blogs2.abo.fi\/hyvinvoivahoiva-guide\/?page_id=128"},"modified":"2022-08-12T11:48:24","modified_gmt":"2022-08-12T11:48:24","slug":"chefen-som-framjare-av-personalens-valmaende","status":"publish","type":"page","link":"https:\/\/blogs2.abo.fi\/hyvinvoivahoiva-guide\/chefen-som-framjare-av-personalens-valmaende\/","title":{"rendered":"Chefen som fr\u00e4mjare av personalens v\u00e4lm\u00e5ende"},"content":{"rendered":"<p>Ett fungerande samspel de anst\u00e4llda emellan, resultatinriktat arbete, nya arbetss\u00e4tt och god arbetsh\u00e4lsa f\u00f6ruts\u00e4tter ett fungerande ledarskap. I det h\u00e4r kapitlet betraktas ledarskap ur olika perspektiv. F\u00f6rst ges en inblick i tj\u00e4nande ledarskap, som i unders\u00f6kningar visat sig vara en ledarstil som fr\u00e4mjar personalens arbetsh\u00e4lsa. Coachande ledarskap \u00e4r i sin tur ett exempel p\u00e5 f\u00f6rsta linjens chefskap som fr\u00e4mjar arbetsh\u00e4lsan och g\u00f6r arbetet smidigare. Enligt forskningen har tj\u00e4nande ledarskap en positiv p\u00e5verkan p\u00e5 arbetsh\u00e4lsan. Flera enk\u00e4tunders\u00f6kningar kring arbetsh\u00e4lsa har visat att behovet av respons \u00e4r st\u00f6rre \u00e4n m\u00e4ngden respons som ges. M\u00e5nga s\u00e4ger ocks\u00e5 att det k\u00e4nns utmanande att ge respons. I kapitlet om hur man ger respons uppmuntras du p\u00e5 olika s\u00e4tt och med hj\u00e4lp av praktiska tips att ge respons till dina kollegor.<\/p>\n<p>Delat ledarskap kan till\u00e4mpas p\u00e5 olika niv\u00e5er: antingen genom att g\u00f6ra hela organisationens verksamhet sj\u00e4lvstyrande eller i mindre skala genom att ge individer och team mer ansvar och beslutander\u00e4tt. Ledningen beh\u00f6ver f\u00f6rm\u00e5ga att l\u00f6sa problem och att agera i utmanande situationer, men ju fler inom en organisation som har dessa f\u00e4rdigheter, desto b\u00e4ttre l\u00f6per verksamheten och desto h\u00f6gre kvalitet kan den ha.<\/p>\n<h4><a href=\"https:\/\/blogs2.abo.fi\/hyvinvoivahoiva-guide\/chefen-som-framjare-av-personalens-valmaende\/ledarskap-som-framjar-arbetshalsa\/\">Ledarskap som fr\u00e4mjar arbetsh\u00e4lsa<\/a><\/h4>\n<h4><a href=\"https:\/\/blogs2.abo.fi\/hyvinvoivahoiva-guide\/chefen-som-framjare-av-personalens-valmaende\/coachande-ledarskap\/\">Coachande ledarskap<\/a><\/h4>\n<h4><a href=\"https:\/\/blogs2.abo.fi\/hyvinvoivahoiva-guide\/chefen-som-framjare-av-personalens-valmaende\/delat-ledarskap-och-sjalvstyrning-i-omsorgstjanster\/\">Delat ledarskap och sj\u00e4lvstyrning i omsorgstj\u00e4nster<\/a><\/h4>\n<h4><a href=\"https:\/\/blogs2.abo.fi\/hyvinvoivahoiva-guide\/chefen-som-framjare-av-personalens-valmaende\/att-ge-respons\/\">Att ge respons<\/a><\/h4>\n<h4><a href=\"https:\/\/blogs2.abo.fi\/hyvinvoivahoiva-guide\/chefen-som-framjare-av-personalens-valmaende\/motsattningar-och-hur-de-hanteras-pa-en-arbetsplats\/\">Mots\u00e4ttningar och hur de hanteras p\u00e5 en arbetsplats<\/a><\/h4>\n<h4><a href=\"https:\/\/blogs2.abo.fi\/hyvinvoivahoiva-guide\/chefen-som-framjare-av-personalens-valmaende\/framtidsarbete-och-formaga-att-forutse-framtida-utveckling\/\">Framtidsarbete och f\u00f6rm\u00e5ga att f\u00f6rutse framtida utveckling<\/a><\/h4>\n<h4><a href=\"https:\/\/blogs2.abo.fi\/hyvinvoivahoiva-guide\/chefen-som-framjare-av-personalens-valmaende\/framtidsbilder-som-verktyg-for-ledarskap-och-arbetshalsa\/\">Framtidsbilder som verktyg f\u00f6r ledarskap och arbetsh\u00e4lsa<\/a><\/h4>\n<p>&nbsp;<\/p>\n","protected":false},"excerpt":{"rendered":"<p>Ett fungerande samspel de anst\u00e4llda emellan, resultatinriktat arbete, nya arbetss\u00e4tt och god arbetsh\u00e4lsa f\u00f6ruts\u00e4tter ett fungerande ledarskap. I det h\u00e4r kapitlet betraktas ledarskap ur olika perspektiv. F\u00f6rst ges en inblick i tj\u00e4nande ledarskap, som i unders\u00f6kningar visat sig vara en ledarstil som fr\u00e4mjar personalens arbetsh\u00e4lsa. Coachande ledarskap \u00e4r i sin tur ett exempel p\u00e5 f\u00f6rsta [&hellip;]<\/p>\n","protected":false},"author":469,"featured_media":129,"parent":0,"menu_order":0,"comment_status":"closed","ping_status":"closed","template":"templates\/template-cover.php","meta":{"footnotes":""},"class_list":["post-128","page","type-page","status-publish","has-post-thumbnail","hentry"],"_links":{"self":[{"href":"https:\/\/blogs2.abo.fi\/hyvinvoivahoiva-guide\/wp-json\/wp\/v2\/pages\/128","targetHints":{"allow":["GET"]}}],"collection":[{"href":"https:\/\/blogs2.abo.fi\/hyvinvoivahoiva-guide\/wp-json\/wp\/v2\/pages"}],"about":[{"href":"https:\/\/blogs2.abo.fi\/hyvinvoivahoiva-guide\/wp-json\/wp\/v2\/types\/page"}],"author":[{"embeddable":true,"href":"https:\/\/blogs2.abo.fi\/hyvinvoivahoiva-guide\/wp-json\/wp\/v2\/users\/469"}],"replies":[{"embeddable":true,"href":"https:\/\/blogs2.abo.fi\/hyvinvoivahoiva-guide\/wp-json\/wp\/v2\/comments?post=128"}],"version-history":[{"count":9,"href":"https:\/\/blogs2.abo.fi\/hyvinvoivahoiva-guide\/wp-json\/wp\/v2\/pages\/128\/revisions"}],"predecessor-version":[{"id":168,"href":"https:\/\/blogs2.abo.fi\/hyvinvoivahoiva-guide\/wp-json\/wp\/v2\/pages\/128\/revisions\/168"}],"wp:featuredmedia":[{"embeddable":true,"href":"https:\/\/blogs2.abo.fi\/hyvinvoivahoiva-guide\/wp-json\/wp\/v2\/media\/129"}],"wp:attachment":[{"href":"https:\/\/blogs2.abo.fi\/hyvinvoivahoiva-guide\/wp-json\/wp\/v2\/media?parent=128"}],"curies":[{"name":"wp","href":"https:\/\/api.w.org\/{rel}","templated":true}]}}