{"id":269,"date":"2019-06-20T10:45:43","date_gmt":"2019-06-20T10:45:43","guid":{"rendered":"http:\/\/blogs2.abo.fi\/hiba\/?page_id=269"},"modified":"2020-06-09T19:00:44","modified_gmt":"2020-06-09T19:00:44","slug":"publications","status":"publish","type":"page","link":"https:\/\/blogs2.abo.fi\/hiba\/publications\/","title":{"rendered":"Publications"},"content":{"rendered":"<h2>Journal articles<\/h2>\n<ul>\n<li>Hirvonen, N.; Enwald, H.; K\u00e4ns\u00e4koski, H.; Eriksson-Backa, K.; Nguyen, H.; Huhta, A.-M. &amp; Huvila, I. (2020). <a href=\"http:\/\/doi.org\/10.1016\/j.ijmedinf.2019.104031\">Older adults&#8217; views on eHealth services: a systematic review of scientific journal articles<\/a>. <em>International Journal of Medical Informatics<\/em>, 135.<\/li>\n<li><span lang=\"EN-US\" xml:lang=\"EN-US\">Hirvonen N, Enwald E, Mayer A-K, Korpelainen R, Pyky R, Salonurmi T, Savolainen M J, Nengomasha C, Abankwah R, Uutoni W, Niemel\u00e4 R, Huotari M-L (early view, 2020) Screening everyday health information literacy among four populations. Health Information and Libraries Journal.\u00a0<\/span><a href=\"https:\/\/onlinelibrary.wiley.com\/doi\/full\/10.1111\/hir.12304\"><span lang=\"EN-US\" xml:lang=\"EN-US\">https:\/\/onlinelibrary.wiley.com\/doi\/full\/10.1111\/hir.12304<\/span><\/a><\/li>\n<li>Huvila, I.; Enwald, H.; Eriksson-Backa, K.; Hirvonen, N.; Nguyen, H. &amp; Scandurra, I. (2018).\u00a0<a href=\"https:\/\/doi.org\/10.1016\/j.ipm.2018.01.007\">Anticipating ageing: Older adults reading their medical records<\/a>.\u00a0<em>Information Processing &amp; Management<\/em>, 54(3), 394 &#8211; 40.<\/li>\n<li>Eriksson-Backa, K.; Enwald, H.; Hirvonen, N. &amp; Huvila, I. (2018)\u00a0Health information seeking, beliefs about abilities, and health behaviour among Finnish seniors.\u00a0<em>Journal of Librarianship and Information Science, <\/em>50(3), 284-295<\/li>\n<li>Griebel L, Enwald H, Gilstad H, Pohl A-L, Moreland J, Martin Sedlmayr M (2018) eHealth Literacy Research &#8211; Quo Vadis? Informatics for Health and Social Care, 43(4), 427-442.<\/li>\n<li>Huvila, I.; Ek, S.; Enwald, H.; Eriksson-Backa, K.; Hirvonen, N. &amp; K\u00e4ns\u00e4koski, H. (2016)\u00a0<a href=\"https:\/\/journal.fi\/finjehew\/article\/view\/60194\">Taking Health Information Behaviour into Account in the design of e-health services<\/a>.\u00a0<em>Finnish Journal of eHealth and eWelfare, <\/em>8(4), 153-163.<\/li>\n<\/ul>\n<h2>Conference articles<\/h2>\n<ul>\n<li><span style=\"font-family: sans-serif\">Enwald, H.; Eriksson-Backa, K.; Hirvonen, N. &amp; Huvila, I. (2020).\u00a0<a href=\"http:\/\/doi.org\/10.5281\/zenodo.3885077\">Taking health information behaviour into account in user-centered design of e-health services &#8211; key findings from an ongoing research project.<\/a>\u00a0<em>Information Science Trends -The ASIS&amp;ST European Chapter Research Series. 08-10 June 2020<\/em><em>.<\/em>\u00a0DOI: 10.5281\/zenodo.3885077<br \/>\n<\/span><\/li>\n<li>Enwald H (2020)\u00a0Combining personalization, tailoring, persuasive design and gamification \u2013 Where do we stand? BCSS workshop, Persuasive Technology Conference. To be published\u00a0Ceur-WS proceedings.<\/li>\n<li><span style=\"font-family: sans-serif\">Huvila, I.; Enwald, H.; Eriksson-Backa, K.; Liu, Y.-H. &amp; Hirvonen, N. (2019).\u00a0Information behaviour and practises research informing technology and service design.\u00a0<em>Proceedings of the Association for Information Science and Technology, <\/em><i>(56)<\/i><i>1<\/i>, 541-54\u00a0<\/span><\/li>\n<li><span style=\"font-family: sans-serif\">Huvila, I.; Enwald, H.; Hirvonen, N. &amp; Eriksson-Backa, K. (2019).\u00a0<a href=\"http:\/\/www.informationr.net\/ir\/24-4\/colis\/colis1907.html\">The concept of usefulness in library and information science research<\/a>. <em>Information Research, <\/em><i>24<\/i><i>(4)<\/i>, paper colis1907.<br \/>\n<\/span><\/li>\n<li><span style=\"font-family: sans-serif\">Huvila, I.; Enwald, H.; Eriksson-Backa, K.; Liu, Y.-H. &amp; Hirvonen, N. (2019).\u00a0<a href=\"http:\/\/doi.org\/10.1002\/pra2.86\">Information behaviour and practises research informing technology and service design<\/a>. <em>Proceedings of the Association for Information Science and Technology, <\/em><i>56<\/i><i>(1)<\/i>, 541-545.\u00a0<\/span><\/li>\n<li>Huvila, I., Hirvonen, N., Enwald, H., \u00c5hlfelt, R.-M. (2019). <a href=\"https:\/\/doi.org\/10.1007\/978-3-030-13472-313\">Differences in Health Information Literacy Competencies Among Older Adults, Elderly and Younger Citizens<\/a>. In Kurbano\u011flu, S.; \u0160piranec, S.; \u00dcnal, Y.; Boustany, J.; Huotari, M. L.; Grassian, E.; Mizrachi, D. &amp; Roy, L. \u00a0(Ed.), <i>Information Literacy in Everyday Life. ECIL 2018. Communications in Computer and Information Science<\/i>(pp. 136\u2013143). Cham: Springer. https:\/\/doi.org\/10.1007\/978-3-030-13472-313<\/li>\n<li>Huvila, I.; Moll, J.; Enwald, H.; Hirvonen, N.; \u00c5hlfeldt, R.-M. &amp; Cajander, \u00c5. (2019)\u00a0<a href=\"http:\/\/www.informationr.net\/ir\/24-1\/isic2018\/isic1834.html\">Age-related differences in seeking clarification to understand medical record information<\/a>.\u00a0<em>Information Research, <\/em>24(1), paper isic1834<\/li>\n<li>Nguyen H, Eriksson-Backa K &amp; Enwald H (2018) <a href=\"https:\/\/aisel.aisnet.org\/pacis2018\/114\/\">Preliminary Results of a Survey on User Opinions and Experiences on an Online Diabetes Risk Test<\/a>. Proceedings of PACIS 2018: The 22nd Pacific Asia Conference on Information Systems held on June 26-30, 2018 in Yokohama, Japan, 1820-1827.<\/li>\n<li>Enwald, H.; Hirvonen, N.; Kangas, M.; Ker\u00e4nen, N.; J\u00e4ms\u00e4, T.; Huvila, I. &amp; Korpelainen, R. (2018)\u00a0Relationship Between Everyday Health Information Literacy and Attitudes Towards Mobile Technology Among Older People. In\u00a0Kurbano\u011flu, S.; Boustany, J.; \u0160piranec, S.; Grassian, E.; Mizrachi, D. &amp; Roy, L. <i>(Eds.)<\/i>\u00a0<em>Information Literacy in the Workplace, <\/em><em>Springer,<\/em>p.\u00a0450-459.<\/li>\n<li>Eriksson-Backa, K.; Enwald, H.; Hirvonen, N. &amp; Huvila, I. (2018)\u00a0<a href=\"https:\/\/doi.org\/10.23978\/inf.76068\">Opportunities and challenges with My Kanta: First results from a focus group study about user experiences and opinions on the National Archive of Health Information<\/a><br \/>\n<em>Informaatiotutkimus, <\/em>37(3), 20-24<\/li>\n<li>Enwald H, Kangas M, Ker\u00e4nen N, Immonen M, Simil\u00e4 H, J\u00e4ms\u00e4 T &amp; Korpelainen R (2017) <a href=\"http:\/\/www.informationr.net\/ir\/22-1\/isic\/isic1623.html\">Health information behaviour, attitudes towards health information and motivating factors for encouraging physical activity among older people: differences by sex and age<\/a>. In Proceedings of ISIC, the Information Behaviour Conference, Zadar, Croatia, 20-23 September, 2016: Part 2. Information Research, 22 (1), paper isic1623.<\/li>\n<li>Enwald, H.; Kangas, M.; Ker\u00e4nen, N.; Korpelainen, R.; Huvila, I. &amp; J\u00e4ms\u00e4, T. (2016)\u00a0Opinions and use of mobile information technology among older people in Northern Finland &#8211; Preliminary results of a population based study In\u00a0Grove, A.; Sonnenwald, D. H.; Harrison, L.; Blake, C.; Schl\u00f6gl, C.; Peters, I.; Endler-Jobst, B.; Cool, C. &amp; Theng, Y.-L. <i>(Eds.)<\/i>\u00a0<em>Proceedings of the 2016 ASIS&amp;T Annual Meeting, Oct 14-18, Copenhagen, <\/em><em>ASIS&amp;T.<\/em><\/li>\n<\/ul>\n","protected":false},"excerpt":{"rendered":"<p>Journal articles Hirvonen, N.; Enwald, H.; K\u00e4ns\u00e4koski, H.; Eriksson-Backa, K.; Nguyen, H.; Huhta, A.-M. &amp; Huvila, I. (2020). Older adults&#8217; views on eHealth services: a systematic review of scientific journal articles. International Journal of Medical Informatics, 135. Hirvonen N, Enwald &hellip; <a href=\"https:\/\/blogs2.abo.fi\/hiba\/publications\/\">Continue reading <span class=\"meta-nav\">&rarr;<\/span><\/a><\/p>\n","protected":false},"author":92,"featured_media":0,"parent":0,"menu_order":0,"comment_status":"closed","ping_status":"closed","template":"","meta":{"footnotes":""},"class_list":["post-269","page","type-page","status-publish","hentry"],"_links":{"self":[{"href":"https:\/\/blogs2.abo.fi\/hiba\/wp-json\/wp\/v2\/pages\/269","targetHints":{"allow":["GET"]}}],"collection":[{"href":"https:\/\/blogs2.abo.fi\/hiba\/wp-json\/wp\/v2\/pages"}],"about":[{"href":"https:\/\/blogs2.abo.fi\/hiba\/wp-json\/wp\/v2\/types\/page"}],"author":[{"embeddable":true,"href":"https:\/\/blogs2.abo.fi\/hiba\/wp-json\/wp\/v2\/users\/92"}],"replies":[{"embeddable":true,"href":"https:\/\/blogs2.abo.fi\/hiba\/wp-json\/wp\/v2\/comments?post=269"}],"version-history":[{"count":8,"href":"https:\/\/blogs2.abo.fi\/hiba\/wp-json\/wp\/v2\/pages\/269\/revisions"}],"predecessor-version":[{"id":321,"href":"https:\/\/blogs2.abo.fi\/hiba\/wp-json\/wp\/v2\/pages\/269\/revisions\/321"}],"wp:attachment":[{"href":"https:\/\/blogs2.abo.fi\/hiba\/wp-json\/wp\/v2\/media?parent=269"}],"curies":[{"name":"wp","href":"https:\/\/api.w.org\/{rel}","templated":true}]}}