{"id":71,"date":"2019-04-12T14:35:57","date_gmt":"2019-04-12T12:35:57","guid":{"rendered":"http:\/\/blogs2.abo.fi\/gemensammavagar2019\/?page_id=71"},"modified":"2019-08-16T10:02:22","modified_gmt":"2019-08-16T08:02:22","slug":"forelasare-och-innehall","status":"publish","type":"page","link":"https:\/\/blogs2.abo.fi\/gemensammavagar2019\/forelasare-och-innehall\/","title":{"rendered":"F\u00f6rel\u00e4sare och inneh\u00e5ll"},"content":{"rendered":"<p><a href=\"http:\/\/blogs2.abo.fi\/gemensammavagar2019\/wp-content\/uploads\/sites\/117\/2019\/08\/Ny_Plenarf\u00f6rel\u00e4sningar-och-dialoggrupper-GV-konferens-8-9.10.2019.pdf\">Ny_Plenarf\u00f6rel\u00e4sningar-och-dialoggrupper-GV-konferens-8-9.10.2019<\/a><\/p>\n<p>&nbsp;<\/p>\n","protected":false},"excerpt":{"rendered":"<p>Ny_Plenarf\u00f6rel\u00e4sningar-och-dialoggrupper-GV-konferens-8-9.10.2019 &nbsp;<\/p>\n","protected":false},"author":459,"featured_media":0,"parent":0,"menu_order":0,"comment_status":"closed","ping_status":"closed","template":"","meta":{"footnotes":""},"class_list":["post-71","page","type-page","status-publish","hentry"],"_links":{"self":[{"href":"https:\/\/blogs2.abo.fi\/gemensammavagar2019\/wp-json\/wp\/v2\/pages\/71","targetHints":{"allow":["GET"]}}],"collection":[{"href":"https:\/\/blogs2.abo.fi\/gemensammavagar2019\/wp-json\/wp\/v2\/pages"}],"about":[{"href":"https:\/\/blogs2.abo.fi\/gemensammavagar2019\/wp-json\/wp\/v2\/types\/page"}],"author":[{"embeddable":true,"href":"https:\/\/blogs2.abo.fi\/gemensammavagar2019\/wp-json\/wp\/v2\/users\/459"}],"replies":[{"embeddable":true,"href":"https:\/\/blogs2.abo.fi\/gemensammavagar2019\/wp-json\/wp\/v2\/comments?post=71"}],"version-history":[{"count":7,"href":"https:\/\/blogs2.abo.fi\/gemensammavagar2019\/wp-json\/wp\/v2\/pages\/71\/revisions"}],"predecessor-version":[{"id":132,"href":"https:\/\/blogs2.abo.fi\/gemensammavagar2019\/wp-json\/wp\/v2\/pages\/71\/revisions\/132"}],"wp:attachment":[{"href":"https:\/\/blogs2.abo.fi\/gemensammavagar2019\/wp-json\/wp\/v2\/media?parent=71"}],"curies":[{"name":"wp","href":"https:\/\/api.w.org\/{rel}","templated":true}]}}