{"id":49,"date":"2019-02-26T12:54:35","date_gmt":"2019-02-26T10:54:35","guid":{"rendered":"http:\/\/blogs2.abo.fi\/gemensammavagar2019\/?page_id=49"},"modified":"2019-08-05T12:41:35","modified_gmt":"2019-08-05T10:41:35","slug":"kontakt","status":"publish","type":"page","link":"https:\/\/blogs2.abo.fi\/gemensammavagar2019\/kontakt\/","title":{"rendered":"Kontakt"},"content":{"rendered":"<p>Om du har fr\u00e5gor g\u00e4llande konferensen, tveka inte att ta kontakt!<\/p>\n<p>Jonatan Finell, forskningsassistent vid \u00c5bo Akademi, jonatan.finell@abo.fi<\/p>\n<p>Kristina Str\u00f6m, professor i specialpedagogik vid \u00c5bo Akademi, kstrom@abo.fi<\/p>\n","protected":false},"excerpt":{"rendered":"<p>Om du har fr\u00e5gor g\u00e4llande konferensen, tveka inte att ta kontakt! Jonatan Finell, forskningsassistent vid \u00c5bo Akademi, jonatan.finell@abo.fi Kristina Str\u00f6m, professor i specialpedagogik vid \u00c5bo Akademi, kstrom@abo.fi<\/p>\n","protected":false},"author":459,"featured_media":0,"parent":0,"menu_order":0,"comment_status":"closed","ping_status":"closed","template":"","meta":{"footnotes":""},"class_list":["post-49","page","type-page","status-publish","hentry"],"_links":{"self":[{"href":"https:\/\/blogs2.abo.fi\/gemensammavagar2019\/wp-json\/wp\/v2\/pages\/49","targetHints":{"allow":["GET"]}}],"collection":[{"href":"https:\/\/blogs2.abo.fi\/gemensammavagar2019\/wp-json\/wp\/v2\/pages"}],"about":[{"href":"https:\/\/blogs2.abo.fi\/gemensammavagar2019\/wp-json\/wp\/v2\/types\/page"}],"author":[{"embeddable":true,"href":"https:\/\/blogs2.abo.fi\/gemensammavagar2019\/wp-json\/wp\/v2\/users\/459"}],"replies":[{"embeddable":true,"href":"https:\/\/blogs2.abo.fi\/gemensammavagar2019\/wp-json\/wp\/v2\/comments?post=49"}],"version-history":[{"count":6,"href":"https:\/\/blogs2.abo.fi\/gemensammavagar2019\/wp-json\/wp\/v2\/pages\/49\/revisions"}],"predecessor-version":[{"id":127,"href":"https:\/\/blogs2.abo.fi\/gemensammavagar2019\/wp-json\/wp\/v2\/pages\/49\/revisions\/127"}],"wp:attachment":[{"href":"https:\/\/blogs2.abo.fi\/gemensammavagar2019\/wp-json\/wp\/v2\/media?parent=49"}],"curies":[{"name":"wp","href":"https:\/\/api.w.org\/{rel}","templated":true}]}}