{"id":15,"date":"2019-02-26T10:58:48","date_gmt":"2019-02-26T08:58:48","guid":{"rendered":"http:\/\/blogs2.abo.fi\/gemensammavagar2019\/?page_id=15"},"modified":"2019-08-05T12:29:03","modified_gmt":"2019-08-05T10:29:03","slug":"boende","status":"publish","type":"page","link":"https:\/\/blogs2.abo.fi\/gemensammavagar2019\/boende\/","title":{"rendered":"Boende"},"content":{"rendered":"<p><span style=\"margin: 0px;color: #333333;font-family: 'Georgia',serif\">Det finns flera hotell p\u00e5 promenadavst\u00e5nd fr\u00e5n konferensen.<\/span><\/p>\n<p style=\"vertical-align: baseline;margin: 0cm 0cm 18.0pt 0cm\"><span style=\"margin: 0px;color: #333333;font-family: 'Georgia',serif\">De hotell som vi kommit \u00f6verens om konferenskvoter med \u00e4r:<\/span><\/p>\n<p style=\"margin: 0cm;margin-bottom: .0001pt;vertical-align: baseline\"><strong><span style=\"margin: 0px;padding: 0cm;border: 1pt windowtext;color: #333333;font-family: 'Georgia',serif\">Scandic Vaasa<\/span><\/strong><span style=\"margin: 0px;color: #333333;font-family: 'Georgia',serif\">, Rostensgatan 6, 65100 Vasa<\/span><\/p>\n<p style=\"margin: 0cm;margin-bottom: .0001pt;vertical-align: baseline\"><span style=\"margin: 0px;color: #333333;font-family: 'Georgia',serif\">Rum tillg\u00e4ngliga 7-9.10 till f\u00f6ljande priser: enkelrum 100<span style=\"color: #333333\">\u00a0\u20ac\/dygn,<\/span> dubbelrum 120\u00a0\u20ac\/dygn.\u00a0<\/span><\/p>\n<p>&nbsp;<\/p>\n<p style=\"margin: 0cm;margin-bottom: .0001pt;vertical-align: baseline\"><b>H<\/b><b>otel Astor<\/b>, Stationsgatan 4, 65100 Vasa. <span style=\"color: #333333\">Rum tillg\u00e4ngliga 7-9.10 till f\u00f6ljande priser: enkelrum 100<\/span>\u00a0\u20ac\/dygn,<span style=\"color: #333333\"> dubbelrum <\/span><span style=\"color: #333333\">121<\/span><span style=\"color: #333333\">\u00a0\u20ac\/dygn.\u00a0<\/span><\/p>\n<p>&nbsp;<\/p>\n<p>&nbsp;<\/p>\n<p>Om du vill f\u00f6rs\u00e4kra dig om ett rum p\u00e5 n\u00e5got av hotellen\u00a0 med konferenskvot s\u00e5 v\u00e4nligen anm\u00e4l dig i god tid (du reserverar rummet samtidigt som du anm\u00e4ler dig). Antalet rum \u00e4r begr\u00e4nsat.<\/p>\n<p>&nbsp;<\/p>\n<p>&nbsp;<\/p>\n<p>&nbsp;<\/p>\n","protected":false},"excerpt":{"rendered":"<p>Det finns flera hotell p\u00e5 promenadavst\u00e5nd fr\u00e5n konferensen. De hotell som vi kommit \u00f6verens om konferenskvoter med \u00e4r: Scandic Vaasa, Rostensgatan 6, 65100 Vasa Rum tillg\u00e4ngliga 7-9.10 till f\u00f6ljande priser: enkelrum 100\u00a0\u20ac\/dygn, dubbelrum 120\u00a0\u20ac\/dygn.\u00a0 &nbsp; Hotel Astor, Stationsgatan 4, 65100 &hellip; <a href=\"https:\/\/blogs2.abo.fi\/gemensammavagar2019\/boende\/\">Forts\u00e4tt l\u00e4sa <span class=\"meta-nav\">&rarr;<\/span><\/a><\/p>\n","protected":false},"author":459,"featured_media":0,"parent":0,"menu_order":0,"comment_status":"closed","ping_status":"closed","template":"","meta":{"footnotes":""},"class_list":["post-15","page","type-page","status-publish","hentry"],"_links":{"self":[{"href":"https:\/\/blogs2.abo.fi\/gemensammavagar2019\/wp-json\/wp\/v2\/pages\/15","targetHints":{"allow":["GET"]}}],"collection":[{"href":"https:\/\/blogs2.abo.fi\/gemensammavagar2019\/wp-json\/wp\/v2\/pages"}],"about":[{"href":"https:\/\/blogs2.abo.fi\/gemensammavagar2019\/wp-json\/wp\/v2\/types\/page"}],"author":[{"embeddable":true,"href":"https:\/\/blogs2.abo.fi\/gemensammavagar2019\/wp-json\/wp\/v2\/users\/459"}],"replies":[{"embeddable":true,"href":"https:\/\/blogs2.abo.fi\/gemensammavagar2019\/wp-json\/wp\/v2\/comments?post=15"}],"version-history":[{"count":12,"href":"https:\/\/blogs2.abo.fi\/gemensammavagar2019\/wp-json\/wp\/v2\/pages\/15\/revisions"}],"predecessor-version":[{"id":126,"href":"https:\/\/blogs2.abo.fi\/gemensammavagar2019\/wp-json\/wp\/v2\/pages\/15\/revisions\/126"}],"wp:attachment":[{"href":"https:\/\/blogs2.abo.fi\/gemensammavagar2019\/wp-json\/wp\/v2\/media?parent=15"}],"curies":[{"name":"wp","href":"https:\/\/api.w.org\/{rel}","templated":true}]}}