{"id":24,"date":"2022-09-27T12:53:20","date_gmt":"2022-09-27T10:53:20","guid":{"rendered":"https:\/\/blogs2.abo.fi\/fmsera2022\/?page_id=24"},"modified":"2022-10-01T10:49:02","modified_gmt":"2022-10-01T08:49:02","slug":"the-organisers-and-contact-information","status":"publish","type":"page","link":"https:\/\/blogs2.abo.fi\/fmsera2022\/the-organisers-and-contact-information\/","title":{"rendered":"The organisers and contact information"},"content":{"rendered":"\n<p>Ann-Sofi R\u00f6j-Lindberg, aroj(at)abo.fi<\/p>\n\n\n\n<p>Mats Brask\u00e9n, mbrasken(at)abo.fi<\/p>\n\n\n\n<p>Kim Berts, kberts(at)abo.fi<\/p>\n\n\n\n<p>Ann-Sofi H\u00e4rm\u00e4l\u00e4-Brask\u00e9n, aharmala(at)abo.fi<\/p>\n\n\n\n<p><\/p>\n","protected":false},"excerpt":{"rendered":"<p>Ann-Sofi R\u00f6j-Lindberg, aroj(at)abo.fi Mats Brask\u00e9n, mbrasken(at)abo.fi Kim Berts, kberts(at)abo.fi Ann-Sofi H\u00e4rm\u00e4l\u00e4-Brask\u00e9n, aharmala(at)abo.fi<\/p>\n","protected":false},"author":374,"featured_media":0,"parent":0,"menu_order":0,"comment_status":"closed","ping_status":"closed","template":"","meta":{"footnotes":""},"class_list":["post-24","page","type-page","status-publish","hentry"],"_links":{"self":[{"href":"https:\/\/blogs2.abo.fi\/fmsera2022\/wp-json\/wp\/v2\/pages\/24","targetHints":{"allow":["GET"]}}],"collection":[{"href":"https:\/\/blogs2.abo.fi\/fmsera2022\/wp-json\/wp\/v2\/pages"}],"about":[{"href":"https:\/\/blogs2.abo.fi\/fmsera2022\/wp-json\/wp\/v2\/types\/page"}],"author":[{"embeddable":true,"href":"https:\/\/blogs2.abo.fi\/fmsera2022\/wp-json\/wp\/v2\/users\/374"}],"replies":[{"embeddable":true,"href":"https:\/\/blogs2.abo.fi\/fmsera2022\/wp-json\/wp\/v2\/comments?post=24"}],"version-history":[{"count":3,"href":"https:\/\/blogs2.abo.fi\/fmsera2022\/wp-json\/wp\/v2\/pages\/24\/revisions"}],"predecessor-version":[{"id":66,"href":"https:\/\/blogs2.abo.fi\/fmsera2022\/wp-json\/wp\/v2\/pages\/24\/revisions\/66"}],"wp:attachment":[{"href":"https:\/\/blogs2.abo.fi\/fmsera2022\/wp-json\/wp\/v2\/media?parent=24"}],"curies":[{"name":"wp","href":"https:\/\/api.w.org\/{rel}","templated":true}]}}