{"id":42,"date":"2020-02-26T08:51:33","date_gmt":"2020-02-26T08:51:33","guid":{"rendered":"http:\/\/blogs2.abo.fi\/florence\/?page_id=42"},"modified":"2020-02-26T11:56:47","modified_gmt":"2020-02-26T11:56:47","slug":"arrangorer","status":"publish","type":"page","link":"https:\/\/blogs2.abo.fi\/florence\/arrangorer\/","title":{"rendered":"Arrang\u00f6rer\/J\u00e4rjest\u00e4j\u00e4t"},"content":{"rendered":"<p>&nbsp;<\/p>\n<p><img loading=\"lazy\" decoding=\"async\" class=\"alignnone size-full wp-image-65\" src=\"http:\/\/blogs2.abo.fi\/florence\/wp-content\/uploads\/sites\/154\/2020\/02\/\u00c5A.jpg\" alt=\"\" width=\"82\" height=\"85\" \/><\/p>\n<p>\u00c5bo Akademis hundra\u00e5riga verksamhet utf\u00f6rs i \u00c5bo och Vasa under ledorden m\u00e5ngfald, \u00f6ppenhet, dj\u00e4rvhet, h\u00e5llbarhet och delaktighet. I egenskap av Finlands enda svenskspr\u00e5kiga universitet utbildar vi brett. Forskningen \u00e4r m\u00e5ngsidig, men vi fokuserar p\u00e5 minoriteter, l\u00e4kemedelsutveckling och diagnostik, molekyl\u00e4r process- och materialteknik, samt havet.<\/p>\n<p>Under v\u00e5rt f\u00f6rsta sekel har vi vuxit till ett internationellt erk\u00e4nt forskningsuniversitet, med en unik roll som den finl\u00e4ndska universitetsv\u00e4rldens brygga till det \u00f6vriga Norden.<\/p>\n<p>L\u00e4s mer <a href=\"http:\/\/www.abo.fi\">h\u00e4r\u00a0<\/a><\/p>\n<hr \/>\n<p><img loading=\"lazy\" decoding=\"async\" class=\"alignnone wp-image-66\" src=\"http:\/\/blogs2.abo.fi\/florence\/wp-content\/uploads\/sites\/154\/2020\/02\/Novia-300x104.png\" alt=\"\" width=\"193\" height=\"67\" srcset=\"https:\/\/blogs2.abo.fi\/florence\/wp-content\/uploads\/sites\/154\/2020\/02\/Novia-300x104.png 300w, https:\/\/blogs2.abo.fi\/florence\/wp-content\/uploads\/sites\/154\/2020\/02\/Novia.png 381w\" sizes=\"auto, (max-width: 193px) 100vw, 193px\" \/><\/p>\n<p>Yrkesh\u00f6gskolan Novias verksamhetsomr\u00e5de finns l\u00e4ngs den finlandssvenska kusten och h\u00f6gskolan \u00e4r verksam i Vasa, \u00c5bo, Raseborg och Jakobstad. Med 4 000 studerande och en personalstyrka som best\u00e5r av ca 300 personer \u00e4r h\u00f6gskolan den st\u00f6rsta svenskspr\u00e5kiga yrkesh\u00f6gskolan i Finland.\u00a0Novia har ett t\u00e4tt samarbete med n\u00e4ringslivet och har ett aktivt alumnn\u00e4tverk.<\/p>\n<p>Vi erbjuder h\u00f6gklassig arbetslivsf\u00f6rankrad yrkesh\u00f6gskoleutbildning f\u00f6r v\u00e5ra examensstuderande samt fortbildning. Vi bedriver FUI-verksamhet som \u00e4r relevant f\u00f6r omv\u00e4rlden. Vi \u00e4r lyh\u00f6rda f\u00f6r arbetslivets behov och l\u00e4gger grunden f\u00f6r en h\u00e5llbar samh\u00e4llsutveckling.<\/p>\n<p>L\u00e4s mer <a href=\"http:\/\/www.novia.fi\">h\u00e4r<\/a><\/p>\n<hr \/>\n<p><img loading=\"lazy\" decoding=\"async\" class=\"alignnone wp-image-67\" src=\"http:\/\/blogs2.abo.fi\/florence\/wp-content\/uploads\/sites\/154\/2020\/02\/VAMK.jpg\" alt=\"\" width=\"149\" height=\"80\" \/><\/p>\n<p>Vaasan ammattikorkeakoulu, VAMK kouluttaa kansainv\u00e4lisi\u00e4 asiantuntijoita elinkeinoel\u00e4m\u00e4n palvelukseen. VAMK on monialainen ja kansainv\u00e4linen korkeakoulu, joka tarjoaa koulutusta suomen ja englannin kielell\u00e4. Tarjoamme my\u00f6s\u00a0 tutkimus-, kehitys- ja innovaatiotoimintaa, jossa opiskelijamme ratkovat ty\u00f6el\u00e4m\u00e4lt\u00e4 saatuja aitoja projekteja osana opetustamme.<\/p>\n<p>VAMK tarjoaa opetusta perustutkintoihin ja ylempiin ammattikorkeakoulututkintoihin johtavissa koulutuksissa. Opiskeluun liittyy olennaisena osana yhteisty\u00f6 ty\u00f6el\u00e4m\u00e4n kanssa.<\/p>\n<p>Lue enemm\u00e4n <a href=\"http:\/\/www.vamk.fi\">t\u00e4\u00e4lt\u00e4<\/a><\/p>\n<hr \/>\n<p><img loading=\"lazy\" decoding=\"async\" class=\"alignnone wp-image-68\" src=\"http:\/\/blogs2.abo.fi\/florence\/wp-content\/uploads\/sites\/154\/2020\/02\/VCS-300x99.jpg\" alt=\"\" width=\"273\" height=\"90\" srcset=\"https:\/\/blogs2.abo.fi\/florence\/wp-content\/uploads\/sites\/154\/2020\/02\/VCS-300x99.jpg 300w, https:\/\/blogs2.abo.fi\/florence\/wp-content\/uploads\/sites\/154\/2020\/02\/VCS.jpg 358w\" sizes=\"auto, (max-width: 273px) 100vw, 273px\" \/><\/p>\n<p>Vi \u00e4r ett centralsjukhus med omfattande jour och \u00e4r p\u00e5visat ett av de b\u00e4sta sjukhusen i Finland. Hos oss f\u00e5r du en h\u00f6gklassig och s\u00e4ker v\u00e5rd. F\u00f6r oss \u00e4r det viktigt att vi hela tiden utvecklas \u2013 f\u00f6r ditt och dina n\u00e4rst\u00e5endes b\u00e4sta.<br \/>\n________<br \/>\nOlemme laajan p\u00e4ivystyksen keskussairaala ja tutkitusti yksi Suomen parhaista sairaaloista, jossa saat laadukasta ja turvallista hoitoa. Haluamme kehitty\u00e4 jatkuvasti \u2013 sinun ja omaisesi parhaaksi.<\/p>\n<p>L\u00e4s mer <a href=\"https:\/\/www.vaasankeskussairaala.fi\/sv\/\">h\u00e4r<\/a><br \/>\nLue enemm\u00e4n <a href=\"https:\/\/www.vaasankeskussairaala.fi\/\">t\u00e4\u00e4lt\u00e4<\/a><\/p>\n<hr \/>\n<p><img loading=\"lazy\" decoding=\"async\" class=\"alignnone wp-image-69\" src=\"http:\/\/blogs2.abo.fi\/florence\/wp-content\/uploads\/sites\/154\/2020\/02\/HTTS.jpg\" alt=\"\" width=\"107\" height=\"107\" \/><\/p>\n<p><strong>Syftet<\/strong> med HTTS \u00e4r att st\u00f6da och fr\u00e4mja v\u00e5rdvetenskaplig forskning och dess till\u00e4mpning i v\u00e5rdpraxis. F\u00f6r detta \u00e4ndam\u00e5l arrangerar f\u00f6reningen vetenskapliga konferenser, delar ut stipendier, redigerar en vetenskaplig tidskrift och fr\u00e4mjar den regionala verksamheten.<br \/>\n<strong>HTTS \u00e4r ett aktivt forskningss\u00e4llskap<\/strong> som erbjuder sina medlemmar ett h\u00f6gklassigt vetenskapligt forum, vars verksamhet st\u00e4ndigt f\u00f6rnyas. HTTS \u00e4r medlem i Vetenskapliga samfundens delegation (<a href=\"http:\/\/www.tsv.fi\/\" target=\"_blank\" rel=\"noopener noreferrer\">http:\/\/www.tsv.fi\/<\/a>) och deltar aktivt i den regionala, nationella och internationella vetenskapspolitiska och samh\u00e4lleliga diskussionen.<br \/>\n______________________<br \/>\n<strong>HTTS r.y.:n tarkoituksena<\/strong> on tukea ja edist\u00e4\u00e4 hoitotieteellist\u00e4 tutkimusta ja sen soveltamista k\u00e4yt\u00e4nt\u00f6\u00f6n. Tarkoituksensa toteuttamiseksi yhdistys j\u00e4rjest\u00e4\u00e4 tieteellisi\u00e4 konferensseja, jakaa apurahoja, toimittaa tieteellist\u00e4 julkaisua (<a href=\"http:\/\/www.uef.fi\/web\/htts\/hoitotiede-lehti\">Hoitotiede-lehti<\/a>) ja edist\u00e4\u00e4 alueellista toimintaa.<br \/>\n<strong>Hoitotieteiden tutkimusseura HTTS r.y. on aktiivinen tutkimusseura<\/strong>, joka tarjoaa j\u00e4senilleen korkeatasoisen ja toiminnaltaan uusiutuvan tieteellisen foorumin. HTTS on Tieteellisten Seurain Valtuuskunnan j\u00e4sen (<a href=\"http:\/\/www.tsv.fi\/\" target=\"_blank\" rel=\"noopener noreferrer\">http:\/\/www.tsv.fi\/<\/a>) ja osallistuu aktiivisesti alueelliseen, kansalliseen ja kansainv\u00e4liseen tiedepoliittiseen ja yhteiskunnalliseen keskusteluun.<\/p>\n<p>L\u00e4s mer<a href=\"http:\/\/www.uef.fi\/sv\/web\/htts\"> h\u00e4r\u00a0<\/a><br \/>\nLue enemm\u00e4n <a href=\"http:\/\/www.uef.fi\/web\/htts\">t\u00e4\u00e4lt\u00e4<\/a><\/p>\n<hr \/>\n<p><img loading=\"lazy\" decoding=\"async\" class=\"alignnone size-full wp-image-70\" src=\"http:\/\/blogs2.abo.fi\/florence\/wp-content\/uploads\/sites\/154\/2020\/02\/SF.jpg\" alt=\"\" width=\"92\" height=\"92\" \/><\/p>\n<p>F\u00f6reningens syfte \u00e4r att medverka till h\u00f6jandet av sjuksk\u00f6tares, h\u00e4lsov\u00e5rdares, barnmorskors och akutv\u00e5rdares yrkeskunskap och -f\u00e4rdighet, bidra till att v\u00e5rdarbetet utvecklas och forskning i v\u00e5rdarbete f\u00f6rverkligas (ur f\u00f6reningens stadgar).<\/p>\n<p>L\u00e4s mer <a href=\"https:\/\/www.sffi.fi\/\">h\u00e4r<\/a><\/p>\n","protected":false},"excerpt":{"rendered":"<p>&nbsp; \u00c5bo Akademis hundra\u00e5riga verksamhet utf\u00f6rs i \u00c5bo och Vasa under ledorden m\u00e5ngfald, \u00f6ppenhet, dj\u00e4rvhet, h\u00e5llbarhet och delaktighet. I egenskap av Finlands enda svenskspr\u00e5kiga universitet utbildar vi brett. Forskningen \u00e4r m\u00e5ngsidig, men vi fokuserar p\u00e5 minoriteter, l\u00e4kemedelsutveckling och diagnostik, molekyl\u00e4r process- och materialteknik, samt havet. Under v\u00e5rt f\u00f6rsta sekel har vi vuxit till ett internationellt &hellip; <a href=\"https:\/\/blogs2.abo.fi\/florence\/arrangorer\/\" class=\"more-link\">Forts\u00e4tt l\u00e4sa <span class=\"screen-reader-text\">Arrang\u00f6rer\/J\u00e4rjest\u00e4j\u00e4t<\/span> <span class=\"meta-nav\">&rarr;<\/span><\/a><\/p>\n","protected":false},"author":508,"featured_media":0,"parent":0,"menu_order":3,"comment_status":"closed","ping_status":"closed","template":"","meta":{"footnotes":""},"class_list":["post-42","page","type-page","status-publish","hentry"],"_links":{"self":[{"href":"https:\/\/blogs2.abo.fi\/florence\/wp-json\/wp\/v2\/pages\/42","targetHints":{"allow":["GET"]}}],"collection":[{"href":"https:\/\/blogs2.abo.fi\/florence\/wp-json\/wp\/v2\/pages"}],"about":[{"href":"https:\/\/blogs2.abo.fi\/florence\/wp-json\/wp\/v2\/types\/page"}],"author":[{"embeddable":true,"href":"https:\/\/blogs2.abo.fi\/florence\/wp-json\/wp\/v2\/users\/508"}],"replies":[{"embeddable":true,"href":"https:\/\/blogs2.abo.fi\/florence\/wp-json\/wp\/v2\/comments?post=42"}],"version-history":[{"count":5,"href":"https:\/\/blogs2.abo.fi\/florence\/wp-json\/wp\/v2\/pages\/42\/revisions"}],"predecessor-version":[{"id":73,"href":"https:\/\/blogs2.abo.fi\/florence\/wp-json\/wp\/v2\/pages\/42\/revisions\/73"}],"wp:attachment":[{"href":"https:\/\/blogs2.abo.fi\/florence\/wp-json\/wp\/v2\/media?parent=42"}],"curies":[{"name":"wp","href":"https:\/\/api.w.org\/{rel}","templated":true}]}}