{"id":2,"date":"2020-02-26T07:11:10","date_gmt":"2020-02-26T07:11:10","guid":{"rendered":"http:\/\/blogs2.abo.fi\/florence\/?page_id=2"},"modified":"2020-03-16T07:42:31","modified_gmt":"2020-03-16T07:42:31","slug":"sample-page","status":"publish","type":"page","link":"https:\/\/blogs2.abo.fi\/florence\/","title":{"rendered":"Inbjudan till konferens\/Kutsu konferenssiin"},"content":{"rendered":"<p style=\"text-align: left\"><strong><span style=\"color: #ff0000\">P\u00c5 GRUND AV DEN R\u00c5DANDE SITUATIONEN KRING CORONAVIRUSET S\u00c5 FLYTTAS KONFERENSEN\u00a0 TILL H\u00d6STEN 2020!<br \/>\n<\/span><\/strong><span style=\"color: #ff0000\">Beslutet har tagits som en f\u00f6rsiktighets\u00e5tg\u00e4rd f\u00f6r att f\u00f6rhindra smittspridning bland deltagarna.<\/span><strong><span style=\"color: #ff0000\"><br \/>\n<\/span><br \/>\nSjuksk\u00f6taren \u2013 en resurs f\u00f6r h\u00e4lsov\u00e5rden ig\u00e5r, idag och f\u00f6r framtiden<\/strong><\/p>\n<p style=\"text-align: left\">I samband med Florence Nightingales 200 \u00e5rs f\u00f6delsedag och WHOs<br \/>\n\u201dYear of the Nurse and Midwife\u201d s\u00e5 bjuder vi in till konferens<br \/>\nden<del> <strong>12.5.2020<\/strong><\/del> till Academill \u00c5A.<\/p>\n<p style=\"text-align: left\">Konferensen \u00e4r ett samarbete mellan \u00c5bo Akademi, VAMK,<br \/>\nYrkesh\u00f6gskolan Novia, Vasa Centralsjukhus, S\u00e4llskapet f\u00f6r<br \/>\nV\u00e5rdvetenskaplig Forskning r.f. och Sjuksk\u00f6terskef\u00f6reningen i<br \/>\nVasa.\u00a0 Tillf\u00e4llet \u00e4r tv\u00e5spr\u00e5kigt.<\/p>\n<p style=\"text-align: left\"><em><img loading=\"lazy\" decoding=\"async\" class=\"size-medium wp-image-8 alignright\" src=\"http:\/\/blogs2.abo.fi\/florence\/wp-content\/uploads\/sites\/154\/2020\/02\/1Florence_Nightingale_by_Goodman_1858sm-201x300.jpg\" alt=\"\" width=\"201\" height=\"300\" srcset=\"https:\/\/blogs2.abo.fi\/florence\/wp-content\/uploads\/sites\/154\/2020\/02\/1Florence_Nightingale_by_Goodman_1858sm-201x300.jpg 201w, https:\/\/blogs2.abo.fi\/florence\/wp-content\/uploads\/sites\/154\/2020\/02\/1Florence_Nightingale_by_Goodman_1858sm.jpg 500w\" sizes=\"auto, (max-width: 201px) 100vw, 201px\" \/><\/em><\/p>\n<p style=\"text-align: left\">Tema f\u00f6r konferensen \u00e4r: <em>Sjuksk\u00f6taren \u2013 en resurs f\u00f6r h\u00e4lsov\u00e5rden ig\u00e5r, idag och f\u00f6r\u00a0<\/em><em>framtiden<\/em>.<br \/>\nUnder dagen kommer vi bl.a. att f\u00e5 ta del av b\u00e5de<br \/>\nsvenska och finska och engelska f\u00f6rel\u00e4sningar samt storytelling d\u00e4r vi f\u00e5r tr\u00e4ffa sj\u00e4lvaste Florence.<\/p>\n<p>De olika f\u00f6rel\u00e4sningarna tangerar \u00e4mnen som behandlar bl.a. aktuell forskning om avancerad v\u00e5rd i hemmet i j\u00e4mf\u00f6relse med Notes of Nursing, Sjuksk\u00f6tare som ledare och deras ansvar f\u00f6r patients\u00e4kerheten samt som utvecklare av v\u00e5rdyrket, V\u00e4lf\u00e4rdsteknologiska l\u00f6sningar samt sjuksk\u00f6tarens r\u00e4tt att skriva ut mediciner, etc. Det kommer \u00e4ven att ordnas en dr\u00e4ktkavalkad.<\/p>\n<p>&nbsp;<\/p>\n<p style=\"text-align: left\">Under dagen har man \u00e4ven m\u00f6jlighet att bekanta sig med diverse teknologiska l\u00f6sningar samt posterpresentationer mm.<\/p>\n<p style=\"text-align: left\">Konferensen \u00e4r <strong>GRATIS<\/strong> och riktar sig till v\u00e5rdstuderande, v\u00e5rdare, v\u00e5rdl\u00e4rare och \u00f6vriga intresserade!<\/p>\n<p style=\"text-align: left\">VARMT V\u00c4LKOMNA!<\/p>\n<p style=\"text-align: left\"><strong><span style=\"color: #ff0000\">Anm\u00e4lan g\u00f6rs senare n\u00e4r nytt datum best\u00e4mts.<\/span><\/strong><\/p>\n<pre><strong>\r\nN\u00e4rmare info f\u00e5s av:\r\n\r\n<\/strong><strong>Camilla Mattjus camilla.mattjus@abo.fi\r\n<\/strong><strong>Pia Nyg\u00e5rdas pia.nygardas@abo.fi<\/strong><\/pre>\n<p>&nbsp;<\/p>\n","protected":false},"excerpt":{"rendered":"<p>P\u00c5 GRUND AV DEN R\u00c5DANDE SITUATIONEN KRING CORONAVIRUSET S\u00c5 FLYTTAS KONFERENSEN\u00a0 TILL H\u00d6STEN 2020! Beslutet har tagits som en f\u00f6rsiktighets\u00e5tg\u00e4rd f\u00f6r att f\u00f6rhindra smittspridning bland deltagarna. Sjuksk\u00f6taren \u2013 en resurs f\u00f6r h\u00e4lsov\u00e5rden ig\u00e5r, idag och f\u00f6r framtiden I samband med Florence Nightingales 200 \u00e5rs f\u00f6delsedag och WHOs \u201dYear of the Nurse and Midwife\u201d s\u00e5 bjuder &hellip; <a href=\"https:\/\/blogs2.abo.fi\/florence\/\" class=\"more-link\">Forts\u00e4tt l\u00e4sa <span class=\"screen-reader-text\">Inbjudan till konferens\/Kutsu konferenssiin<\/span> <span class=\"meta-nav\">&rarr;<\/span><\/a><\/p>\n","protected":false},"author":508,"featured_media":0,"parent":0,"menu_order":0,"comment_status":"closed","ping_status":"open","template":"","meta":{"footnotes":""},"class_list":["post-2","page","type-page","status-publish","hentry"],"_links":{"self":[{"href":"https:\/\/blogs2.abo.fi\/florence\/wp-json\/wp\/v2\/pages\/2","targetHints":{"allow":["GET"]}}],"collection":[{"href":"https:\/\/blogs2.abo.fi\/florence\/wp-json\/wp\/v2\/pages"}],"about":[{"href":"https:\/\/blogs2.abo.fi\/florence\/wp-json\/wp\/v2\/types\/page"}],"author":[{"embeddable":true,"href":"https:\/\/blogs2.abo.fi\/florence\/wp-json\/wp\/v2\/users\/508"}],"replies":[{"embeddable":true,"href":"https:\/\/blogs2.abo.fi\/florence\/wp-json\/wp\/v2\/comments?post=2"}],"version-history":[{"count":24,"href":"https:\/\/blogs2.abo.fi\/florence\/wp-json\/wp\/v2\/pages\/2\/revisions"}],"predecessor-version":[{"id":91,"href":"https:\/\/blogs2.abo.fi\/florence\/wp-json\/wp\/v2\/pages\/2\/revisions\/91"}],"wp:attachment":[{"href":"https:\/\/blogs2.abo.fi\/florence\/wp-json\/wp\/v2\/media?parent=2"}],"curies":[{"name":"wp","href":"https:\/\/api.w.org\/{rel}","templated":true}]}}

<p style="text-align: left"><strong><span style="color: #ff0000">PÅ GRUND AV DEN RÅDANDE SITUATIONEN KRING CORONAVIRUSET SÅ FLYTTAS KONFERENSEN  TILL HÖSTEN 2020!<br />
</span></strong><span style="color: #ff0000">Beslutet har tagits som en försiktighetsåtgärd för att förhindra smittspridning bland deltagarna.</span><strong><span style="color: #ff0000"><br />
</span><br />
Sjukskötaren – en resurs för hälsovården igår, idag och för framtiden</strong></p>
<p style="text-align: left">I samband med Florence Nightingales 200 års födelsedag och WHOs<br />
”Year of the Nurse and Midwife” så bjuder vi in till konferens<br />
den<del> <strong>12.5.2020</strong></del> till Academill ÅA.</p>
<p style="text-align: left">Konferensen är ett samarbete mellan Åbo Akademi, VAMK,<br />
Yrkeshögskolan Novia, Vasa Centralsjukhus, Sällskapet för<br />
Vårdvetenskaplig Forskning r.f. och Sjuksköterskeföreningen i<br />
Vasa.  Tillfället är tvåspråkigt.</p>
<p style="text-align: left"><em><img loading="lazy" decoding="async" class="size-medium wp-image-8 alignright" src="http://blogs2.abo.fi/florence/wp-content/uploads/sites/154/2020/02/1Florence_Nightingale_by_Goodman_1858sm-201x300.jpg" alt="" width="201" height="300" srcset="https://blogs2.abo.fi/florence/wp-content/uploads/sites/154/2020/02/1Florence_Nightingale_by_Goodman_1858sm-201x300.jpg 201w, https://blogs2.abo.fi/florence/wp-content/uploads/sites/154/2020/02/1Florence_Nightingale_by_Goodman_1858sm.jpg 500w" sizes="auto, (max-width: 201px) 100vw, 201px" /></em></p>
<p style="text-align: left">Tema för konferensen är: <em>Sjukskötaren – en resurs för hälsovården igår, idag och för </em><em>framtiden</em>.<br />
Under dagen kommer vi bl.a. att få ta del av både<br />
svenska och finska och engelska föreläsningar samt storytelling där vi får träffa självaste Florence.</p>
<p>De olika föreläsningarna tangerar ämnen som behandlar bl.a. aktuell forskning om avancerad vård i hemmet i jämförelse med Notes of Nursing, Sjukskötare som ledare och deras ansvar för patientsäkerheten samt som utvecklare av vårdyrket, Välfärdsteknologiska lösningar samt sjukskötarens rätt att skriva ut mediciner, etc. Det kommer även att ordnas en dräktkavalkad.</p>
<p>&nbsp;</p>
<p style="text-align: left">Under dagen har man även möjlighet att bekanta sig med diverse teknologiska lösningar samt posterpresentationer mm.</p>
<p style="text-align: left">Konferensen är <strong>GRATIS</strong> och riktar sig till vårdstuderande, vårdare, vårdlärare och övriga intresserade!</p>
<p style="text-align: left">VARMT VÄLKOMNA!</p>
<p style="text-align: left"><strong><span style="color: #ff0000">Anmälan görs senare när nytt datum bestämts.</span></strong></p>
<pre><strong>
Närmare info fås av:

</strong><strong>Camilla Mattjus camilla.mattjus@abo.fi
</strong><strong>Pia Nygårdas pia.nygardas@abo.fi</strong></pre>
<p>&nbsp;</p>

<p>PÅ GRUND AV DEN RÅDANDE SITUATIONEN KRING CORONAVIRUSET SÅ FLYTTAS KONFERENSEN  TILL HÖSTEN 2020! Beslutet har tagits som en försiktighetsåtgärd för att förhindra smittspridning bland deltagarna. Sjukskötaren – en resurs för hälsovården igår, idag och för framtiden I samband med Florence Nightingales 200 års födelsedag och WHOs ”Year of the Nurse and Midwife” så bjuder &hellip; <a href="https://blogs2.abo.fi/florence/" class="more-link">Fortsätt läsa <span class="screen-reader-text">Inbjudan till konferens/Kutsu konferenssiin</span> <span class="meta-nav">&rarr;</span></a></p>
