{"id":43,"date":"2023-11-20T07:51:01","date_gmt":"2023-11-20T07:51:01","guid":{"rendered":"https:\/\/blogs2.abo.fi\/firp\/?page_id=43"},"modified":"2024-05-02T07:16:14","modified_gmt":"2024-05-02T07:16:14","slug":"registrera-dig","status":"publish","type":"page","link":"https:\/\/blogs2.abo.fi\/firp\/registrera-dig\/","title":{"rendered":"Registrera dig"},"content":{"rendered":"<p><img loading=\"lazy\" decoding=\"async\" class=\"wp-image-211 aligncenter\" src=\"http:\/\/blogs2.abo.fi\/firp\/wp-content\/uploads\/sites\/252\/2024\/02\/ettika-1-300x138.png\" alt=\"\" width=\"273\" height=\"126\" srcset=\"https:\/\/blogs2.abo.fi\/firp\/wp-content\/uploads\/sites\/252\/2024\/02\/ettika-1-300x138.png 300w, https:\/\/blogs2.abo.fi\/firp\/wp-content\/uploads\/sites\/252\/2024\/02\/ettika-1-768x353.png 768w, https:\/\/blogs2.abo.fi\/firp\/wp-content\/uploads\/sites\/252\/2024\/02\/ettika-1.png 831w\" sizes=\"auto, (max-width: 273px) 100vw, 273px\" \/><\/p>\n<ol>\n<li>Bekanta dig med samtycke och dataskyddsmeddelande <a href=\"https:\/\/blogs2.abo.fi\/firp\/samtycke-och-dataskyddsmeddelande\/\">h\u00e4r<\/a>.<\/li>\n<li>Ladda ner appen Ethica (Avicenna) p\u00e5 din mobiltelefon. Appen finns b\u00e5de f\u00f6r iOS och Android.<\/li>\n<li>Skapa ett konto i appen.<\/li>\n<li>Registrera dig till studien genom att ge f\u00f6ljande fyrsiffriga kod i appen: (registreringen \u00e4r avslutad).<\/li>\n<li>Direkt efter registreringen kommer du att f\u00e5 att fylla i ett formul\u00e4r f\u00f6r att best\u00e4mma vilket spr\u00e5k du vill anv\u00e4nda och avg\u00f6ra om du deltar i studien som \u00e4r riktad till singlar eller i studien som \u00e4r riktad till personer i parf\u00f6rh\u00e5llanden.<\/li>\n<li>Direkt efter det beh\u00f6ver du godk\u00e4nna ditt deltagande i studien och du kommer ocks\u00e5 f\u00e5 ett bakgrundsformul\u00e4r att fylla i. Formul\u00e4ret tar cirka 10-20 minuter att fylla i.<\/li>\n<li>F\u00f6ljande dag kommer du b\u00f6rja f\u00e5 de dagliga formul\u00e4ren kl. 21.00, formul\u00e4ren \u00e4r tillg\u00e4ngliga i sju timmar, allts\u00e5 fram till kl. 04.00. De f\u00f6rsta g\u00e5ngerna du fyller i formul\u00e4ret kommer det ta cirka 5-10 minuter att besvara men med tiden kommer det troligtvis att ta cirka 1-2 minuter, d\u00e5 du vant dig med vilka fr\u00e5gor som st\u00e4lls.<\/li>\n<li>Efter 120 dagar kommer du f\u00e5 ett bakgrundsformul\u00e4r som liknar det f\u00f6rsta formul\u00e4ret du fyllde i. Du kommer d\u00e5 f\u00e5 m\u00f6jlighet att ange en e-postadress till vilken vi kommer skicka din personliga feedbackprofil.<\/li>\n<li>Efter att du f\u00e5tt din personliga feedbackprofil, s\u00e5 kommer du f\u00e5 ett sista fr\u00e5geformul\u00e4r d\u00e4r du ombeds utv\u00e4rdera vad du tyckte om studien samt hur du uppfattade din personliga feedbackprofil.<\/li>\n<\/ol>\n<p>Allt data behandlas konfidentiellt. Om du k\u00e4nner n\u00e5gon i forskningsteamet och inte vill vara igenk\u00e4nnbar kan du skapa en ny e-postadress\u00a0f\u00f6r deltagandet i studien eller ange en annan e-postadress d\u00e5 du ber om ditt data i slutet av studien (du kan ange olika epost-adresser d\u00e5 du registrerar dig och d\u00e5 du ber om att f\u00e5 ditt data).<\/p>\n","protected":false},"excerpt":{"rendered":"<p>Bekanta dig med samtycke och dataskyddsmeddelande h\u00e4r. Ladda ner appen Ethica (Avicenna) p\u00e5 din mobiltelefon. Appen finns b\u00e5de f\u00f6r iOS och Android. Skapa ett konto i appen. Registrera dig till studien genom att ge f\u00f6ljande fyrsiffriga kod i appen: (registreringen \u00e4r avslutad). Direkt efter registreringen kommer du att f\u00e5 att fylla i ett formul\u00e4r f\u00f6r &hellip; <a href=\"https:\/\/blogs2.abo.fi\/firp\/registrera-dig\/\" class=\"more-link\">Forts\u00e4tt l\u00e4sa <span class=\"screen-reader-text\">Registrera dig<\/span> <span class=\"meta-nav\">&rarr;<\/span><\/a><\/p>\n","protected":false},"author":861,"featured_media":0,"parent":0,"menu_order":0,"comment_status":"closed","ping_status":"closed","template":"","meta":{"footnotes":""},"class_list":["post-43","page","type-page","status-publish","hentry"],"_links":{"self":[{"href":"https:\/\/blogs2.abo.fi\/firp\/wp-json\/wp\/v2\/pages\/43","targetHints":{"allow":["GET"]}}],"collection":[{"href":"https:\/\/blogs2.abo.fi\/firp\/wp-json\/wp\/v2\/pages"}],"about":[{"href":"https:\/\/blogs2.abo.fi\/firp\/wp-json\/wp\/v2\/types\/page"}],"author":[{"embeddable":true,"href":"https:\/\/blogs2.abo.fi\/firp\/wp-json\/wp\/v2\/users\/861"}],"replies":[{"embeddable":true,"href":"https:\/\/blogs2.abo.fi\/firp\/wp-json\/wp\/v2\/comments?post=43"}],"version-history":[{"count":22,"href":"https:\/\/blogs2.abo.fi\/firp\/wp-json\/wp\/v2\/pages\/43\/revisions"}],"predecessor-version":[{"id":286,"href":"https:\/\/blogs2.abo.fi\/firp\/wp-json\/wp\/v2\/pages\/43\/revisions\/286"}],"wp:attachment":[{"href":"https:\/\/blogs2.abo.fi\/firp\/wp-json\/wp\/v2\/media?parent=43"}],"curies":[{"name":"wp","href":"https:\/\/api.w.org\/{rel}","templated":true}]}}