{"id":2,"date":"2023-12-13T12:20:43","date_gmt":"2023-12-13T12:20:43","guid":{"rendered":"https:\/\/blogs2.abo.fi\/firp-fi\/?page_id=2"},"modified":"2024-05-02T07:36:22","modified_gmt":"2024-05-02T07:36:22","slug":"sample-page","status":"publish","type":"page","link":"https:\/\/blogs2.abo.fi\/firp-fi\/","title":{"rendered":"Tervetuloa"},"content":{"rendered":"\r\n<p><em>To change the language to Swedish or English, please scroll down.<\/em><\/p>\r\n<h4><strong>Rekister\u00f6ityminen on p\u00e4\u00e4ttynyt, kiitos, ett\u00e4 osoitit kiinnostusta tutkimusta kohtaan!<\/strong><\/h4>\r\n<p>Tervetuloa Suomen ihmissuhde-projektin (FIRP, Finnish Interpersonal Relationships Project)\u00a0kotisivulle. Kyseess\u00e4 on kahdesta nelj\u00e4\u00e4n kuukauteen kest\u00e4v\u00e4 tutkimus hyvinvoinnista ja ihmissuhteista. Tutkimus katsastelee puhelinsovelluksen avulla hyvinvoinnin ja ihmissuhteiden p\u00e4ivitt\u00e4ist\u00e4 dynamiikkaa.<\/p>\r\n<p class=\"cvGsUA direction-ltr align-center para-style-body\"><strong><span class=\"OYPEnA text-decoration-none text-strikethrough-none\">Kenelle? <\/span><\/strong><span class=\"OYPEnA text-decoration-none text-strikethrough-none\">Kaikille 18 vuotta t\u00e4ytt\u00e4neille, joilla on \u00e4lypuhelin (Android tai iOS). Tulet saamaan eri kysymyksi\u00e4 riippuen siit\u00e4, oletko sinkku vai parisuhteessa.<\/span><\/p>\r\n<p class=\"cvGsUA direction-ltr align-center para-style-body\"><strong><span class=\"OYPEnA text-decoration-none text-strikethrough-none\">Miten? <\/span><\/strong><span class=\"OYPEnA text-decoration-none text-strikethrough-none\">Lataamalla puhelimellesi Ethica (Avicenna) -sovelluksen, ja v<\/span><span class=\"OYPEnA text-decoration-none text-strikethrough-none\">astaamalla p\u00e4ivitt\u00e4in muutamaan kysymykseen jopa nelj\u00e4n kuukauden ajan. Tarkemmat ohjeet rekister\u00f6itymist\u00e4 varten l\u00f6yd\u00e4t <a href=\"https:\/\/blogs2.abo.fi\/firp-fi\/rekisteroidy\/\">painamalla t\u00e4st\u00e4!<\/a><\/span><\/p>\r\n<p class=\"cvGsUA direction-ltr align-center para-style-body\"><strong><span class=\"OYPEnA text-decoration-none text-strikethrough-none\">Miksi?\u00a0<\/span><\/strong><span class=\"OYPEnA text-decoration-none text-strikethrough-none\">Tutkimuksen lopussa saat henkil\u00f6kohtaisen palauteprofiilin perustuen dataasi, joka voi lis\u00e4t\u00e4 itsetietoisuuttasi ja tietoisuuttasi omasta hyvinvoinnistasi\/parisuhteestasi. Mik\u00e4li suoritat tutkimuksen loppuun asti, tulet saamaan 25 euron lahjakortin R-kioskille (sielt\u00e4 voit mm. ostaa muita lahjakortteja ja tapahtumalippuja). Ja toki my\u00f6s tukeaksesi tutkimusty\u00f6t\u00e4!<\/span><\/p>\r\n<p>Mik\u00e4li haluat lukea tutkimuksesta lis\u00e4\u00e4,\u00a0<a href=\"https:\/\/blogs2.abo.fi\/firp-fi\/tutkimus\/\">paina t\u00e4st\u00e4!<\/a><\/p>\r\n<h5><strong>Esimerkkiprofiili<\/strong><\/h5>\r\n<p>Alta l\u00f6yd\u00e4t kaksi esimerkki\u00e4 siit\u00e4, milt\u00e4 profiilit voivat n\u00e4ytt\u00e4\u00e4. Profiilit tulevat olemaan kattavammat kuin esimerkit alla, ja kuvaajien lis\u00e4ksi tulet saamaan ohjeita profiilin tulkitsemiseen.\u00a0<\/p>\r\n<p>Ensimm\u00e4isess\u00e4 esimerkiss\u00e4 n\u00e4et p\u00e4ivitt\u00e4isen vaihtelun iloisuudessasi tutkimuksen aikana, yhdess\u00e4 sinisen trendiviivan kanssa, joka n\u00e4ytt\u00e4\u00e4, ett\u00e4 keskim\u00e4\u00e4r\u00e4inen iloisuutesi kasvoi viimeisen kuukauden aikana. Punaiset ympyr\u00e4t n\u00e4ytt\u00e4v\u00e4t p\u00e4iv\u00e4t jolloin olit iloisin, ja n\u00e4in\u00e4 p\u00e4ivin\u00e4 olit my\u00f6s <span style=\"text-decoration: underline\">fyysisesti aktiivisempi<\/span> ja <span style=\"text-decoration: underline\">v\u00e4hemm\u00e4n yksin\u00e4inen<\/span> kuin tavallisesti. Siniset ympyr\u00e4t n\u00e4ytt\u00e4v\u00e4t p\u00e4iv\u00e4t jolloin olit v\u00e4hiten iloinen, ja n\u00e4in\u00e4 p\u00e4ivin\u00e4 olit my\u00f6s <span style=\"text-decoration: underline\">v\u00e4syneempi<\/span> ja <span style=\"text-decoration: underline\">enemm\u00e4n stressaantunut<\/span> kuin tavallisesti.\u00a0<\/p>\r\n<p><img loading=\"lazy\" decoding=\"async\" class=\"alignnone size-full wp-image-242\" src=\"http:\/\/blogs2.abo.fi\/firp\/wp-content\/uploads\/sites\/252\/2024\/02\/FIRP-profilbild.jpg\" alt=\"\" width=\"761\" height=\"387\" \/><\/p>\r\n<p>Toisessa esimerkiss\u00e4 n\u00e4et keskim\u00e4\u00e4r\u00e4iset vastauksesi eri kysymyksiin tutkimuksen kuudennella viikolla. Olit <span style=\"text-decoration: underline\">iloisempi<\/span> ja <span style=\"text-decoration: underline\">enemm\u00e4n inspiroitunut<\/span> kuin tavallisesti kyseisell\u00e4 viikolla.\u00a0<\/p>\r\n<p><img loading=\"lazy\" decoding=\"async\" class=\"alignnone size-full wp-image-243\" src=\"http:\/\/blogs2.abo.fi\/firp\/wp-content\/uploads\/sites\/252\/2024\/02\/FIRP-profilbild2.jpg\" alt=\"\" width=\"545\" height=\"389\" \/><\/p>\r\n<p>HUOM! Profiilit ovat yh\u00e4 ty\u00f6n alla, joten n\u00e4m\u00e4 esimerkit eiv\u00e4t v\u00e4ltt\u00e4m\u00e4tt\u00e4 t\u00e4ysin vastaa lopullista profiilia.<\/p>\r\n","protected":false},"excerpt":{"rendered":"<p>To change the language to Swedish or English, please scroll down. Rekister\u00f6ityminen on p\u00e4\u00e4ttynyt, kiitos, ett\u00e4 osoitit kiinnostusta tutkimusta kohtaan! Tervetuloa Suomen ihmissuhde-projektin (FIRP, Finnish Interpersonal Relationships Project)\u00a0kotisivulle. Kyseess\u00e4 on kahdesta nelj\u00e4\u00e4n kuukauteen kest\u00e4v\u00e4 tutkimus hyvinvoinnista ja ihmissuhteista. Tutkimus katsastelee puhelinsovelluksen avulla hyvinvoinnin ja ihmissuhteiden p\u00e4ivitt\u00e4ist\u00e4 dynamiikkaa. Kenelle? Kaikille 18 vuotta t\u00e4ytt\u00e4neille, joilla on \u00e4lypuhelin &hellip; <a href=\"https:\/\/blogs2.abo.fi\/firp-fi\/\" class=\"more-link\">Forts\u00e4tt l\u00e4sa <span class=\"screen-reader-text\">Tervetuloa<\/span> <span class=\"meta-nav\">&rarr;<\/span><\/a><\/p>\n","protected":false},"author":829,"featured_media":0,"parent":0,"menu_order":0,"comment_status":"closed","ping_status":"closed","template":"","meta":{"footnotes":""},"class_list":["post-2","page","type-page","status-publish","hentry"],"_links":{"self":[{"href":"https:\/\/blogs2.abo.fi\/firp-fi\/wp-json\/wp\/v2\/pages\/2","targetHints":{"allow":["GET"]}}],"collection":[{"href":"https:\/\/blogs2.abo.fi\/firp-fi\/wp-json\/wp\/v2\/pages"}],"about":[{"href":"https:\/\/blogs2.abo.fi\/firp-fi\/wp-json\/wp\/v2\/types\/page"}],"author":[{"embeddable":true,"href":"https:\/\/blogs2.abo.fi\/firp-fi\/wp-json\/wp\/v2\/users\/829"}],"replies":[{"embeddable":true,"href":"https:\/\/blogs2.abo.fi\/firp-fi\/wp-json\/wp\/v2\/comments?post=2"}],"version-history":[{"count":22,"href":"https:\/\/blogs2.abo.fi\/firp-fi\/wp-json\/wp\/v2\/pages\/2\/revisions"}],"predecessor-version":[{"id":161,"href":"https:\/\/blogs2.abo.fi\/firp-fi\/wp-json\/wp\/v2\/pages\/2\/revisions\/161"}],"wp:attachment":[{"href":"https:\/\/blogs2.abo.fi\/firp-fi\/wp-json\/wp\/v2\/media?parent=2"}],"curies":[{"name":"wp","href":"https:\/\/api.w.org\/{rel}","templated":true}]}}