{"id":221,"date":"2021-12-03T06:40:19","date_gmt":"2021-12-03T06:40:19","guid":{"rendered":"https:\/\/blogs2.abo.fi\/etnologi-folkloristik-norden\/?page_id=221"},"modified":"2025-08-18T12:58:33","modified_gmt":"2025-08-18T09:58:33","slug":"skicka-in-innehall","status":"publish","type":"page","link":"https:\/\/blogs2.abo.fi\/etnologi-folkloristik-norden\/info\/skicka-in-innehall\/","title":{"rendered":"Skicka in inneh\u00e5ll"},"content":{"rendered":"<p>P\u00e5 denna sida hittar du n\u00e4rmare instruktioner om hur du skickar in inneh\u00e5ll till sidan.<\/p>\n<h6>Vart ska det skickas?<\/h6>\n<p>Du skickar informationen till <a href=\"mailto:etnofolk@abo.fi\">etnofolk@abo.fi<\/a><\/p>\n<h6>Vilken typ av inneh\u00e5ll kan jag skicka in?<\/h6>\n<p>Det du tror att skulle vara intressant f\u00f6r etnologer och folklorister i Norden. Det kan vara ett intressant seminarium som \u00e4r \u00f6ppet f\u00f6r utomst\u00e5ende etnologer och folklorister, en ny publikation, ett call for papers till en konferens eller en tidskrift som kan vara av intresse f\u00f6r etnologer och folklorister, eller n\u00e5got helt annat som du tycker att \u00e4r relevant.<\/p>\n<p>Det som beh\u00f6ver finnas med \u00e4r:<\/p>\n<ul>\n<li>en kort text som publiceras som s\u00e5dan p\u00e5 bloggen.<\/li>\n<li>Den v\u00e4sentliga informationen: var, n\u00e4r, hur, vem som \u00e4r kontaktperson.<\/li>\n<\/ul>\n<p>Tanken \u00e4r att du skriver inl\u00e4gget och vi publicerar.<\/p>\n<p>Vi tar sj\u00e4lvklart ocks\u00e5 emot tips p\u00e5 inneh\u00e5ll till sidan som inte publiceras som blogginl\u00e4gg, till exempel om du saknar n\u00e5gon kategori av inneh\u00e5ll, k\u00e4nner till en tidskrift som inte finns\u00a0 med p\u00e5 listan eller n\u00e5gon doktorsavhandling som publicerats l\u00e4ngre tillbaka i tiden.<\/p>\n<h6>P\u00e5 vilka spr\u00e5k kan jag skicka in information?<\/h6>\n<p>Webbsidans huvudsakliga spr\u00e5k \u00e4r svenska, men vi f\u00f6rs\u00f6ker \u00f6vers\u00e4tta det viktigaste inneh\u00e5llet ocks\u00e5\u00a0till engelska. Vi tar emot inneh\u00e5ll p\u00e5 danska, finska, engelska, isl\u00e4ndska, norska och svenska.<\/p>\n<p>&nbsp;<\/p>\n<h2>In English<\/h2>\n<h6>Where do I send the information?<\/h6>\n<p>You can send information to the email <a href=\"mailto:etnofolk@abo.fi\">etnofolk@abo.fi<\/a><\/p>\n<h6>What type of content can I send to you?<\/h6>\n<p>Whatever you think would be interesting to ethnologists and folklorists in the Nordic countries. It could be an interesting seminar that is open to the public, a new publication, a call for papers to a conference or journal that could be of interest to an ethnologist or folklorist, or something else that you think is relevant.<\/p>\n<p>What is needed when you send in the information is:<\/p>\n<ul>\n<li>a short text that can be published on the blog<\/li>\n<li>information about when, where, how and who to contact<\/li>\n<\/ul>\n<p>The idea is that you write the blog post and we help to publish it and spread the information.<\/p>\n<p>We also welcome other suggestions of what you think should be on this site. This is still a work in progress and many things are missing. If you know of a journal missing from the list, an interesting thesis that was published a while ago or just have an idea of a category that you think is missing, please do not hesitate to be in touch.<\/p>\n<h6>In what language can I send the content?<\/h6>\n<p>The webpage is mainly in Swedish, and we try to translate the most important information also to English. We approve content in Danish, Finnish, English, Icelandic, Norwegian and Swedish.<\/p>\n<p>&nbsp;<\/p>\n<p>&nbsp;<\/p>\n","protected":false},"excerpt":{"rendered":"<p>P\u00e5 denna sida hittar du n\u00e4rmare instruktioner om hur du skickar in inneh\u00e5ll till sidan. Vart ska det skickas? Du skickar informationen till etnofolk@abo.fi Vilken typ av inneh\u00e5ll kan jag skicka in? Det du tror att skulle vara intressant f\u00f6r etnologer och folklorister i Norden. Det kan vara ett intressant seminarium som \u00e4r \u00f6ppet f\u00f6r &hellip; <a href=\"https:\/\/blogs2.abo.fi\/etnologi-folkloristik-norden\/info\/skicka-in-innehall\/\" class=\"more-link\">Forts\u00e4tt l\u00e4sa <span class=\"screen-reader-text\">Skicka in inneh\u00e5ll<\/span> <span class=\"meta-nav\">&rarr;<\/span><\/a><\/p>\n","protected":false},"author":645,"featured_media":0,"parent":159,"menu_order":0,"comment_status":"closed","ping_status":"closed","template":"","meta":{"footnotes":""},"class_list":["post-221","page","type-page","status-publish","hentry"],"_links":{"self":[{"href":"https:\/\/blogs2.abo.fi\/etnologi-folkloristik-norden\/wp-json\/wp\/v2\/pages\/221","targetHints":{"allow":["GET"]}}],"collection":[{"href":"https:\/\/blogs2.abo.fi\/etnologi-folkloristik-norden\/wp-json\/wp\/v2\/pages"}],"about":[{"href":"https:\/\/blogs2.abo.fi\/etnologi-folkloristik-norden\/wp-json\/wp\/v2\/types\/page"}],"author":[{"embeddable":true,"href":"https:\/\/blogs2.abo.fi\/etnologi-folkloristik-norden\/wp-json\/wp\/v2\/users\/645"}],"replies":[{"embeddable":true,"href":"https:\/\/blogs2.abo.fi\/etnologi-folkloristik-norden\/wp-json\/wp\/v2\/comments?post=221"}],"version-history":[{"count":9,"href":"https:\/\/blogs2.abo.fi\/etnologi-folkloristik-norden\/wp-json\/wp\/v2\/pages\/221\/revisions"}],"predecessor-version":[{"id":2457,"href":"https:\/\/blogs2.abo.fi\/etnologi-folkloristik-norden\/wp-json\/wp\/v2\/pages\/221\/revisions\/2457"}],"up":[{"embeddable":true,"href":"https:\/\/blogs2.abo.fi\/etnologi-folkloristik-norden\/wp-json\/wp\/v2\/pages\/159"}],"wp:attachment":[{"href":"https:\/\/blogs2.abo.fi\/etnologi-folkloristik-norden\/wp-json\/wp\/v2\/media?parent=221"}],"curies":[{"name":"wp","href":"https:\/\/api.w.org\/{rel}","templated":true}]}}