{"id":214,"date":"2021-12-01T10:29:52","date_gmt":"2021-12-01T10:29:52","guid":{"rendered":"https:\/\/blogs2.abo.fi\/etnologi-folkloristik-norden\/?page_id=214"},"modified":"2022-06-27T08:29:32","modified_gmt":"2022-06-27T05:29:32","slug":"larosaten","status":"publish","type":"page","link":"https:\/\/blogs2.abo.fi\/etnologi-folkloristik-norden\/organisationer\/larosaten\/","title":{"rendered":"L\u00e4ros\u00e4ten"},"content":{"rendered":"<p>Var kan du studera etnologi, folkloristik eller n\u00e4rliggande \u00e4mnen i Norden? Nedan finns en lista \u00f6ver l\u00e4ros\u00e4ten som erbjuder utbildningsprogram i n\u00e5got av \u00e4mnena. Listan \u00e4r inte \u00e4nnu fullst\u00e4ndig, s\u00e5 k\u00e4nner du till ett l\u00e4ros\u00e4te som ska finnas med p\u00e5 listan, ta kontakt med <a href=\"mailto:etnofolk@abo.fi\">etnofolk@abo.fi<\/a><\/p>\n<p><strong>I Danmark:<br \/>\n<\/strong><a href=\"https:\/\/saxo.ku.dk\/forskning\/etnologi\/\">K\u00f8benhavns Universitet<\/a>\u00a0(etnologi)<\/p>\n<p><strong>I Finland:<br \/>\n<\/strong>Helsningfors universitet (<a href=\"https:\/\/www.helsinki.fi\/sv\/humanistiska-fakulteten\/forskning\/vetenskapsomraden\/kultur\/etnologi\">etnologi<\/a> &amp; <a href=\"https:\/\/www.helsinki.fi\/sv\/humanistiska-fakulteten\/forskning\/vetenskapsomraden\/kultur\/folkloristik\">folkloristik<\/a>)<br \/>\nJyv\u00e4skyl\u00e4 universitet (<a href=\"https:\/\/www.jyu.fi\/hytk\/fi\/laitokset\/hela\/en\">etnologi<\/a>)<br \/>\n\u00c5bo Akademi (<a href=\"https:\/\/www.abo.fi\/amnen\/nordisk-etnologi\/\">etnologi<\/a> &amp; <a href=\"https:\/\/www.abo.fi\/amnen\/nordisk-folkloristik\/\">folkloristik<\/a>)<br \/>\n\u00c5bo universitet (<a href=\"https:\/\/www.utu.fi\/en\/university\/faculty-of-humanities\/european-ethnology\">etnologi<\/a> &amp; <a href=\"https:\/\/www.utu.fi\/en\/university\/faculty-of-humanities\/folkloristics\">folkloristik<\/a>)<\/p>\n<p><strong>P\u00e5 Island:<br \/>\n<\/strong>University of Iceland (<a href=\"https:\/\/english.hi.is\/faculty_of_sociology_anthropology_and_folkloristics\">folkloristik<\/a>)<\/p>\n<p><strong>I Norge:<br \/>\n<\/strong>Universitetet i Bergen (<a href=\"https:\/\/www.uib.no\/ahkr\/21793\/kulturvitenskap\">kulturvitenskap<\/a>)<br \/>\nUniversitetet i Oslo (<a href=\"https:\/\/www.hf.uio.no\/ikos\/personer\/?vrtx=tags&amp;tag=Kulturhistorie&amp;resource-type=person&amp;sorting=resource%3Asurname%3Aasc&amp;sorting=resource%3AfirstName%3Aasc\">kulturhistorie<\/a>)<\/p>\n<p><strong>I Sverige:<br \/>\n<\/strong><a href=\"https:\/\/www.gu.se\/kulturvetenskaper\/var-forskarutbildning\/vara-forskarutbildningsamnen#Etnologi\">G\u00f6teborgs Universitet<\/a> (etnologi)<br \/>\n<a href=\"https:\/\/www.kultur.lu.se\">Lunds Universitet<\/a> (etnologi)<br \/>\n<a href=\"https:\/\/www.erg.su.se\/etnologi\">Stockholms universitet<\/a> (etnologi)<br \/>\n<a href=\"https:\/\/www.sh.se\/institutioner--amnen\/institutionen-for-historia-och-samtidsstudier\/etnologi\">S\u00f6dert\u00f6rns H\u00f6gskola<\/a> (etnologi)<br \/>\n<a href=\"https:\/\/www.antro.uu.se\">Uppsala Universitet<\/a> (etnologi)<br \/>\n<a href=\"https:\/\/www.umu.se\/utbildning\/amnen\/etnologi\/\">Ume\u00e5 Universitet<\/a> (etnologi)<\/p>\n","protected":false},"excerpt":{"rendered":"<p>Var kan du studera etnologi, folkloristik eller n\u00e4rliggande \u00e4mnen i Norden? Nedan finns en lista \u00f6ver l\u00e4ros\u00e4ten som erbjuder utbildningsprogram i n\u00e5got av \u00e4mnena. Listan \u00e4r inte \u00e4nnu fullst\u00e4ndig, s\u00e5 k\u00e4nner du till ett l\u00e4ros\u00e4te som ska finnas med p\u00e5 listan, ta kontakt med etnofolk@abo.fi I Danmark: K\u00f8benhavns Universitet\u00a0(etnologi) I Finland: Helsningfors universitet (etnologi &amp; &hellip; <a href=\"https:\/\/blogs2.abo.fi\/etnologi-folkloristik-norden\/organisationer\/larosaten\/\" class=\"more-link\">Forts\u00e4tt l\u00e4sa <span class=\"screen-reader-text\">L\u00e4ros\u00e4ten<\/span> <span class=\"meta-nav\">&rarr;<\/span><\/a><\/p>\n","protected":false},"author":645,"featured_media":0,"parent":67,"menu_order":0,"comment_status":"closed","ping_status":"closed","template":"","meta":{"footnotes":""},"class_list":["post-214","page","type-page","status-publish","hentry"],"_links":{"self":[{"href":"https:\/\/blogs2.abo.fi\/etnologi-folkloristik-norden\/wp-json\/wp\/v2\/pages\/214","targetHints":{"allow":["GET"]}}],"collection":[{"href":"https:\/\/blogs2.abo.fi\/etnologi-folkloristik-norden\/wp-json\/wp\/v2\/pages"}],"about":[{"href":"https:\/\/blogs2.abo.fi\/etnologi-folkloristik-norden\/wp-json\/wp\/v2\/types\/page"}],"author":[{"embeddable":true,"href":"https:\/\/blogs2.abo.fi\/etnologi-folkloristik-norden\/wp-json\/wp\/v2\/users\/645"}],"replies":[{"embeddable":true,"href":"https:\/\/blogs2.abo.fi\/etnologi-folkloristik-norden\/wp-json\/wp\/v2\/comments?post=214"}],"version-history":[{"count":14,"href":"https:\/\/blogs2.abo.fi\/etnologi-folkloristik-norden\/wp-json\/wp\/v2\/pages\/214\/revisions"}],"predecessor-version":[{"id":267,"href":"https:\/\/blogs2.abo.fi\/etnologi-folkloristik-norden\/wp-json\/wp\/v2\/pages\/214\/revisions\/267"}],"up":[{"embeddable":true,"href":"https:\/\/blogs2.abo.fi\/etnologi-folkloristik-norden\/wp-json\/wp\/v2\/pages\/67"}],"wp:attachment":[{"href":"https:\/\/blogs2.abo.fi\/etnologi-folkloristik-norden\/wp-json\/wp\/v2\/media?parent=214"}],"curies":[{"name":"wp","href":"https:\/\/api.w.org\/{rel}","templated":true}]}}