{"id":306,"date":"2018-05-26T12:05:52","date_gmt":"2018-05-26T10:05:52","guid":{"rendered":"http:\/\/blogs2.abo.fi\/eklasstandem\/?page_id=306"},"modified":"2018-06-05T12:28:25","modified_gmt":"2018-06-05T10:28:25","slug":"tandemparien-muodostaminen","status":"publish","type":"page","link":"https:\/\/blogs2.abo.fi\/eklasstandem\/tandemparien-muodostaminen\/","title":{"rendered":"Tandemparien muodostaminen"},"content":{"rendered":"<p>Opettajien toinen t\u00e4rke\u00e4 yhteinen teht\u00e4v\u00e4 on tandemparien muodostaminen, joka kannattaa tehd\u00e4 samalla kun suunnitellaan lukuvuoden eluokkatandemkurssien sis\u00e4lt\u00f6\u00e4. Oppilailta kannattaa jo etuk\u00e4teen kysy\u00e4 pariin ja yhteisty\u00f6h\u00f6n liittyvi\u00e4 toiveita, esimerkiksi haluavatko he ty\u00f6skennell\u00e4 tyt\u00f6n vai pojan kanssa, mit\u00e4 kiinnostuksen kohteita heill\u00e4 on jne. N\u00e4m\u00e4 toiveet voi mahdollisuuksien mukaan ottaa huomioon tandempareja muodostettaessa. Opettajien tulee kuitenkin kiinnitt\u00e4\u00e4 huomiota erityisesti oppilaiden taitotasoon. Parien yhteisty\u00f6lle tuo haasteita esimerkiksi se, jos tandempari muodostuu kahdesta hyvin hiljaisesta oppilaasta tai kahdesta kohdekieless\u00e4\u00e4n heikot perustaidot omaavasta oppilaasta. Kohdekieless\u00e4\u00e4n heikot perustaidot omaavan oppilaan onkin helpompi tehd\u00e4 yhteisty\u00f6t\u00e4 oman kohdekielens\u00e4 paremmin hallitsevan tandemparin kanssa, koska he voivat t\u00e4ll\u00f6in k\u00e4ytt\u00e4\u00e4 vahvempaa kielt\u00e4 apukielen\u00e4\u00e4n. Ei ole kuitenkaan hyv\u00e4, jos tandemparin kielitaidoissa on aivan liian suuri ero, koska toinen oppilas voi t\u00e4ll\u00f6in kokea oman kielitaitonsa aivan liian heikoksi.<\/p>\n<p>Ihanteellisinta on pyrki\u00e4 siihen, ett\u00e4 jokaisella oppilaalla olisi aina oma tandempari. Erot ryhm\u00e4koossa sek\u00e4 oppilaiden poissaolot vaikuttavat t\u00e4h\u00e4n aina jonkin verran, joten opettaja joutuu v\u00e4lill\u00e4 muodostamaan kolmen oppilaan ryhmi\u00e4. T\u00e4ll\u00f6in on t\u00e4rke\u00e4\u00e4, ett\u00e4 opettaja painottaa saman koulun oppilaille, ett\u00e4 he eiv\u00e4t voi keskustella vain kesken\u00e4\u00e4n omalla \u00e4idinkielell\u00e4\u00e4n, vaan yhteinen ty\u00f6skentely tapahtuu kulloinkin vuorossa olevalla tandemkielell\u00e4. Teht\u00e4v\u00e4t k\u00e4yd\u00e4\u00e4n aina l\u00e4pi kyseisen oppitunnin kohdekielell\u00e4 ja keskustelun tulee olla kohdekielen opiskelijalle sopivalla tasolla.<\/p>\n<p>Kolmen oppilaan ryhm\u00e4t toimivat my\u00f6s silloin, kun tandemkursseille osallistuu maahanmuuttajataustaisia oppilaita. Mik\u00e4li he hallitsevat oman koulukielens\u00e4 heikosti, tandemyhteisty\u00f6n haasteena voi olla se, ett\u00e4 he eiv\u00e4t pysty antamaan tandemparilleen riitt\u00e4v\u00e4sti tukea omassa koulukieless\u00e4\u00e4n eli parinsa kohdekieless\u00e4. Ratkaisuna t\u00e4h\u00e4n voivat olla kolmen henkil\u00f6n ryhm\u00e4t, joissa on mukana kaksi saman koulun oppilasta. T\u00e4ll\u00f6in\u00a0 maahanmuuttajataustainen oppilas saa samaan aikaan tukea sek\u00e4 kohdekieless\u00e4 ett\u00e4 koulukieless\u00e4 ja teht\u00e4viss\u00e4 on aina mukana molempien tandemkielten \u00e4idinkieliset k\u00e4ytt\u00e4j\u00e4t.<\/p>\n<p><a href=\"http:\/\/blogs2.abo.fi\/eklasstandem\/miten-paasta-alkuun\/\"><em>Takaisin<\/em><\/a><\/p>\n","protected":false},"excerpt":{"rendered":"<p>Opettajien toinen t\u00e4rke\u00e4 yhteinen teht\u00e4v\u00e4 on tandemparien muodostaminen, joka kannattaa tehd\u00e4 samalla kun suunnitellaan lukuvuoden eluokkatandemkurssien sis\u00e4lt\u00f6\u00e4. Oppilailta kannattaa jo etuk\u00e4teen kysy\u00e4 pariin ja yhteisty\u00f6h\u00f6n liittyvi\u00e4 toiveita, esimerkiksi haluavatko he ty\u00f6skennell\u00e4 tyt\u00f6n vai pojan kanssa, mit\u00e4 kiinnostuksen kohteita heill\u00e4 on &hellip; <a href=\"https:\/\/blogs2.abo.fi\/eklasstandem\/tandemparien-muodostaminen\/\">Forts\u00e4tt l\u00e4sa <span class=\"meta-nav\">&rarr;<\/span><\/a><\/p>\n","protected":false},"author":410,"featured_media":0,"parent":0,"menu_order":0,"comment_status":"closed","ping_status":"closed","template":"","meta":{"footnotes":""},"class_list":["post-306","page","type-page","status-publish","hentry"],"_links":{"self":[{"href":"https:\/\/blogs2.abo.fi\/eklasstandem\/wp-json\/wp\/v2\/pages\/306","targetHints":{"allow":["GET"]}}],"collection":[{"href":"https:\/\/blogs2.abo.fi\/eklasstandem\/wp-json\/wp\/v2\/pages"}],"about":[{"href":"https:\/\/blogs2.abo.fi\/eklasstandem\/wp-json\/wp\/v2\/types\/page"}],"author":[{"embeddable":true,"href":"https:\/\/blogs2.abo.fi\/eklasstandem\/wp-json\/wp\/v2\/users\/410"}],"replies":[{"embeddable":true,"href":"https:\/\/blogs2.abo.fi\/eklasstandem\/wp-json\/wp\/v2\/comments?post=306"}],"version-history":[{"count":3,"href":"https:\/\/blogs2.abo.fi\/eklasstandem\/wp-json\/wp\/v2\/pages\/306\/revisions"}],"predecessor-version":[{"id":773,"href":"https:\/\/blogs2.abo.fi\/eklasstandem\/wp-json\/wp\/v2\/pages\/306\/revisions\/773"}],"wp:attachment":[{"href":"https:\/\/blogs2.abo.fi\/eklasstandem\/wp-json\/wp\/v2\/media?parent=306"}],"curies":[{"name":"wp","href":"https:\/\/api.w.org\/{rel}","templated":true}]}}