{"id":149,"date":"2018-05-03T15:59:25","date_gmt":"2018-05-03T13:59:25","guid":{"rendered":"http:\/\/blogs2.abo.fi\/eklasstandem\/?page_id=149"},"modified":"2018-06-04T16:50:29","modified_gmt":"2018-06-04T14:50:29","slug":"kort-skrivuppgift-vykort","status":"publish","type":"page","link":"https:\/\/blogs2.abo.fi\/eklasstandem\/kort-skrivuppgift-vykort\/","title":{"rendered":"Kort skrivuppgift: Vykort"},"content":{"rendered":"<p>Kirjeen kirjoittaminen toimii hyvin eluokkatandemteht\u00e4v\u00e4n\u00e4. Oppilaat pohtivat aluksi yhdess\u00e4, mist\u00e4 asioista kirjoitetaan, eli molemmat ovat vastuussa tekstin asiasis\u00e4ll\u00f6st\u00e4. Ennen kirjoitusteht\u00e4v\u00e4n aloittamista kannattaa oppilaille n\u00e4ytt\u00e4\u00e4, kuinka tietokoneen ruudulle saa kaksi n\u00e4ytt\u00f6\u00e4. N\u00e4in he n\u00e4kev\u00e4t koko ajan toisensa ja pystyv\u00e4t samalla kirjoittamaan yhteiseen dokumenttiin. \u00c4idinkielisell\u00e4 voi olla paljonkin teht\u00e4v\u00e4\u00e4 kielen korjaamisessa, mutta oppilaita kannattaa muistuttaa siit\u00e4, ett\u00e4 valmiin tekstin tulee vastata kohdekielen kirjoittajan taitotasoa. Esimerkkiteht\u00e4v\u00e4n l\u00f6yd\u00e4t <a href=\"http:\/\/blogs2.abo.fi\/eklasstandem\/wp-content\/uploads\/sites\/91\/2018\/05\/Kortskrivuppgift-Vykort-1.pdf\" target=\"_blank\" rel=\"noopener\"><u>t\u00e4\u00e4lt\u00e4<\/u><\/a>.<\/p>\n<p><iframe loading=\"lazy\" title=\"Vykort fra\u030an Norden\" width=\"640\" height=\"360\" src=\"https:\/\/www.youtube.com\/embed\/1HnAnXQBg98?feature=oembed\" frameborder=\"0\" allow=\"accelerometer; autoplay; clipboard-write; encrypted-media; gyroscope; picture-in-picture; web-share\" referrerpolicy=\"strict-origin-when-cross-origin\" allowfullscreen><\/iframe><\/p>\n<p><a href=\"http:\/\/blogs2.abo.fi\/eklasstandem\/kirjoitustehtavat\/\"><em>Takaisin<\/em><\/a><\/p>\n","protected":false},"excerpt":{"rendered":"<p>Kirjeen kirjoittaminen toimii hyvin eluokkatandemteht\u00e4v\u00e4n\u00e4. Oppilaat pohtivat aluksi yhdess\u00e4, mist\u00e4 asioista kirjoitetaan, eli molemmat ovat vastuussa tekstin asiasis\u00e4ll\u00f6st\u00e4. Ennen kirjoitusteht\u00e4v\u00e4n aloittamista kannattaa oppilaille n\u00e4ytt\u00e4\u00e4, kuinka tietokoneen ruudulle saa kaksi n\u00e4ytt\u00f6\u00e4. N\u00e4in he n\u00e4kev\u00e4t koko ajan toisensa ja pystyv\u00e4t samalla kirjoittamaan &hellip; <a href=\"https:\/\/blogs2.abo.fi\/eklasstandem\/kort-skrivuppgift-vykort\/\">Forts\u00e4tt l\u00e4sa <span class=\"meta-nav\">&rarr;<\/span><\/a><\/p>\n","protected":false},"author":410,"featured_media":0,"parent":0,"menu_order":0,"comment_status":"closed","ping_status":"closed","template":"","meta":{"footnotes":""},"class_list":["post-149","page","type-page","status-publish","hentry"],"_links":{"self":[{"href":"https:\/\/blogs2.abo.fi\/eklasstandem\/wp-json\/wp\/v2\/pages\/149","targetHints":{"allow":["GET"]}}],"collection":[{"href":"https:\/\/blogs2.abo.fi\/eklasstandem\/wp-json\/wp\/v2\/pages"}],"about":[{"href":"https:\/\/blogs2.abo.fi\/eklasstandem\/wp-json\/wp\/v2\/types\/page"}],"author":[{"embeddable":true,"href":"https:\/\/blogs2.abo.fi\/eklasstandem\/wp-json\/wp\/v2\/users\/410"}],"replies":[{"embeddable":true,"href":"https:\/\/blogs2.abo.fi\/eklasstandem\/wp-json\/wp\/v2\/comments?post=149"}],"version-history":[{"count":4,"href":"https:\/\/blogs2.abo.fi\/eklasstandem\/wp-json\/wp\/v2\/pages\/149\/revisions"}],"predecessor-version":[{"id":730,"href":"https:\/\/blogs2.abo.fi\/eklasstandem\/wp-json\/wp\/v2\/pages\/149\/revisions\/730"}],"wp:attachment":[{"href":"https:\/\/blogs2.abo.fi\/eklasstandem\/wp-json\/wp\/v2\/media?parent=149"}],"curies":[{"name":"wp","href":"https:\/\/api.w.org\/{rel}","templated":true}]}}