{"id":142,"date":"2018-05-03T15:57:05","date_gmt":"2018-05-03T13:57:05","guid":{"rendered":"http:\/\/blogs2.abo.fi\/eklasstandem\/?page_id=142"},"modified":"2018-06-05T12:49:49","modified_gmt":"2018-06-05T10:49:49","slug":"las-oversatt-och-skriv-att-lasa-tidningar","status":"publish","type":"page","link":"https:\/\/blogs2.abo.fi\/eklasstandem\/las-oversatt-och-skriv-att-lasa-tidningar\/","title":{"rendered":"L\u00e4s, \u00f6vers\u00e4tt och skriv: Att l\u00e4sa tidningar"},"content":{"rendered":"<p>Media-aihetta k\u00e4sitelt\u00e4ess\u00e4 kannattaa hy\u00f6dynt\u00e4\u00e4 autenttista ja ajankohtaista materiaalia (esim. nettilehti\u00e4). Tandemparin paikkakunnasta ja kotiseudusta saa paljon tietoa jo uutisotsikoita lukemalla. Teht\u00e4v\u00e4n voi suorittaa my\u00f6s kaksikielisesti hy\u00f6dynt\u00e4m\u00e4ll\u00e4 v\u00e4lill\u00e4 suomenkielisi\u00e4 sanomalehti\u00e4. Esimerkkiteht\u00e4v\u00e4n l\u00f6yd\u00e4t <a href=\"http:\/\/blogs2.abo.fi\/eklasstandem\/wp-content\/uploads\/sites\/91\/2018\/05\/L\u2030s-\u02c6vers\u2030tt-och-skriv-Att-l\u2030sa-tidningar.pdf\" target=\"_blank\" rel=\"noopener\"><u>t\u00e4\u00e4lt\u00e4<\/u><\/a>.<\/p>\n<p><a href=\"http:\/\/blogs2.abo.fi\/eklasstandem\/lukemis-ja-aantamisharjoitukset\/\"><em>Takaisin<\/em><\/a><\/p>\n","protected":false},"excerpt":{"rendered":"<p>Media-aihetta k\u00e4sitelt\u00e4ess\u00e4 kannattaa hy\u00f6dynt\u00e4\u00e4 autenttista ja ajankohtaista materiaalia (esim. nettilehti\u00e4). Tandemparin paikkakunnasta ja kotiseudusta saa paljon tietoa jo uutisotsikoita lukemalla. Teht\u00e4v\u00e4n voi suorittaa my\u00f6s kaksikielisesti hy\u00f6dynt\u00e4m\u00e4ll\u00e4 v\u00e4lill\u00e4 suomenkielisi\u00e4 sanomalehti\u00e4. Esimerkkiteht\u00e4v\u00e4n l\u00f6yd\u00e4t t\u00e4\u00e4lt\u00e4. Takaisin<\/p>\n","protected":false},"author":410,"featured_media":0,"parent":0,"menu_order":0,"comment_status":"closed","ping_status":"closed","template":"","meta":{"footnotes":""},"class_list":["post-142","page","type-page","status-publish","hentry"],"_links":{"self":[{"href":"https:\/\/blogs2.abo.fi\/eklasstandem\/wp-json\/wp\/v2\/pages\/142","targetHints":{"allow":["GET"]}}],"collection":[{"href":"https:\/\/blogs2.abo.fi\/eklasstandem\/wp-json\/wp\/v2\/pages"}],"about":[{"href":"https:\/\/blogs2.abo.fi\/eklasstandem\/wp-json\/wp\/v2\/types\/page"}],"author":[{"embeddable":true,"href":"https:\/\/blogs2.abo.fi\/eklasstandem\/wp-json\/wp\/v2\/users\/410"}],"replies":[{"embeddable":true,"href":"https:\/\/blogs2.abo.fi\/eklasstandem\/wp-json\/wp\/v2\/comments?post=142"}],"version-history":[{"count":4,"href":"https:\/\/blogs2.abo.fi\/eklasstandem\/wp-json\/wp\/v2\/pages\/142\/revisions"}],"predecessor-version":[{"id":791,"href":"https:\/\/blogs2.abo.fi\/eklasstandem\/wp-json\/wp\/v2\/pages\/142\/revisions\/791"}],"wp:attachment":[{"href":"https:\/\/blogs2.abo.fi\/eklasstandem\/wp-json\/wp\/v2\/media?parent=142"}],"curies":[{"name":"wp","href":"https:\/\/api.w.org\/{rel}","templated":true}]}}