{"id":105,"date":"2018-05-02T17:34:48","date_gmt":"2018-05-02T15:34:48","guid":{"rendered":"http:\/\/blogs2.abo.fi\/eklasstandem\/?page_id=105"},"modified":"2018-06-04T16:28:39","modified_gmt":"2018-06-04T14:28:39","slug":"keskustelukysymyksia-kesatyo","status":"publish","type":"page","link":"https:\/\/blogs2.abo.fi\/eklasstandem\/keskustelukysymyksia-kesatyo\/","title":{"rendered":"Keskustelukysymyksi\u00e4: Kes\u00e4ty\u00f6"},"content":{"rendered":"<p>Syftet med denna uppgift \u00e4r att eleverna kan reagera och svara p\u00e5 fr\u00e5gor som tandempartnern st\u00e4ller dem samt p\u00e5 ett m\u00e5ngsidigt s\u00e4tt ber\u00e4tta om sitt sommarjobb. Man kan ge eleverna fr\u00e5gorna i f\u00f6rv\u00e4g s\u00e5 att de kan f\u00f6rbereda sig inf\u00f6r diskussionen hemma. Detta kan leda till m\u00e5ngsidigare diskussion kring fr\u00e5gorna och temat. Exempeluppgiften hittar du <a href=\"http:\/\/blogs2.abo.fi\/eklasstandem\/wp-content\/uploads\/sites\/91\/2018\/05\/Keskustelukysymyksi\u2030-Kes\u2030ty\u02c6.pdf\" target=\"_blank\" rel=\"noopener\"><u>h\u00e4r<\/u><\/a>\u00a0.<\/p>\n<p><a href=\"http:\/\/blogs2.abo.fi\/eklasstandem\/dialogit-ja-keskustelutehtavat\/\"><em>Tillbaka<\/em><\/a><\/p>\n","protected":false},"excerpt":{"rendered":"<p>Syftet med denna uppgift \u00e4r att eleverna kan reagera och svara p\u00e5 fr\u00e5gor som tandempartnern st\u00e4ller dem samt p\u00e5 ett m\u00e5ngsidigt s\u00e4tt ber\u00e4tta om sitt sommarjobb. Man kan ge eleverna fr\u00e5gorna i f\u00f6rv\u00e4g s\u00e5 att de kan f\u00f6rbereda sig inf\u00f6r &hellip; <a href=\"https:\/\/blogs2.abo.fi\/eklasstandem\/keskustelukysymyksia-kesatyo\/\">Forts\u00e4tt l\u00e4sa <span class=\"meta-nav\">&rarr;<\/span><\/a><\/p>\n","protected":false},"author":410,"featured_media":0,"parent":0,"menu_order":0,"comment_status":"closed","ping_status":"closed","template":"","meta":{"footnotes":""},"class_list":["post-105","page","type-page","status-publish","hentry"],"_links":{"self":[{"href":"https:\/\/blogs2.abo.fi\/eklasstandem\/wp-json\/wp\/v2\/pages\/105","targetHints":{"allow":["GET"]}}],"collection":[{"href":"https:\/\/blogs2.abo.fi\/eklasstandem\/wp-json\/wp\/v2\/pages"}],"about":[{"href":"https:\/\/blogs2.abo.fi\/eklasstandem\/wp-json\/wp\/v2\/types\/page"}],"author":[{"embeddable":true,"href":"https:\/\/blogs2.abo.fi\/eklasstandem\/wp-json\/wp\/v2\/users\/410"}],"replies":[{"embeddable":true,"href":"https:\/\/blogs2.abo.fi\/eklasstandem\/wp-json\/wp\/v2\/comments?post=105"}],"version-history":[{"count":3,"href":"https:\/\/blogs2.abo.fi\/eklasstandem\/wp-json\/wp\/v2\/pages\/105\/revisions"}],"predecessor-version":[{"id":711,"href":"https:\/\/blogs2.abo.fi\/eklasstandem\/wp-json\/wp\/v2\/pages\/105\/revisions\/711"}],"wp:attachment":[{"href":"https:\/\/blogs2.abo.fi\/eklasstandem\/wp-json\/wp\/v2\/media?parent=105"}],"curies":[{"name":"wp","href":"https:\/\/api.w.org\/{rel}","templated":true}]}}