{"id":103,"date":"2018-05-02T17:34:19","date_gmt":"2018-05-02T15:34:19","guid":{"rendered":"http:\/\/blogs2.abo.fi\/eklasstandem\/?page_id=103"},"modified":"2018-06-04T16:27:59","modified_gmt":"2018-06-04T14:27:59","slug":"mind-map-fortsatta-studier","status":"publish","type":"page","link":"https:\/\/blogs2.abo.fi\/eklasstandem\/mind-map-fortsatta-studier\/","title":{"rendered":"Mind map: Fortsatta studier"},"content":{"rendered":"<p>Miellekartta-tyyppiset teht\u00e4v\u00e4t toimivat hyvin mink\u00e4 teeman kanssa tahansa. Aiheesta on helppo kertoa, kun siit\u00e4 on selke\u00e4t avainsanat tai kysymykset. Tulevaisuuden suunnitelmista on mielenkiintoista keskustella samanik\u00e4isen kaverin kanssa, sill\u00e4 aihe on molemmille ajankohtainen. Esimerkkiteht\u00e4v\u00e4n l\u00f6yd\u00e4t <a href=\"http:\/\/blogs2.abo.fi\/eklasstandem\/wp-content\/uploads\/sites\/91\/2018\/05\/Mind-map-Fortsatta-studier.pdf\" target=\"_blank\" rel=\"noopener\"><u>t\u00e4\u00e4lt\u00e4<\/u><\/a>\u00a0.<\/p>\n<p><iframe loading=\"lazy\" title=\"Fortsatta studier\" width=\"640\" height=\"360\" src=\"https:\/\/www.youtube.com\/embed\/sukgGEAAy6o?feature=oembed\" frameborder=\"0\" allow=\"accelerometer; autoplay; clipboard-write; encrypted-media; gyroscope; picture-in-picture; web-share\" referrerpolicy=\"strict-origin-when-cross-origin\" allowfullscreen><\/iframe><\/p>\n<p><a href=\"http:\/\/blogs2.abo.fi\/eklasstandem\/dialogit-ja-keskustelutehtavat\/\"><em>Takaisin<\/em><\/a><\/p>\n","protected":false},"excerpt":{"rendered":"<p>Miellekartta-tyyppiset teht\u00e4v\u00e4t toimivat hyvin mink\u00e4 teeman kanssa tahansa. Aiheesta on helppo kertoa, kun siit\u00e4 on selke\u00e4t avainsanat tai kysymykset. Tulevaisuuden suunnitelmista on mielenkiintoista keskustella samanik\u00e4isen kaverin kanssa, sill\u00e4 aihe on molemmille ajankohtainen. Esimerkkiteht\u00e4v\u00e4n l\u00f6yd\u00e4t t\u00e4\u00e4lt\u00e4\u00a0. Takaisin<\/p>\n","protected":false},"author":410,"featured_media":0,"parent":0,"menu_order":0,"comment_status":"closed","ping_status":"closed","template":"","meta":{"footnotes":""},"class_list":["post-103","page","type-page","status-publish","hentry"],"_links":{"self":[{"href":"https:\/\/blogs2.abo.fi\/eklasstandem\/wp-json\/wp\/v2\/pages\/103","targetHints":{"allow":["GET"]}}],"collection":[{"href":"https:\/\/blogs2.abo.fi\/eklasstandem\/wp-json\/wp\/v2\/pages"}],"about":[{"href":"https:\/\/blogs2.abo.fi\/eklasstandem\/wp-json\/wp\/v2\/types\/page"}],"author":[{"embeddable":true,"href":"https:\/\/blogs2.abo.fi\/eklasstandem\/wp-json\/wp\/v2\/users\/410"}],"replies":[{"embeddable":true,"href":"https:\/\/blogs2.abo.fi\/eklasstandem\/wp-json\/wp\/v2\/comments?post=103"}],"version-history":[{"count":4,"href":"https:\/\/blogs2.abo.fi\/eklasstandem\/wp-json\/wp\/v2\/pages\/103\/revisions"}],"predecessor-version":[{"id":710,"href":"https:\/\/blogs2.abo.fi\/eklasstandem\/wp-json\/wp\/v2\/pages\/103\/revisions\/710"}],"wp:attachment":[{"href":"https:\/\/blogs2.abo.fi\/eklasstandem\/wp-json\/wp\/v2\/media?parent=103"}],"curies":[{"name":"wp","href":"https:\/\/api.w.org\/{rel}","templated":true}]}}