{"id":55,"date":"2018-03-02T11:55:20","date_gmt":"2018-03-02T09:55:20","guid":{"rendered":"http:\/\/blogs2.abo.fi\/dimm\/?page_id=55"},"modified":"2018-03-28T14:54:05","modified_gmt":"2018-03-28T11:54:05","slug":"amatormusik","status":"publish","type":"page","link":"https:\/\/blogs2.abo.fi\/dimm\/projektet\/amatormusik\/","title":{"rendered":"Amat\u00f6rmusicerandets digitala stigar"},"content":{"rendered":"<p>Delprojektet utreder hur digitaliseringen inverkar p\u00e5 amat\u00f6rmusicerandet och hur amat\u00f6rmusikerna kommer in p\u00e5 olika s\u00e4tt att musicera. \u00c4mnet studeras med hj\u00e4lp av fr\u00e5gelistor och f\u00e4ltarbete bland ett antal finlandssvenska ensembler, men ocks\u00e5 bland amat\u00f6rmusiker utanf\u00f6r det organiserade finlandssvenska f\u00f6reningslivet. P\u00e5 s\u00e5 s\u00e4tt belyses hur man i amat\u00f6rmusikerf\u00e4ltet i dag tacklar fr\u00e5gor om estetiska ambitioner och social sammanh\u00e5llning.<\/p>\n<p>&nbsp;<\/p>\n","protected":false},"excerpt":{"rendered":"<p>Delprojektet utreder hur digitaliseringen inverkar p\u00e5 amat\u00f6rmusicerandet och hur amat\u00f6rmusikerna kommer in p\u00e5 olika s\u00e4tt att musicera. \u00c4mnet studeras med hj\u00e4lp av fr\u00e5gelistor och f\u00e4ltarbete bland ett antal finlandssvenska ensembler, men ocks\u00e5 bland amat\u00f6rmusiker utanf\u00f6r det organiserade finlandssvenska f\u00f6reningslivet. P\u00e5 &hellip; <a href=\"https:\/\/blogs2.abo.fi\/dimm\/projektet\/amatormusik\/\">Continue reading <span class=\"meta-nav\">&rarr;<\/span><\/a><\/p>\n","protected":false},"author":399,"featured_media":0,"parent":42,"menu_order":0,"comment_status":"closed","ping_status":"closed","template":"","meta":{"footnotes":""},"class_list":["post-55","page","type-page","status-publish","hentry"],"_links":{"self":[{"href":"https:\/\/blogs2.abo.fi\/dimm\/wp-json\/wp\/v2\/pages\/55","targetHints":{"allow":["GET"]}}],"collection":[{"href":"https:\/\/blogs2.abo.fi\/dimm\/wp-json\/wp\/v2\/pages"}],"about":[{"href":"https:\/\/blogs2.abo.fi\/dimm\/wp-json\/wp\/v2\/types\/page"}],"author":[{"embeddable":true,"href":"https:\/\/blogs2.abo.fi\/dimm\/wp-json\/wp\/v2\/users\/399"}],"replies":[{"embeddable":true,"href":"https:\/\/blogs2.abo.fi\/dimm\/wp-json\/wp\/v2\/comments?post=55"}],"version-history":[{"count":5,"href":"https:\/\/blogs2.abo.fi\/dimm\/wp-json\/wp\/v2\/pages\/55\/revisions"}],"predecessor-version":[{"id":235,"href":"https:\/\/blogs2.abo.fi\/dimm\/wp-json\/wp\/v2\/pages\/55\/revisions\/235"}],"up":[{"embeddable":true,"href":"https:\/\/blogs2.abo.fi\/dimm\/wp-json\/wp\/v2\/pages\/42"}],"wp:attachment":[{"href":"https:\/\/blogs2.abo.fi\/dimm\/wp-json\/wp\/v2\/media?parent=55"}],"curies":[{"name":"wp","href":"https:\/\/api.w.org\/{rel}","templated":true}]}}