{"id":53,"date":"2018-03-02T11:55:09","date_gmt":"2018-03-02T09:55:09","guid":{"rendered":"http:\/\/blogs2.abo.fi\/dimm\/?page_id=53"},"modified":"2018-03-28T14:54:32","modified_gmt":"2018-03-28T11:54:32","slug":"konstmusik","status":"publish","type":"page","link":"https:\/\/blogs2.abo.fi\/dimm\/projektet\/konstmusik\/","title":{"rendered":"Konstmusik, digitalisering och minoritetstillh\u00f6righet"},"content":{"rendered":"<p>Digitalteknologins betydelse f\u00f6r konstmusikf\u00e4ltet studeras med speciell fokus p\u00e5 operaproduktioner. Projektet analyserar hur ny teknologi p\u00e5verkar konstn\u00e4rligt uttryck, administration, publikkontakt och estetiska ideal. I delprojektet studeras operaf\u00f6rest\u00e4llningar i Svenskfinland, som p\u00e5 olika s\u00e4tt aktualiserar fr\u00e5gor om lokal och spr\u00e5klig tillh\u00f6righet.<\/p>\n<p>&nbsp;<\/p>\n","protected":false},"excerpt":{"rendered":"<p>Digitalteknologins betydelse f\u00f6r konstmusikf\u00e4ltet studeras med speciell fokus p\u00e5 operaproduktioner. Projektet analyserar hur ny teknologi p\u00e5verkar konstn\u00e4rligt uttryck, administration, publikkontakt och estetiska ideal. I delprojektet studeras operaf\u00f6rest\u00e4llningar i Svenskfinland, som p\u00e5 olika s\u00e4tt aktualiserar fr\u00e5gor om lokal och spr\u00e5klig tillh\u00f6righet. &hellip; <a href=\"https:\/\/blogs2.abo.fi\/dimm\/projektet\/konstmusik\/\">Continue reading <span class=\"meta-nav\">&rarr;<\/span><\/a><\/p>\n","protected":false},"author":399,"featured_media":0,"parent":42,"menu_order":0,"comment_status":"closed","ping_status":"closed","template":"","meta":{"footnotes":""},"class_list":["post-53","page","type-page","status-publish","hentry"],"_links":{"self":[{"href":"https:\/\/blogs2.abo.fi\/dimm\/wp-json\/wp\/v2\/pages\/53","targetHints":{"allow":["GET"]}}],"collection":[{"href":"https:\/\/blogs2.abo.fi\/dimm\/wp-json\/wp\/v2\/pages"}],"about":[{"href":"https:\/\/blogs2.abo.fi\/dimm\/wp-json\/wp\/v2\/types\/page"}],"author":[{"embeddable":true,"href":"https:\/\/blogs2.abo.fi\/dimm\/wp-json\/wp\/v2\/users\/399"}],"replies":[{"embeddable":true,"href":"https:\/\/blogs2.abo.fi\/dimm\/wp-json\/wp\/v2\/comments?post=53"}],"version-history":[{"count":5,"href":"https:\/\/blogs2.abo.fi\/dimm\/wp-json\/wp\/v2\/pages\/53\/revisions"}],"predecessor-version":[{"id":237,"href":"https:\/\/blogs2.abo.fi\/dimm\/wp-json\/wp\/v2\/pages\/53\/revisions\/237"}],"up":[{"embeddable":true,"href":"https:\/\/blogs2.abo.fi\/dimm\/wp-json\/wp\/v2\/pages\/42"}],"wp:attachment":[{"href":"https:\/\/blogs2.abo.fi\/dimm\/wp-json\/wp\/v2\/media?parent=53"}],"curies":[{"name":"wp","href":"https:\/\/api.w.org\/{rel}","templated":true}]}}