{"id":48,"date":"2018-03-02T11:54:46","date_gmt":"2018-03-02T09:54:46","guid":{"rendered":"http:\/\/blogs2.abo.fi\/dimm\/?page_id=48"},"modified":"2018-09-07T12:01:21","modified_gmt":"2018-09-07T09:01:21","slug":"folkmusik","status":"publish","type":"page","link":"https:\/\/blogs2.abo.fi\/dimm\/projektet\/folkmusik\/","title":{"rendered":"Digitalisering och folkmusik"},"content":{"rendered":"<p>I delprojektet analyseras hur digitalteknologi p\u00e5verkar arkivering, f\u00f6rmedling och skapande av folkmusik. B\u00e5de professionella musiker och amat\u00f6rmusiker tillfr\u00e5gas genom fr\u00e5gelistor och intervjuer om sina v\u00e4rderingar i f\u00f6rh\u00e5llande till folkmusiken, hur de arbetar och vilka f\u00f6rv\u00e4ntningar de har p\u00e5 samlingarna av folkmusik. Dessutom analyseras enskilda folkmusikers skapandeprocesser och inst\u00e4llning till teknologisk utveckling i en starkt traditionsbunden kultur.<\/p>\n","protected":false},"excerpt":{"rendered":"<p>I delprojektet analyseras hur digitalteknologi p\u00e5verkar arkivering, f\u00f6rmedling och skapande av folkmusik. B\u00e5de professionella musiker och amat\u00f6rmusiker tillfr\u00e5gas genom fr\u00e5gelistor och intervjuer om sina v\u00e4rderingar i f\u00f6rh\u00e5llande till folkmusiken, hur de arbetar och vilka f\u00f6rv\u00e4ntningar de har p\u00e5 samlingarna av &hellip; <a href=\"https:\/\/blogs2.abo.fi\/dimm\/projektet\/folkmusik\/\">Continue reading <span class=\"meta-nav\">&rarr;<\/span><\/a><\/p>\n","protected":false},"author":399,"featured_media":0,"parent":42,"menu_order":0,"comment_status":"closed","ping_status":"closed","template":"","meta":{"footnotes":""},"class_list":["post-48","page","type-page","status-publish","hentry"],"_links":{"self":[{"href":"https:\/\/blogs2.abo.fi\/dimm\/wp-json\/wp\/v2\/pages\/48","targetHints":{"allow":["GET"]}}],"collection":[{"href":"https:\/\/blogs2.abo.fi\/dimm\/wp-json\/wp\/v2\/pages"}],"about":[{"href":"https:\/\/blogs2.abo.fi\/dimm\/wp-json\/wp\/v2\/types\/page"}],"author":[{"embeddable":true,"href":"https:\/\/blogs2.abo.fi\/dimm\/wp-json\/wp\/v2\/users\/399"}],"replies":[{"embeddable":true,"href":"https:\/\/blogs2.abo.fi\/dimm\/wp-json\/wp\/v2\/comments?post=48"}],"version-history":[{"count":9,"href":"https:\/\/blogs2.abo.fi\/dimm\/wp-json\/wp\/v2\/pages\/48\/revisions"}],"predecessor-version":[{"id":287,"href":"https:\/\/blogs2.abo.fi\/dimm\/wp-json\/wp\/v2\/pages\/48\/revisions\/287"}],"up":[{"embeddable":true,"href":"https:\/\/blogs2.abo.fi\/dimm\/wp-json\/wp\/v2\/pages\/42"}],"wp:attachment":[{"href":"https:\/\/blogs2.abo.fi\/dimm\/wp-json\/wp\/v2\/media?parent=48"}],"curies":[{"name":"wp","href":"https:\/\/api.w.org\/{rel}","templated":true}]}}