{"id":278,"date":"2018-08-18T12:12:06","date_gmt":"2018-08-18T09:12:06","guid":{"rendered":"http:\/\/blogs2.abo.fi\/dimm\/?page_id=278"},"modified":"2020-10-12T16:06:41","modified_gmt":"2020-10-12T13:06:41","slug":"news","status":"publish","type":"page","link":"https:\/\/blogs2.abo.fi\/dimm\/news\/","title":{"rendered":"News"},"content":{"rendered":"<p><strong>Tack!<\/strong><\/p>\n<p>Projektgruppen tackar alla som medverkat i projektets fyra fr\u00e5gelistor och alla som st\u00e4llt upp p\u00e5 intervjuer. Arbetet fortskrider nu med en projektantologi och andra publikationer.<\/p>\n","protected":false},"excerpt":{"rendered":"<p>Tack! Projektgruppen tackar alla som medverkat i projektets fyra fr\u00e5gelistor och alla som st\u00e4llt upp p\u00e5 intervjuer. Arbetet fortskrider nu med en projektantologi och andra publikationer.<\/p>\n","protected":false},"author":399,"featured_media":0,"parent":0,"menu_order":0,"comment_status":"closed","ping_status":"closed","template":"","meta":{"footnotes":""},"class_list":["post-278","page","type-page","status-publish","hentry"],"_links":{"self":[{"href":"https:\/\/blogs2.abo.fi\/dimm\/wp-json\/wp\/v2\/pages\/278","targetHints":{"allow":["GET"]}}],"collection":[{"href":"https:\/\/blogs2.abo.fi\/dimm\/wp-json\/wp\/v2\/pages"}],"about":[{"href":"https:\/\/blogs2.abo.fi\/dimm\/wp-json\/wp\/v2\/types\/page"}],"author":[{"embeddable":true,"href":"https:\/\/blogs2.abo.fi\/dimm\/wp-json\/wp\/v2\/users\/399"}],"replies":[{"embeddable":true,"href":"https:\/\/blogs2.abo.fi\/dimm\/wp-json\/wp\/v2\/comments?post=278"}],"version-history":[{"count":10,"href":"https:\/\/blogs2.abo.fi\/dimm\/wp-json\/wp\/v2\/pages\/278\/revisions"}],"predecessor-version":[{"id":307,"href":"https:\/\/blogs2.abo.fi\/dimm\/wp-json\/wp\/v2\/pages\/278\/revisions\/307"}],"wp:attachment":[{"href":"https:\/\/blogs2.abo.fi\/dimm\/wp-json\/wp\/v2\/media?parent=278"}],"curies":[{"name":"wp","href":"https:\/\/api.w.org\/{rel}","templated":true}]}}