{"id":3085,"date":"2016-08-04T10:13:40","date_gmt":"2016-08-04T07:13:40","guid":{"rendered":"http:\/\/dididi.fi\/?page_id=3085"},"modified":"2018-06-13T07:34:18","modified_gmt":"2018-06-13T07:34:18","slug":"medietanken2017","status":"publish","type":"page","link":"https:\/\/blogs2.abo.fi\/dididi\/arkiv\/medietanken2017\/","title":{"rendered":"Medietanken 2017"},"content":{"rendered":"<p><img loading=\"lazy\" decoding=\"async\" class=\"wp-image-3169 aligncenter\" src=\"https:\/\/projektdididi.files.wordpress.com\/2016\/08\/webb_logo.jpg\" alt=\"webb_logo\" width=\"960\" height=\"429\" \/><\/p>\n<p style=\"text-align: center\"><a href=\"#program\">Program<\/a>\u00a0|\u00a0<a href=\"#info\">Praktisk info<\/a>\u00a0| <a href=\"#keynotes\">Keynotes<\/a>\u00a0|\u00a0<a href=\"#dialoggrupper\">Dialoggrupper<\/a>\u00a0|\u00a0<a href=\"#vinjett\">Vinjett<\/a><\/p>\n<h3><strong>Tack till alla medverkande och deltagare i\u00a0Medietanken 2017 som h\u00f6lls vid \u00c5bo Akademi i Vasa (Academill, Strandgatan 2) 19.1.2017!<\/strong><\/h3>\n<p>Medietanken var\u00a0en\u00a0seminariedag f\u00f6r l\u00e4rare, rektorer, l\u00e4rarstuderande och andra som \u00e4r intresserade av hur digitaliseringen f\u00f6r\u00e4ndrar l\u00e4randet och verksamheten i v\u00e5ra skolor. Vi st\u00e4llde in v\u00e5ra digitala medier och verktyg p\u00e5 \u201dskoll\u00e4ge\u201d och lyfte fram temat <strong>&#8221;Verksamhetskulturen i den digitala skolan&#8221;<\/strong>. Dagen bestod av f\u00f6rel\u00e4sningar och dialogtimmar.<\/p>\n<p>H\u00e4r kan du ta del av\u00a0seminariedagens inledning <a href=\"https:\/\/www.youtube.com\/watch?v=ANeABF8Y8Z8\" target=\"_blank\" rel=\"noopener\">med Yvonne Backholm och den f\u00f6rsta keynoten med Charlotta Hilli och Linda Mannila<\/a>. (Vi beklagar vissa ljudproblem i b\u00f6rjan av videoklippet.<\/p>\n<p>H\u00e4rkan du titta p\u00e5 den\u00a0andra <a href=\"https:\/\/www.youtube.com\/watch?v=GWhrC9n6hCc\" target=\"_blank\" rel=\"noopener\">keynoten med Cristina Andersson<\/a>.<\/p>\n<p>**************<a name=\"program\"><\/a><\/p>\n<h3>PROGRAM<\/h3>\n<p>09.00 \u2013 10.00 Registrering &amp; kaffe<\/p>\n<p>10.00 \u2013 10.10 Inledning: moderator Yvonne Backholm<\/p>\n<p>10.10 \u2013 10.50 Keynote:\u00a0Charlotta Hilli och Linda Mannila<\/p>\n<p>11.00 \u2013 12.00 Dialoggrupp 1<\/p>\n<p>12.00 \u2013 13.15 Lunch (p\u00e5 egen bekostnad)<\/p>\n<p>13.15 \u2013 14.15 Dialoggrupp 2<\/p>\n<p>14.15 \u2013 14.45 Kaffe<\/p>\n<p>14.45 \u2013 15.30 Keynote: Cristina Andersson<\/p>\n<p>15.30 \u2013 15.45 Avslutning: moderator Yvonne Backholm<\/p>\n<p>&nbsp;<\/p>\n<p>**************<a name=\"info\"><\/a><\/p>\n<h3><strong>PRAKTISK INFO<\/strong><\/h3>\n<p>Dagen b\u00f6rjar kl 10 i Akademisalen i Academill. F\u00f6re det h\u00e4mtar alla deltagare en namnskylt fr\u00e5n registreringen vid trapporna (n\u00e4ra kapprumet ) p\u00e5 v\u00e5ning 2. Efter kl 10 s\u00e4tter vi namnskyltarna p\u00e5 ett bord vid d\u00f6rren utanf\u00f6r akademisalen. Den som kommer senare kan ta sin skylt h\u00e4r. F\u00f6r att undvika l\u00e5nga k\u00f6er uppmanas den som har m\u00f6jlighet att komma i god tid f\u00f6r att h\u00e4mta sin namnskylt.<\/p>\n<p>Deltagarlistor f\u00f6r de olika dialoggrupperna, samt rumsf\u00f6rdelning finns p\u00e5 anslagstavlor vid registreringen. L\u00f6senord f\u00f6r tr\u00e5dl\u00f6st n\u00e4tverk finns p\u00e5 anslagstavlan, samt i grupprummen.<\/p>\n<p>Inga program i form av papper kommer att delas ut under dagen, d\u00e4rf\u00f6r hoppas vi att deltagare anv\u00e4nder sig av denna sida och framf\u00f6r allt sociala medier f\u00f6r information.<\/p>\n<p>Vi anv\u00e4nder <strong>#medietanken2017<\/strong> f\u00f6r fl\u00f6det p\u00e5 sociala medier!<\/p>\n<p>p\u00e5 Facebook (<a href=\"https:\/\/www.facebook.com\/medietanken2017\" target=\"_blank\" rel=\"noopener\">https:\/\/www.facebook.com\/medietanken2017<\/a>)<\/p>\n<p>p\u00e5 Youtube (<a href=\"https:\/\/www.youtube.com\/user\/dididiforallavasa\/\" target=\"_blank\" rel=\"noopener\">https:\/\/www.youtube.com\/user\/dididiforallavasa\/<\/a>)<\/p>\n<p>OBS! Medietankens keynotes direkts\u00e4nds och kan \u00e4ven ses i efterhand p\u00e5 DiDiDi:s Youtubekanal!<\/p>\n<p>**************<a name=\"keynotes\"><\/a><\/p>\n<h3><strong>KEYNOTES<\/strong><\/h3>\n<h4><strong>Vad inneb\u00e4r det att leva och l\u00e4ra i ett digitaliserat samh\u00e4lle?<\/strong><\/h4>\n<p><a href=\"https:\/\/youtu.be\/ANeABF8Y8Z8\" target=\"_blank\" rel=\"noopener\">Inspelningen av keynoten kan ses h\u00e4r!<\/a><\/p>\n<p><img loading=\"lazy\" decoding=\"async\" class=\"alignleft wp-image-3466\" src=\"https:\/\/projektdididi.files.wordpress.com\/2016\/08\/linda.jpg?w=100\" alt=\"linda\" width=\"115\" height=\"173\" \/> <img loading=\"lazy\" decoding=\"async\" class=\"alignleft wp-image-3467\" src=\"https:\/\/projektdididi.files.wordpress.com\/2016\/08\/chilli.jpg?w=100\" alt=\"chilli\" width=\"115\" height=\"172\" \/><\/p>\n<p><strong>Linda Mannila (FD)<\/strong>, Fakulteten f\u00f6r naturvetenskap och teknik, \u00c5bo Akademi<br \/>\n<strong>Charlotta Hilli (FD)<\/strong>, Fakulteten f\u00f6r pedagogik och v\u00e4lf\u00e4rdsstudier, \u00c5bo Akademi<\/p>\n<p><em>Ofta l\u00e4gger man likhetstecken mellan digitalisering och tekniken i sig, men det handlar om mycket mer \u00e4n det. Hur kan vi anv\u00e4nda data, datorer, n\u00e4tverk etc. f\u00f6r att f\u00f6rb\u00e4ttra\/f\u00f6renkla processer, g\u00f6ra vardagen enklare och hitta nya s\u00e4tt att g\u00f6ra b\u00e5de gamla och nya saker p\u00e5? Utbildningens bildande uppgift \u00e4r v\u00e4sentlig f\u00f6r att f\u00f6rst\u00e5 och tolka en informationstung omv\u00e4rld, samt f\u00f6r att vara en aktiv deltagare i det samtida och framtida samh\u00e4llet. Digital kompetens handlar om att hantera, kommunicera och f\u00f6rst\u00e5 en virtuell v\u00e4rld d\u00e4r individen i allt h\u00f6gre grad f\u00f6rv\u00e4ntas axla ansvaret f\u00f6r l\u00e4rande och d\u00e4r kunskap skapas gemensamt och digitalt.<\/em><\/p>\n<p>Tyv\u00e4rr utg\u00e5r keynoten med H\u00e5kan Fleischer p.g.a. sjukskrivning.<\/p>\n<p>&nbsp;<\/p>\n<h4><strong>Hej Robot!<\/strong><\/h4>\n<p><a href=\"https:\/\/youtu.be\/GWhrC9n6hCc\" target=\"_blank\" rel=\"noopener\">Inspelningen av keynoten kan ses h\u00e4r!<\/a><\/p>\n<p><em><strong><img loading=\"lazy\" decoding=\"async\" class=\"alignleft wp-image-3212\" src=\"https:\/\/projektdididi.files.wordpress.com\/2016\/08\/cristina-andersson.jpg?w=108\" alt=\"cristina-andersson\" width=\"115\" height=\"160\" \/><\/strong><\/em><\/p>\n<p><em><strong><br \/>\nCristina Andersson<\/strong><\/em> \u00e4r en f\u00f6retagare , f\u00f6rfattare och ledare till Robotics Finland. Hennes bok \u201cBohoBusiness\u201d handlar om robotisering och andra teknologier som kommer att f\u00f6r\u00e4ndra v\u00e5r v\u00e4rld mer \u00e4n n\u00e5got annat fenomen vi har sett f\u00f6rut.<\/p>\n<p><em>Robotar kommer till arbetsplatsen, hem och skolor. Hur ser framtidens arbete ut och vad skall vi l\u00e4ra oss just nu? Hur f\u00f6r\u00e4ndras utbildningen n\u00e4r l\u00e4rare och studerande har robotar som inl\u00e4rningspartner?<\/em><\/p>\n<p>Cristina h\u00e5ller eftermiddagens keynote.<\/p>\n<p>&nbsp;<\/p>\n<p>**************<a name=\"dialoggrupper\"><\/a><\/p>\n<h3><strong>DIALOGGRUPPER<\/strong><\/h3>\n<h4><strong>1. Vad inneb\u00e4r det att leva och l\u00e4ra i ett digitaliserat samh\u00e4lle? (rum C215)<\/strong><\/h4>\n<p>Linda Mannila (FD), Fakulteten f\u00f6r naturvetenskap och teknik, \u00c5bo Akademi<br \/>\nCharlotta Hilli (FD), Fakulteten f\u00f6r pedagogik och v\u00e4lf\u00e4rdsstudier, \u00c5bo Akademi<\/p>\n<p><em>Ofta l\u00e4gger man likhetstecken mellan digitalisering och tekniken i sig, men det handlar om mycket mer \u00e4n det. Hur kan vi anv\u00e4nda data, datorer, n\u00e4tverk etc. f\u00f6r att f\u00f6rb\u00e4ttra\/f\u00f6renkla processer, g\u00f6ra vardagen enklare och hitta nya s\u00e4tt att g\u00f6ra b\u00e5de gamla och nya saker p\u00e5? Utbildningens bildande uppgift \u00e4r v\u00e4sentlig f\u00f6r att f\u00f6rst\u00e5 och tolka en informationstung omv\u00e4rld, samt f\u00f6r att vara en aktiv deltagare i det samtida och framtida samh\u00e4llet. Digital kompetens handlar om att hantera, kommunicera och f\u00f6rst\u00e5 en virtuell v\u00e4rld d\u00e4r individen i allt h\u00f6gre grad f\u00f6rv\u00e4ntas axla ansvaret f\u00f6r l\u00e4rande och d\u00e4r kunskap skapas gemensamt och digitalt.<\/em><\/p>\n<h4><strong>2. Hitta den r\u00e4tta digitala l\u00f6sningen! (Experience Lab)<\/strong><\/h4>\n<p>Dialogtimmen leds av anv\u00e4ndbarhetsexperterna Joachim Majors och Joachim H\u00f6gv\u00e4g vid Experience Lab.<\/p>\n<p><em>Experience Lab vid \u00c5bo Akademi v\u00e4lkomnar dig till en dialog om hur du ska t\u00e4nka f\u00f6r att hitta den digitala l\u00f6sning som passar dig och dina behov b\u00e4st. Vi demonstrerar ocks\u00e5 virtual reality som ett exempel p\u00e5 framtida inl\u00e4rningsmilj\u00f6er. <\/em><br \/>\n<em>Max antal deltagare 15<\/em><\/p>\n<h4><strong>3. Digitala kompetenser ut\u00f6ver det vanliga &#8211; undervisningens m\u00f6te med internetkulturen p\u00e5 Wikipedia (rum C214)<\/strong><\/h4>\n<p>Sara M\u00f6rtsell, l\u00e4rare och utbildningsansvarig Wikimedia Sverige.<\/p>\n<p><a href=\"https:\/\/youtu.be\/f4TtklOi6m8\" target=\"_blank\" rel=\"noopener\">En intervju med Sara M\u00f6rtsell kan ses h\u00e4r!<\/a><\/p>\n<p><em>Wikipedia \u00e4r en av v\u00e4rldens mest bes\u00f6kta webbplatser och b\u00e4r p\u00e5 ett brokigt f\u00f6rflutet. De allra flesta l\u00e4rare, studenter och elever m\u00f6ter regelbundet Wikipedia p\u00e5 n\u00e5got s\u00e4tt i sin informationss\u00f6kning &#8211; men g\u00e5r det att anv\u00e4nda det som st\u00e5r d\u00e4r? I den h\u00e4r dialoggruppen kommer vi att diskutera hur dessa m\u00f6ten kan se ut och vilken plats Wikipedia spelar f\u00f6r att utveckla digitala litteraciteter och medie- och informationskunnighet. Praktiska exempel kommer att tas fr\u00e5n skolor i Sverige d\u00e4r l\u00e4rare hittat st\u00f6d f\u00f6r att dra nytta av Wikipedias \u00f6ppna internetkultur och gjort digital kunskapsdelning till en didaktisk brygga mellan klassrummet och allm\u00e4nheten utanf\u00f6r.<\/em><br \/>\nDeltagaren b\u00f6r g\u00e4rna ta med smartmobil, surfplatta eller laptop!<\/p>\n<h4><strong>4. Ber\u00e4ttelser 2.0 \u2013 en ber\u00e4ttelse \u00e4r en ber\u00e4ttelse \u00e4ven digitalt ber\u00e4ttad (rum D508)<\/strong><\/h4>\n<p>Ria Heil\u00e4-Ylikallio, professor i modersm\u00e5lets didaktik vid \u00c5bo Akademi<br \/>\nHeidi H\u00f6glund, universitetsl\u00e4rare i modersm\u00e5lets didaktik vid \u00c5bo Akademi<\/p>\n<p><em>Dialogf\u00f6rel\u00e4sningen tar utg\u00e5ngspunkt i de nya textv\u00e4rldar och de \u00e4ndrade f\u00f6ruts\u00e4ttningar f\u00f6r textskapande som digitaliseringen erbjuder och belyser n\u00e5gra ing\u00e5ngar till och redskap f\u00f6r hur man teoretiskt kan f\u00f6rst\u00e5 och didaktiskt behandla ber\u00e4ttande i olika format, olika medier och med olika syften. Ria Heil\u00e4-Ylikallio och Heidi H\u00f6glund synligg\u00f6r genom diskussion olika teoretiska ing\u00e5ngar och konkreta s\u00e4tt att n\u00e4rma sig ber\u00e4ttelser av olika slag. <\/em><br \/>\n<em>Ingen f\u00f6rberedelse kr\u00e4vs.<\/em><\/p>\n<h4><strong>5. Vad vet vi om framtidens kunnande och kompetenser? (rum B624)<\/strong><\/h4>\n<p>Joachim Ramstr\u00f6m<\/p>\n<p><a href=\"https:\/\/youtu.be\/W77cwQA5780\" target=\"_blank\" rel=\"noopener\">En intervju med Joachim Ramstr\u00f6m kan ses h\u00e4r!<\/a><\/p>\n<p><em>Medelklassens jobb och yrken f\u00f6rsvinner, och robotarna tar \u00f6ver allt mera av v\u00e5ra arbetsuppgifter. De mest pessimistiska studierna visar att 50% av alla nuvarande jobb kommer att vara \u00f6verfl\u00f6diga om 11 \u00e5r. Arbets- och n\u00e4ringslivet \u00e4r p\u00e5 samma g\u00e5ng i stor f\u00f6r\u00e4ndring, och ocks\u00e5 de krav p\u00e5 kompetenser och kunnande som arbetsgivarna f\u00f6rv\u00e4ntar sig. Med tanke p\u00e5 att ett barn som inleder grundskolan idag inleder sin arbetslivskarri\u00e4r tidigast om 12 \u00e5r, hur borde vi arbeta med kompetenser i skolan idag? Vad skall vi satsa p\u00e5? Vad f\u00f6r kompetenser kommer att beh\u00f6vas? Hur ser arbete ut i en v\u00e4rld d\u00e4r allt mera \u00e4r digitaliserat och sk\u00f6ts av robotar?<\/em><\/p>\n<h4><strong>6. Digitala spel &#8211; att m\u00f6ta det ok\u00e4nda (rum E610)<\/strong><\/h4>\n<p>Matilda St\u00e5hl, doktorand inom pedagogiska vetenskaper med fokus p\u00e5 spelbaserat l\u00e4rande<\/p>\n<p><em>Spelifiering och spelbaserat l\u00e4rande \u00e4r begrepp vi m\u00f6ter allt oftare idag, men vilken typ av l\u00e4rande finns det i spel? P\u00e5 vilka s\u00e4tt kan man ta in spelbaserat l\u00e4rande i undervisningen? Dialoggruppen v\u00e4lkomnar s\u00e5v\u00e4l spelnoviser som hardcore gamers, kom med och diskutera!<\/em><\/p>\n<h4><strong>7. Vetenskapsskepsis och demokrati &#8211; hur sj\u00e4lvhj\u00e4lp och medieflum hotar v\u00e4lf\u00e4rden (rum F606)<\/strong><\/h4>\n<p>Janne Wass, chefredakt\u00f6r p\u00e5 tidsskriften Ny Tid<\/p>\n<p><a href=\"https:\/\/youtu.be\/UpmbrgBoUIU\" target=\"_blank\" rel=\"noopener\">En intervju med Janne Wass kan ses h\u00e4r!<\/a><\/p>\n<p><em>Med avstamp i sin ledare &#8221;Kvantfysik, vaccinmotst\u00e5nd och enh\u00f6rningar&#8221; f\u00f6r chefredakt\u00f6r Janne Wass en dialog om hur vetenskapsskepsis, sj\u00e4lvhj\u00e4lp och medieflum kan hota v\u00e4lf\u00e4rden och demokratin. Hur ska vi f\u00f6rh\u00e5lla oss till det som b\u00f6rjat kallas den faktaresistenta samh\u00e4llsutvecklingen?<\/em><\/p>\n<h4><strong>8. Digital teknik \u2013 ett hot eller en m\u00f6jlighet f\u00f6r verksamheten p\u00e5 daghem och f\u00f6rskola? (Auditorum Bruhn)<\/strong><\/h4>\n<p>Ann-Katrin Svensson, professor i pedagogik med inriktning mot tidigt l\u00e4rande<\/p>\n<p><a href=\"https:\/\/youtu.be\/dQ0FZfyxrkk\" target=\"_blank\" rel=\"noopener\">En intervju med Ann-Katrin Svensson kan ses h\u00e4r!<\/a><\/p>\n<p><em>Fr\u00e5gor som kommer att behandlas i dialoggruppen \u00e4r:<\/em><br \/>\n<em>Hur p\u00e5verkar digital teknik dagv\u00e5rdsverksamheten? Ska det finnas paddor och datorer fritt tillg\u00e4ngliga f\u00f6r barnen och hur ska de i s\u00e5 fall anv\u00e4ndas? Hur p\u00e5verkar digital teknik barns m\u00f6jligheter att utveckla sina sociala f\u00f6rm\u00e5gor? Kan digitala medier vara ett st\u00f6d f\u00f6r att utveckla barns kritiska t\u00e4nkande och deras f\u00f6rm\u00e5ga till k\u00e4llkritik? <\/em><br \/>\n<em>Hur p\u00e5verkar digital teknik dokumentationen av verksamheten och f\u00f6r\u00e4ldrainflytandet? Var med och diskutera hur vi kan f\u00f6rh\u00e5lla oss till en f\u00f6r\u00e4ndring i arbetsvillkor, s\u00e5v\u00e4l med barn som v\u00e5rdnadshavare, som nu v\u00e4ntar runt h\u00f6rnet.<\/em><\/p>\n<h4><strong>9. Hur har verksamhetskulturen i skolan rent konkret p\u00e5verkats av digitaliseringen? (rum F724)<\/strong><\/h4>\n<p><em>Rektor Li-Lo S\u00f6derholm och utbildningsdirekt\u00f6r Rolf Sundqvist ger en personlig tillbakablick och reflektion kring vad som h\u00e4nt de senaste 20 \u00e5ren betr\u00e4ffande digitaliseringen i skolorna. Vilka saker har rent konkret haft betydelse f\u00f6r skolan? Diskussionen riktas sedan in p\u00e5 de konsekvenser och utmaningar som skolan st\u00e5r inf\u00f6r. Utmaningarna g\u00e4ller inte bara implementeringen av den nya l\u00e4roplanen och dess krav p\u00e5 digital kompetens. Hur garanterar kommunen\/staten j\u00e4mlikhet i dess olika skolor? Hur st\u00f6der vi hemmen? Vilka riktlinjer\/strategier b\u00f6r skolan\/kommunen\/staten utarbeta?.<\/em><\/p>\n<h4><strong>10. Medier ovanifr\u00e5n och underifr\u00e5n (rum B529)<\/strong><\/h4>\n<p>Ari Nykvist, universitetsl\u00e4rare, medieforskare p\u00e5 \u00c5bo Akademi<\/p>\n<p><em>Vilka \u00e4r idag de centrala massmedierna, vilken makt har de och kan du l\u00e4ngre alls lita p\u00e5 dem?<\/em><br \/>\n<em>Mediekritikens roll i ungas nya mediel\u00e4skunnighet blir allt mer viktig i takt med att \u201dgammelmedias\u201d roll minskar. Unga beh\u00f6ver d\u00e4rf\u00f6r mycket mer \u00e4n tidigare en genomtr\u00e4ngande helikoptersyn p\u00e5 massmedia.<\/em><\/p>\n<p>&nbsp;<\/p>\n<p>**************<a name=\"vinjett\"><\/a><\/p>\n<h3><strong>MEDIETANKENS VINJETT<\/strong><\/h3>\n<p>[youtube https:\/\/www.youtube.com\/watch?v=IJwA3Egq4GU?rel=0&amp;showinfo=0&amp;w=853&amp;h=480]<\/p>\n<p>&nbsp;<\/p>\n<p style=\"text-align: center\">**********<\/p>\n<p style=\"text-align: center\"><strong>Medietanken i samarbete med:<\/strong><\/p>\n<p style=\"text-align: center\"><img loading=\"lazy\" decoding=\"async\" class=\"aligncenter wp-image-3262\" src=\"https:\/\/projektdididi.files.wordpress.com\/2016\/08\/medietanken_samarbetspartners1.jpg\" alt=\"medietanken_samarbetspartners\" width=\"874\" height=\"55\" \/><\/p>\n","protected":false},"excerpt":{"rendered":"<p>Program\u00a0|\u00a0Praktisk info\u00a0| Keynotes\u00a0|\u00a0Dialoggrupper\u00a0|\u00a0Vinjett Tack till alla medverkande och deltagare i\u00a0Medietanken 2017 som h\u00f6lls vid \u00c5bo Akademi i Vasa (Academill, Strandgatan 2) 19.1.2017! Medietanken var\u00a0en\u00a0seminariedag f\u00f6r l\u00e4rare, rektorer, l\u00e4rarstuderande och andra som \u00e4r intresserade av hur digitaliseringen f\u00f6r\u00e4ndrar l\u00e4randet och verksamheten i v\u00e5ra skolor. Vi st\u00e4llde in v\u00e5ra digitala medier och verktyg p\u00e5 \u201dskoll\u00e4ge\u201d och lyfte [&hellip;]<\/p>\n","protected":false},"author":170,"featured_media":0,"parent":3674,"menu_order":0,"comment_status":"closed","ping_status":"closed","template":"","meta":{"footnotes":""},"class_list":["post-3085","page","type-page","status-publish","hentry"],"_links":{"self":[{"href":"https:\/\/blogs2.abo.fi\/dididi\/wp-json\/wp\/v2\/pages\/3085","targetHints":{"allow":["GET"]}}],"collection":[{"href":"https:\/\/blogs2.abo.fi\/dididi\/wp-json\/wp\/v2\/pages"}],"about":[{"href":"https:\/\/blogs2.abo.fi\/dididi\/wp-json\/wp\/v2\/types\/page"}],"author":[{"embeddable":true,"href":"https:\/\/blogs2.abo.fi\/dididi\/wp-json\/wp\/v2\/users\/170"}],"replies":[{"embeddable":true,"href":"https:\/\/blogs2.abo.fi\/dididi\/wp-json\/wp\/v2\/comments?post=3085"}],"version-history":[{"count":1,"href":"https:\/\/blogs2.abo.fi\/dididi\/wp-json\/wp\/v2\/pages\/3085\/revisions"}],"predecessor-version":[{"id":3681,"href":"https:\/\/blogs2.abo.fi\/dididi\/wp-json\/wp\/v2\/pages\/3085\/revisions\/3681"}],"up":[{"embeddable":true,"href":"https:\/\/blogs2.abo.fi\/dididi\/wp-json\/wp\/v2\/pages\/3674"}],"wp:attachment":[{"href":"https:\/\/blogs2.abo.fi\/dididi\/wp-json\/wp\/v2\/media?parent=3085"}],"curies":[{"name":"wp","href":"https:\/\/api.w.org\/{rel}","templated":true}]}}