{"id":260,"date":"2012-04-24T13:44:14","date_gmt":"2012-04-24T10:44:14","guid":{"rendered":"http:\/\/projektdididi.wordpress.com\/?page_id=260"},"modified":"2018-06-13T07:19:25","modified_gmt":"2018-06-13T07:19:25","slug":"talkingtools","status":"publish","type":"page","link":"https:\/\/blogs2.abo.fi\/dididi\/arkiv\/delprojekt\/talkingtools\/","title":{"rendered":"Talking Tools"},"content":{"rendered":"<p><strong>Talking Tools&#x2122; \u00e4r ett tv\u00e4rvetenskapligt samarbetsprojekt mellan Enheten f\u00f6r sl\u00f6jdpedagogik och huslig ekonomi, MediaCity och IT-f\u00f6retaget UpCode. Projektet inleddes p\u00e5 h\u00f6sten 2011 och koordineras av Sl\u00f6jdpedagogiskt center vid \u00c5bo Akademi.<\/strong><\/p>\n<p style=\"text-align: center\"><img loading=\"lazy\" decoding=\"async\" class=\"alignnone wp-image-2232 size-large\" src=\"https:\/\/projektdididi.files.wordpress.com\/2012\/04\/talking-tools-11-e1417007575487.png?w=551\" alt=\"Talking Tools 11\" width=\"551\" height=\"182\" \/><\/p>\n<p><!--more--><\/p>\n<h4><span style=\"color: #993300\">Syfte<\/span><\/h4>\n<p>Inom projektet utvecklas och kommersialiseras en mobilapplikation, Talking Tools, \u00e4mnad att st\u00f6da undervisning och l\u00e4rande i konst- och f\u00e4rdighets\u00e4mnen i \u00e5rskurserna 1\u20139. Till det tv\u00e4rvetenskapliga projektet anknyts forskning om mobilapplikationens pedagogiska anv\u00e4ndnings\u00adm\u00f6jligheter.<\/p>\n<p>Konst- och f\u00e4rdighets\u00e4mnens\u00a0temabaserade, individuellt f\u00e4rgade, unders\u00f6kande arbetss\u00e4tt erbjuder m\u00f6jlighet till en frekvent anv\u00e4ndning av digitala medier i undervisning och l\u00e4rande. Talking Tools ger eleven m\u00f6jlighet att mikroblogga om den p\u00e5g\u00e5\u00adende\u00a0arbetsprocessen med hj\u00e4lp av text och bild. Applikationens multimodalitet m\u00f6jlig\u00adg\u00f6r delande av insikter, utmaningar och erfarenheter i l\u00e4randeprocessens olika skeden. Mobilapplikationen g\u00f6r det m\u00f6jligt f\u00f6r eleven att \u00f6verblicka sitt eget och sina klasskamraters arbete, st\u00f6da och uppmuntra andras l\u00e4rande i en trygg och l\u00e4tthanterlig smarttelefonbaserad l\u00e4rmilj\u00f6. Forskningen i anslutning till projektet fokuserar p\u00e5 att tillvarata den potential som finns i att kontinuerligt kunna f\u00e5nga h\u00e4ndelserna i l\u00e4randesituationerna.<\/p>\n<blockquote><p>Ambitionen med projektet \u00e4r att g\u00f6ra l\u00e4rarutbildningen vid \u00c5bo Akademi och Vasaregionen till f\u00f6reg\u00e5ngare i att skapa nya produkter och verksamhetsmodeller f\u00f6r digitalt l\u00e4rande. Detta \u00e4r i linje med samh\u00e4llets f\u00f6rv\u00e4ntningar p\u00e5 implementering av ny informationsteknik i skolan.<\/p><\/blockquote>\n<p>I projektet sammanl\u00e4nkar tydligt universitetets och n\u00e4ringslivets olika expertkunnande och intressen i syfte att erbjuda moderna, h\u00f6gklassiga l\u00f6sningar f\u00f6r utbildningsbranschen. Mobilapplikationen utvecklas som ett samarbete mellan vetenskapsomr\u00e5det sl\u00f6jdpedagogik (\u00c5A) och den frist\u00e5ende institutionen MediaCity (\u00c5A) samt IT-f\u00f6retaget UPC Consulting Ltd. Projektparterna har undertecknat ett tre\u00e5rigt projektavtal f\u00f6r tiden 1.8.2012\u201330.6.2015. Inom projektet finns ett brett expertkunnande inom pedagogik och didaktik, mobilteknik samt anv\u00e4ndarv\u00e4nlig mediedesign. Experternas arbete p\u00e5g\u00e5r parallellt och integrerat.<\/p>\n<h4><\/h4>\n<h4><span style=\"color: #993300\">Forskning<\/span><\/h4>\n<p>Forsknings- och utvecklingsarbetet har under projekttiden skett parallellt. Utvecklingsarbetet och designprocessen har dokumenterats i vetenskapliga artiklar p\u00e5 s\u00e5v\u00e4l magister som post-doc niv\u00e5. En doktorand \u00e4r anknuten till projektet sedan h\u00f6sten 2013. Den pedagogiska forskningen i har fokuserat p\u00e5 att beskriva den pedagogiska ambitionen och de verksamhetsmodeller som den nya mobil\u00adapplikationen kan m\u00f6jligg\u00f6ra. Utvecklingsarbetet har dessutom resulterat i tv\u00e5 refereegranskade artiklar: <em>Smart sl\u00f6jd med smarta mobiltelefoner<\/em> (Johansson &amp; Porko-Hudd, 2013) och <em>\u2018Talking Tools\u2019: Sloyd Processes Become Multimodal Stories with Smartphone Documentation <\/em>(Wiklund-Engblom, Hiltunen, Hartvik, Porko-Hudd &amp; Johansson, 2014<em>)<\/em>. Den sistn\u00e4mnda artikeln, som baserar sig p\u00e5 de f\u00f6rsta testerna med l\u00e4rarstuderande publicerades i tidskriften <em>International Journal on Mobile and Blended Learning<\/em>. Talking Tools utg\u00f6r tema \u00e4ven f\u00f6r en p\u00e5g\u00e5ende avhandling pro gradu samt f\u00f6r doktorand Kasper Hiltunens avhandlingsarbete, d\u00e4r han forskar i hur mobilapplikationen kan st\u00f6da kunskaps\u00adbildning under l\u00e4randeprocesser i sl\u00f6jd. Forskningsarbetet kring applikationens till\u00e4mpning i pedagogisk verksamhet kommer att intensifieras d\u00e5 den kommersiella versionen lanserats under senh\u00f6sten 2014.<\/p>\n<p>Forskningen i anslutning till projektet Talking Tools har som huvudsyfte att utreda vilket merv\u00e4rde anv\u00e4ndning av den nya tekniken best\u00e5ende av applikationen och dess funktioner ger f\u00f6r undervisning och l\u00e4rande i sl\u00f6jd. Forskningsfr\u00e5gor som inledningsvis st\u00e5r i fokus utg\u00f6rs av f\u00f6ljande:<\/p>\n<ul>\n<li><em><span style=\"color: #993300\">Hur anv\u00e4nds applikationens olika funktioner under sl\u00f6jdaktiviteter?<\/span><\/em><\/li>\n<li><em><span style=\"color: #993300\"> Hur f\u00f6r\u00e4ndras elevens l\u00e4rande i sl\u00f6jd vid anv\u00e4ndning av applikationen?<\/span><\/em><\/li>\n<li><em><span style=\"color: #993300\">Vilka m\u00f6nster i elevers och l\u00e4rares sociala kommunikation framtr\u00e4der vid anv\u00e4ndning av applikationen?<\/span><\/em><\/li>\n<li><em><span style=\"color: #993300\">Hur kan applikationens dokumentationsm\u00f6jligheter bidra till elevens sj\u00e4lvreflektion?&#8221;<\/span><\/em><\/li>\n<\/ul>\n<p>\u00c4ven MediaCity har ett forskningsintresse i projektet. F\u00f6r MediaCity \u00e4r projektet ett tillf\u00e4lle att till\u00e4mpa sina anv\u00e4ndarv\u00e4nlighets- och anv\u00e4ndarupplevelsetester redan i designprocessen f\u00f6r att uppn\u00e5 en effektiv och tr\u00e4ffs\u00e4krare design. I Talking Tools \u00e4r m\u00e5lgruppstestningen viktig, eftersom den centrala m\u00e5lgruppen utg\u00f6rs av barn och ungdomar medan det \u00e4r vuxna som planerar och f\u00f6rverkligar designen.<\/p>\n<blockquote>\n<h4><span style=\"color: #993300\">Aktuellt<\/span><\/h4>\n<p><em><strong>9 december 2014.<\/strong><\/em> <strong>Presentation p\u00e5 Virtuella dagarna.<\/strong> Talking Tools\u00a0\u00e4r med\u00a0p\u00e5 <a href=\"https:\/\/oph.etapahtuma.fi\/eTaika_Tiedostot\/5\/TapahtumanTiedostot\/573\/OHJELMA_Koulutuskalenteriin.pdf\">U<em>tvecklingsdagarna f\u00f6r virtuell undervisning <\/em><\/a>den 9.12 i <strong>M\u00e4sscentret i Helsingfors. <\/strong>Den tv\u00e5spr\u00e5kiga presentationen hittas <a href=\"https:\/\/projektdididi.files.wordpress.com\/2012\/09\/tt-ubs-9-12-2014-dididi.pdf\">h\u00e4r<\/a>.<\/p>\n<h4><span style=\"color: #993300\">H\u00e4nt tidigare inom projektet:<\/span><\/h4>\n<p><strong><em>12.10.2014.<\/em> Ny artikel publicerad.<\/strong> Artikeln\u00a0<a href=\"http:\/\/www.igi-global.com\/article\/talking-tools\/115970\">Talking Tools&#8217;: Sloyd Processes Become Multimodal Stories with Smartphone Documentation<\/a>\u00a0av Wiklund-Engblom, A., Hiltunen, K., Hartvik, J., Porko-Hudd, M., &amp; Johansson M.\u00a0har publicerats i <a href=\"http:\/\/www.igi-global.com\/journal\/international-journal-mobile-blended-learning\/1115\">International Journal of Mobile and Blended Learning (IJMBL)<\/a>, 6(2), p. 41-57. DOI:\u00a010.4018\/ijmbl.2014040104<\/p>\n<p><strong><em>28 maj 2013.<\/em> Den f\u00f6rsta refereegranskade artikeln om projektet Talking Tools! <\/strong>Artikeln baserar sig p\u00e5 Marl\u00e9ne Johanssons och Mia Porko-Hudds presentation p\u00e5 KL\u00c4M &#8211; Konferens om L\u00e4rande, \u00c4mnesdidaktik och Mediebruk, vid Ume\u00e5 universitet i maj 2012. Av konferensens ca 60 presentationer valdes efter peer review nio bidrag f\u00f6r publicering i en antologi som tryckts upp i 250 handst\u00e4mplade exemplar. Artikeln hittar du h\u00e4r: <a href=\"http:\/\/projektdididi.files.wordpress.com\/2012\/04\/klc3a4m-smart-slc3b6jd-med-smarta-mobiltelefoner.pdf\">Smart sl\u00f6jd med smarta mobiltelefoner<\/a><a href=\"http:\/\/projektdididi.files.wordpress.com\/2012\/04\/klam.jpg\"><img loading=\"lazy\" decoding=\"async\" class=\" wp-image-1405 aligncenter\" src=\"http:\/\/projektdididi.files.wordpress.com\/2012\/04\/klam.jpg?w=551\" alt=\"klam\" width=\"386\" height=\"550\" \/><\/a><\/p><\/blockquote>\n<blockquote>\n<h4><\/h4>\n<p><em><strong>14-16 mars 2013<\/strong><\/em>. <strong><a href=\"http:\/\/www.mlearning-conf.org\/\">IADIS Mobile Learnin 2013 konferens<\/a>, Lissabon. <\/strong>Kasper Hiltunen och Annika Wiklund-Engblom presenterar projektet\u00a0 med rubriken <em>Transmedia Storybuilding in Sloyd<\/em><strong><br \/>\n<\/strong><\/p>\n<p><em><strong>7-9 mars 2013.<\/strong><\/em><strong><a href=\"http:\/\/www.yourhost.is\/nera2013\/welcome.html\">NERA konferens<\/a>, Reykjavik<\/strong>. Mia Porko-Hudd, Marl\u00e9ne Johansson, Charlotta Hilli och M\u00e5rten Bj\u00f6rkgren presenterar DiDiDi och Talking Tools. Abstraktet <em>Didactical Dimensions in Digital Learning: One Case of Developing Software and Content for Mobile Learning<\/em> hittas i <a href=\"http:\/\/www.yourhost.is\/images\/stories\/Nera2013\/abstract_book.pdf\">konferenspublikationen<\/a> p\u00e5 sida 95.<\/p>\n<p><strong><em>24 januari 2013.<\/em> <a href=\"http:\/\/www.finnexpo.fi\/Sites1\/Educa\/Sivut\/default.aspx\">EDUCA &#8211; m\u00e4ssa<\/a>, Helsingfors.<\/strong> Projektet presenteras och diskuteras i &#8221;Svenska h\u00f6rnan&#8221; p\u00e5 den nationella utbildningsm\u00e4ssan EDUCA. Kasper Hiltunen, Juha Hartvik, Mia Porko-Hudd, Annika Engblom-Wiklund och Joakim Strand medverkar. L\u00e4s mer om presentationen i <a href=\"http:\/\/web.abo.fi\/meddelanden\/artiklar\/2013_03_mobilen.sht\">Meddelanden fr\u00e5n \u00c5bo Akademi<\/a><\/p>\n<p><strong><em>\u00a0<\/em><\/strong><em><strong>16 oktober 2012: <a href=\"http:\/\/www.mlearn.org\/mLearn2012\/en\/web\/mlearn-2012\/index.html\">mLearn2012 konferens<\/a>, <\/strong><\/em><strong>Helsingfors<\/strong>. Kasper Hiltunen presenterar projektet Talking Tools. Postern <em>Talking Tools &#8211; Learning Sloyd With Smartphones<\/em> kan du l\u00e4sa <a href=\"http:\/\/ceur-ws.org\/Vol-955\/papers\/paper_32.pdf\">h\u00e4r.<\/a><\/p>\n<p><em><strong>13 september 2012:<\/strong><\/em><strong>Experience- konferens i Vasa.<\/strong> <em>Talking Tools: A Mobile Solution for Elongating the Learning Experience in Sloy<\/em>d. Mia Porko-Hudd och Kasper Hiltunen presenterar.<\/p>\n<p><strong><em>1 augusti 2012: <\/em><\/strong>Kasper Hiltunen anst\u00e4lls som projektkoordinator f\u00f6r projektet<\/p>\n<p><strong><em>28 maj 2012<\/em><\/strong>: <strong>Avtal.<\/strong> UpCode och \u00c5bo Akademi undertecknar ett tre\u00e5rigt projektavtal. Projektets ledningsgrupp fastst\u00e4lls<\/p>\n<p><strong><em>24 maj 2012:<\/em><\/strong><strong>PPP -seminarium.<\/strong> Mia Porko-Hudd presenterar Talking Tools och det f\u00f6rsta l\u00e4robjektet p\u00e5 v\u00e5rterminens sista PPP \u2013 seminarium.<\/p>\n<p><strong><em>14-16 maj 2012: <\/em><\/strong><strong>KL\u00c4M -konferens i Ume\u00e5.\u00a0<\/strong> Mia Porko-Hudd och Marl\u00e9ne Johansson presenterar projektet med rubriken <em>Talking Tools: Smart sl\u00f6jd med smarttelefon?<\/em><\/p>\n<p><strong><em>24 april 2012:<\/em><\/strong> <strong>Finansiering!<\/strong> Aktiastiftelsen i Vasa beviljar projektet bidrag f\u00f6r inneh\u00e5llsproduktion<\/p>\n<p><strong><em>1 april 2012: <\/em><\/strong><strong>Finansiering! <\/strong>H\u00f6gskolestiftelsen i \u00d6sterbotten beviljar projektet medel f\u00f6r utvecklandet av en smartelefonbaserad l\u00e4rmilj\u00f6. L\u00e4s mer p\u00e5<a href=\"http:\/\/www.vasabladet.fi\/Story\/?linkID=193856\"> Vasabladets hemsida<\/a><\/p>\n<p><strong><em>22 december 2012: <\/em><\/strong><strong>Startskott. <\/strong>Sl\u00f6jdpedagogiken presenterar iden om en smarttelefonbaserad l\u00e4rmilj\u00f6 f\u00f6r UpCode. Mia Porko Hudd, Juha Hartvik, Kasper Hiltunen och Torbj\u00f6rn Sand\u00e9n (CLL) deltar i m\u00f6tet.<\/p><\/blockquote>\n<blockquote>\n<h4><span style=\"color: #993300\">Projektets ledningsgrupp<\/span><\/h4>\n<p>Mia Porko-Hudd, \u00c5A, sl\u00f6jdpedagogik (ordf\u00f6rande)<\/p>\n<p>Kimmo Rautanen, \u00c5A, MediaCity<\/p>\n<p>Elisabet Backlund-K\u00e4rjenm\u00e4ki, \u00c5A, Vasa \u00f6vningsskola<\/p>\n<p>Sture Udd, UpCode<\/p>\n<p>Joakim Strand, UpCode<\/p>\n<p>Kristoffer Jansson, UpCode<\/p>\n<p>Kasper Hiltunen (sekreterare)<\/p><\/blockquote>\n<p>&nbsp;<\/p>\n","protected":false},"excerpt":{"rendered":"<p>Talking Tools&#x2122; \u00e4r ett tv\u00e4rvetenskapligt samarbetsprojekt mellan Enheten f\u00f6r sl\u00f6jdpedagogik och huslig ekonomi, MediaCity och IT-f\u00f6retaget UpCode. Projektet inleddes p\u00e5 h\u00f6sten 2011 och koordineras av Sl\u00f6jdpedagogiskt center vid \u00c5bo Akademi.<\/p>\n","protected":false},"author":170,"featured_media":0,"parent":41,"menu_order":0,"comment_status":"closed","ping_status":"closed","template":"","meta":{"footnotes":""},"class_list":["post-260","page","type-page","status-publish","hentry"],"_links":{"self":[{"href":"https:\/\/blogs2.abo.fi\/dididi\/wp-json\/wp\/v2\/pages\/260","targetHints":{"allow":["GET"]}}],"collection":[{"href":"https:\/\/blogs2.abo.fi\/dididi\/wp-json\/wp\/v2\/pages"}],"about":[{"href":"https:\/\/blogs2.abo.fi\/dididi\/wp-json\/wp\/v2\/types\/page"}],"author":[{"embeddable":true,"href":"https:\/\/blogs2.abo.fi\/dididi\/wp-json\/wp\/v2\/users\/170"}],"replies":[{"embeddable":true,"href":"https:\/\/blogs2.abo.fi\/dididi\/wp-json\/wp\/v2\/comments?post=260"}],"version-history":[{"count":2,"href":"https:\/\/blogs2.abo.fi\/dididi\/wp-json\/wp\/v2\/pages\/260\/revisions"}],"predecessor-version":[{"id":3706,"href":"https:\/\/blogs2.abo.fi\/dididi\/wp-json\/wp\/v2\/pages\/260\/revisions\/3706"}],"up":[{"embeddable":true,"href":"https:\/\/blogs2.abo.fi\/dididi\/wp-json\/wp\/v2\/pages\/41"}],"wp:attachment":[{"href":"https:\/\/blogs2.abo.fi\/dididi\/wp-json\/wp\/v2\/media?parent=260"}],"curies":[{"name":"wp","href":"https:\/\/api.w.org\/{rel}","templated":true}]}}