{"id":2111,"date":"2014-08-28T11:10:31","date_gmt":"2014-08-28T08:10:31","guid":{"rendered":"http:\/\/dididi.fi\/?page_id=2111"},"modified":"2014-08-28T11:10:31","modified_gmt":"2014-08-28T08:10:31","slug":"virtuellagymnasiet","status":"publish","type":"page","link":"https:\/\/blogs2.abo.fi\/dididi\/arkiv\/delprojekt\/virtuellagymnasiet\/","title":{"rendered":"Virtuella gymnasiet"},"content":{"rendered":"<p>Syftet \u00e4r att skapa ett virtuellt gymnasium f\u00f6r den svenskspr\u00e5kiga undervisningen i Finland. I\u00a0projektet kommer man att utveckla en effektiv mjukvaruplattform f\u00f6r virtuella kurser och skapa undervisningsmaterial och -metoder som \u00e4r speciellt anpassade f\u00f6r virtuella kurser. Projektet kommer att genomf\u00f6ra ett antal virtuella kurser som piloter, och samla in erfarenheten fr\u00e5n de h\u00e4r kurserna och bedriva forskning kring dem, samt skapa en gemenskap av l\u00e4rare som \u00e4r intresserade av att uppr\u00e4tth\u00e5lla och vidareutveckla det virtuella gymnasiet, och undervisa virtuellt. Projektet har som uppgift att skapa en gemensam organisation som ansvarar f\u00f6r det virtuella gymnasiet och dess kursutbud efter projekt och utarbeta en h\u00e5llbar ekonomisk bas f\u00f6r att uppr\u00e4tth\u00e5lla det virtuella gymnasiet efter att projektet tagit slut.<\/p>\n<p>Svenska Kulturfonden finansierar projektet mellan \u00e5ren 2014-16 och det leds av Ralph-Johan Back professor i datavetenskap vid \u00c5bo Akademi. Charlotta Hilli fr\u00e5n Dididi deltar i projektets styrgrupp.<\/p>\n","protected":false},"excerpt":{"rendered":"<p>Syftet \u00e4r att skapa ett virtuellt gymnasium f\u00f6r den svenskspr\u00e5kiga undervisningen i Finland. I\u00a0projektet kommer man att utveckla en effektiv mjukvaruplattform f\u00f6r virtuella kurser och skapa undervisningsmaterial och -metoder som \u00e4r speciellt anpassade f\u00f6r virtuella kurser. Projektet kommer att genomf\u00f6ra ett antal virtuella kurser som piloter, och samla in erfarenheten fr\u00e5n de h\u00e4r kurserna och [&hellip;]<\/p>\n","protected":false},"author":170,"featured_media":0,"parent":41,"menu_order":0,"comment_status":"closed","ping_status":"closed","template":"","meta":{"footnotes":""},"class_list":["post-2111","page","type-page","status-publish","hentry"],"_links":{"self":[{"href":"https:\/\/blogs2.abo.fi\/dididi\/wp-json\/wp\/v2\/pages\/2111","targetHints":{"allow":["GET"]}}],"collection":[{"href":"https:\/\/blogs2.abo.fi\/dididi\/wp-json\/wp\/v2\/pages"}],"about":[{"href":"https:\/\/blogs2.abo.fi\/dididi\/wp-json\/wp\/v2\/types\/page"}],"author":[{"embeddable":true,"href":"https:\/\/blogs2.abo.fi\/dididi\/wp-json\/wp\/v2\/users\/170"}],"replies":[{"embeddable":true,"href":"https:\/\/blogs2.abo.fi\/dididi\/wp-json\/wp\/v2\/comments?post=2111"}],"version-history":[{"count":0,"href":"https:\/\/blogs2.abo.fi\/dididi\/wp-json\/wp\/v2\/pages\/2111\/revisions"}],"up":[{"embeddable":true,"href":"https:\/\/blogs2.abo.fi\/dididi\/wp-json\/wp\/v2\/pages\/41"}],"wp:attachment":[{"href":"https:\/\/blogs2.abo.fi\/dididi\/wp-json\/wp\/v2\/media?parent=2111"}],"curies":[{"name":"wp","href":"https:\/\/api.w.org\/{rel}","templated":true}]}}