{"id":1672,"date":"2013-12-13T11:00:53","date_gmt":"2013-12-13T09:00:53","guid":{"rendered":"http:\/\/dididi.fi\/?page_id=1672"},"modified":"2013-12-13T11:00:53","modified_gmt":"2013-12-13T09:00:53","slug":"seminarium_09122013","status":"publish","type":"page","link":"https:\/\/blogs2.abo.fi\/dididi\/arkiv\/seminarier\/seminarium_09122013\/","title":{"rendered":"Seminarium 9.12.2013 &#8211; Talking Tools"},"content":{"rendered":"<h4><strong>Program:<\/strong><\/h4>\n<ul>\n<li><strong>Koncept, samarbete och produkten. (film 1 nedan)<br \/>\n<\/strong>Mia Porko-Hudd, projektledare, \u00c5bo Akademi, PF<br \/>\nAnnika Wiklund-Engblom, forskningskoordinator och doktorand, \u00c5bo Akademi, MediaCity<br \/>\nJoakim Strand, UPC Consulting Ltd.<\/li>\n<li><strong>Workshop: En lektion med Talking Tools&#x2122; (film 2 nedan)<\/strong><br \/>\nKasper Hiltunen, doktorand\/projektkoordinator, \u00c5bo Akademi, PF<br \/>\nJuha Hartvik, amanuens, \u00c5bo Akademi, PF<\/li>\n<li><strong>Diskussion (film 2 nedan)<\/strong><br \/>\nDiskussion kring anv\u00e4ndarupplevelser och fortsatt utvecklingsarbete<br \/>\nAnnika Wiklund-Engblom, forskningskoordinator och doktorand \u00c5bo Akademi, MediaCity<br \/>\nKasper Hiltunen, doktorand\/projektkoordinator, \u00c5bo Akademi, PF<\/li>\n<li><strong>Pro-gradu avhandling (film 3 nedan)<br \/>\n<\/strong>Presentation av en sl\u00f6jdprodukt med st\u00f6d av Talking Tools<br \/>\nAndreas Laurent, ped.stud., \u00c5bo Akademi\/PF<br \/>\n<span style=\"color:#ffffff\">&#8211;<\/span><\/li>\n<\/ul>\n<h4><strong>Inspelningar fr\u00e5n seminariet:<\/strong><\/h4>\n<p><strong>Talking Tools, del 1 &#8211; Koncept, samarbete och produkten.<\/strong><\/p>\n<p><span class=\"youtube\"><iframe loading=\"lazy\" title=\"YouTube video player\" class=\"youtube-player\" type=\"text\/html\" width=\"640\" height=\"505\" src=\"\/\/www.youtube.com\/embed\/Le880-dsCGY?wmode=transparent&amp;fs=1&amp;hl=en&amp;modestbranding=1&amp;iv_load_policy=3&amp;showsearch=0&amp;rel=1&amp;theme=dark&amp;rel=0\" frameborder=\"0\" allowfullscreen><\/iframe><\/span><br \/>\n<span style=\"color:#ffffff\">&#8211;<\/span><\/p>\n<p><strong>Talking Tools, del 2 &#8211; Workshop och diskussion.\u00a0<\/strong><\/p>\n<p><span class=\"youtube\"><iframe loading=\"lazy\" title=\"YouTube video player\" class=\"youtube-player\" type=\"text\/html\" width=\"640\" height=\"505\" src=\"\/\/www.youtube.com\/embed\/28AHDOQWFC8?wmode=transparent&amp;fs=1&amp;hl=en&amp;modestbranding=1&amp;iv_load_policy=3&amp;showsearch=0&amp;rel=1&amp;theme=dark&amp;rel=0\" frameborder=\"0\" allowfullscreen><\/iframe><\/span><\/p>\n<p><strong><\/strong><span style=\"color:#ffffff\">&#8211;<\/span><\/p>\n<p><strong>Talking Tools, del 3 &#8211; Pro-gradu avhandling<\/strong><\/p>\n<p><span class=\"youtube\"><iframe loading=\"lazy\" title=\"YouTube video player\" class=\"youtube-player\" type=\"text\/html\" width=\"640\" height=\"505\" src=\"\/\/www.youtube.com\/embed\/AiZ44jthOgQ?wmode=transparent&amp;fs=1&amp;hl=en&amp;modestbranding=1&amp;iv_load_policy=3&amp;showsearch=0&amp;rel=1&amp;theme=dark&amp;rel=0\" frameborder=\"0\" allowfullscreen><\/iframe><\/span><\/p>\n","protected":false},"excerpt":{"rendered":"<p>Program: Koncept, samarbete och produkten. (film 1 nedan) Mia Porko-Hudd, projektledare, \u00c5bo Akademi, PF Annika Wiklund-Engblom, forskningskoordinator och doktorand, \u00c5bo Akademi, MediaCity Joakim Strand, UPC Consulting Ltd. Workshop: En lektion med Talking Tools&#x2122; (film 2 nedan) Kasper Hiltunen, doktorand\/projektkoordinator, \u00c5bo Akademi, PF Juha Hartvik, amanuens, \u00c5bo Akademi, PF Diskussion (film 2 nedan) Diskussion kring anv\u00e4ndarupplevelser [&hellip;]<\/p>\n","protected":false},"author":170,"featured_media":0,"parent":1629,"menu_order":0,"comment_status":"closed","ping_status":"closed","template":"","meta":{"footnotes":""},"class_list":["post-1672","page","type-page","status-publish","hentry"],"_links":{"self":[{"href":"https:\/\/blogs2.abo.fi\/dididi\/wp-json\/wp\/v2\/pages\/1672","targetHints":{"allow":["GET"]}}],"collection":[{"href":"https:\/\/blogs2.abo.fi\/dididi\/wp-json\/wp\/v2\/pages"}],"about":[{"href":"https:\/\/blogs2.abo.fi\/dididi\/wp-json\/wp\/v2\/types\/page"}],"author":[{"embeddable":true,"href":"https:\/\/blogs2.abo.fi\/dididi\/wp-json\/wp\/v2\/users\/170"}],"replies":[{"embeddable":true,"href":"https:\/\/blogs2.abo.fi\/dididi\/wp-json\/wp\/v2\/comments?post=1672"}],"version-history":[{"count":0,"href":"https:\/\/blogs2.abo.fi\/dididi\/wp-json\/wp\/v2\/pages\/1672\/revisions"}],"up":[{"embeddable":true,"href":"https:\/\/blogs2.abo.fi\/dididi\/wp-json\/wp\/v2\/pages\/1629"}],"wp:attachment":[{"href":"https:\/\/blogs2.abo.fi\/dididi\/wp-json\/wp\/v2\/media?parent=1672"}],"curies":[{"name":"wp","href":"https:\/\/api.w.org\/{rel}","templated":true}]}}