{"id":126,"date":"2012-04-24T06:10:38","date_gmt":"2012-04-24T06:10:38","guid":{"rendered":"http:\/\/projektdididi.wordpress.com\/?page_id=126"},"modified":"2018-06-13T12:22:37","modified_gmt":"2018-06-13T12:22:37","slug":"valkommen","status":"publish","type":"page","link":"https:\/\/blogs2.abo.fi\/dididi\/","title":{"rendered":"V\u00e4lkommen till DiDiDi:s webbplats!"},"content":{"rendered":"<p style=\"text-align: left\">DiDiDi:s syfte \u00e4r att granska, uppt\u00e4cka och sprida de l\u00e4randepotentialer som ny innovativ digital teknik kan inneb\u00e4ra f\u00f6r undervisning och didaktisk utveckling i skola, l\u00e4rarutbildning, forskning och fortbildning.<\/p>\n<p style=\"text-align: left\">Under \u00e5ren 2006-2016 byggdes DiDiDi-projektet upp av <a href=\"http:\/\/blogs2.abo.fi\/dididi\/arkiv\/delprojekt\/\">flera delprojekt<\/a> under ledning av en <a href=\"http:\/\/blogs2.abo.fi\/dididi\/arkiv\/projektinformation\/huset\/\">styrgrupp<\/a> med medlemmar fr\u00e5n flera olika akt\u00f6rer inom utbildning i Vasa. H\u00f6sten 2017 publicerade projektet boken <a href=\"http:\/\/blogs2.abo.fi\/dididi\/arkiv\/publikation\/\">&#8221;DiDiDi vid Vasa \u00f6vningsksola 10 \u00e5r!&#8221;.<\/a><\/p>\n<p style=\"text-align: left\">Nu forst\u00e4tter projektet som ett &#8221;paraply&#8221; f\u00f6r det digitala utvecklingsarbete som g\u00f6rs vid Vasa \u00f6vningsskola.<\/p>\n<p style=\"text-align: center\"><a href=\"http:\/\/blogs2.abo.fi\/dididi\/arkiv\/publikation\/\"><img loading=\"lazy\" decoding=\"async\" class=\"alignnone wp-image-3755 size-medium\" src=\"http:\/\/blogs2.abo.fi\/dididi\/wp-content\/uploads\/sites\/95\/2018\/06\/dididi_parm-211x300.jpg\" alt=\"\" width=\"211\" height=\"300\" srcset=\"https:\/\/blogs2.abo.fi\/dididi\/wp-content\/uploads\/sites\/95\/2018\/06\/dididi_parm-211x300.jpg 211w, https:\/\/blogs2.abo.fi\/dididi\/wp-content\/uploads\/sites\/95\/2018\/06\/dididi_parm.jpg 551w\" sizes=\"auto, (max-width: 211px) 100vw, 211px\" \/><\/a><\/p>\n","protected":false},"excerpt":{"rendered":"<p>DiDiDi:s syfte \u00e4r att granska, uppt\u00e4cka och sprida de l\u00e4randepotentialer som ny innovativ digital teknik kan inneb\u00e4ra f\u00f6r undervisning och didaktisk utveckling i skola, l\u00e4rarutbildning, forskning och fortbildning. Under \u00e5ren 2006-2016 byggdes DiDiDi-projektet upp av flera delprojekt under ledning av en styrgrupp med medlemmar fr\u00e5n flera olika akt\u00f6rer inom utbildning i Vasa. H\u00f6sten 2017 publicerade [&hellip;]<\/p>\n","protected":false},"author":170,"featured_media":0,"parent":0,"menu_order":1,"comment_status":"closed","ping_status":"open","template":"page-templates\/front-page.php","meta":{"footnotes":""},"class_list":["post-126","page","type-page","status-publish","hentry"],"_links":{"self":[{"href":"https:\/\/blogs2.abo.fi\/dididi\/wp-json\/wp\/v2\/pages\/126","targetHints":{"allow":["GET"]}}],"collection":[{"href":"https:\/\/blogs2.abo.fi\/dididi\/wp-json\/wp\/v2\/pages"}],"about":[{"href":"https:\/\/blogs2.abo.fi\/dididi\/wp-json\/wp\/v2\/types\/page"}],"author":[{"embeddable":true,"href":"https:\/\/blogs2.abo.fi\/dididi\/wp-json\/wp\/v2\/users\/170"}],"replies":[{"embeddable":true,"href":"https:\/\/blogs2.abo.fi\/dididi\/wp-json\/wp\/v2\/comments?post=126"}],"version-history":[{"count":14,"href":"https:\/\/blogs2.abo.fi\/dididi\/wp-json\/wp\/v2\/pages\/126\/revisions"}],"predecessor-version":[{"id":3768,"href":"https:\/\/blogs2.abo.fi\/dididi\/wp-json\/wp\/v2\/pages\/126\/revisions\/3768"}],"wp:attachment":[{"href":"https:\/\/blogs2.abo.fi\/dididi\/wp-json\/wp\/v2\/media?parent=126"}],"curies":[{"name":"wp","href":"https:\/\/api.w.org\/{rel}","templated":true}]}}