{"id":5,"date":"2020-01-13T15:30:50","date_gmt":"2020-01-13T13:30:50","guid":{"rendered":"http:\/\/blogs2.abo.fi\/dansensdag\/?page_id=5"},"modified":"2021-03-31T09:50:09","modified_gmt":"2021-03-31T06:50:09","slug":"program","status":"publish","type":"page","link":"https:\/\/blogs2.abo.fi\/dansensdag\/program\/","title":{"rendered":"Program"},"content":{"rendered":"<p><strong>Tid och programpunkt<\/strong><\/p>\n<p>kl. 13:00\u201313:15 V\u00e4lkomsth\u00e4lsning av Annika Sillander (Regionala Danscentret i \u00d6sterbotten) och Sofia Jusslin (\u00c5bo Akademi)<\/p>\n<p>kl. 13:15\u201314:15 \u00a0<a href=\"http:\/\/blogs2.abo.fi\/dansensdag\/plenarforelasning\/\">Plenarf\u00f6rel\u00e4sning med professor Tone Pernille \u00d8stern<\/a><\/p>\n<p>kl. 14:15\u201314:30 Paus<\/p>\n<p>kl. 14:30\u201315:30<span class=\"apple-converted-space\">\u00a0<\/span><a href=\"http:\/\/blogs2.abo.fi\/dansensdag\/workshoppar\/\">Parallella workshoppar<\/a><\/p>\n<p>kl. 15:30\u201315:45 Paus<\/p>\n<p>kl. 15:45\u201316:45<span class=\"apple-converted-space\">\u00a0<\/span><a href=\"http:\/\/blogs2.abo.fi\/dansensdag\/plenarforelasning\/\">Paneldiskussion med forskare, l\u00e4rare, studerande och konstn\u00e4rer<\/a><\/p>\n<p>kl. 16:45\u201317:00 Avslutning<\/p>\n<p><span style=\"font-weight: 400\">Vi f\u00f6rbeh\u00e5ller oss r\u00e4tten till \u00e4ndringar i programmet. <\/span><\/p>\n<p>Webbinariet ordnas i plattformen Zoom. \u00a0Inloggningsanvisningar skickas via e-post till anm\u00e4lda deltagare n\u00e5gra dagar f\u00f6re webbinariet. Kontrollera \u00e4ven din skr\u00e4ppost. Har du inte f\u00e5tt n\u00e5got mejl? Kontakta sofia.jusslin[at]abo.fi<\/p>\n","protected":false},"excerpt":{"rendered":"<p>Tid och programpunkt kl. 13:00\u201313:15 V\u00e4lkomsth\u00e4lsning av Annika Sillander (Regionala Danscentret i \u00d6sterbotten) och Sofia Jusslin (\u00c5bo Akademi) kl. 13:15\u201314:15 \u00a0Plenarf\u00f6rel\u00e4sning med professor Tone Pernille \u00d8stern kl. 14:15\u201314:30 Paus kl. 14:30\u201315:30\u00a0Parallella workshoppar kl. 15:30\u201315:45 Paus kl. 15:45\u201316:45\u00a0Paneldiskussion med forskare, l\u00e4rare, studerande och konstn\u00e4rer kl. 16:45\u201317:00 Avslutning Vi f\u00f6rbeh\u00e5ller oss r\u00e4tten till \u00e4ndringar i programmet. Webbinariet &hellip; <\/p>\n<p class=\"link-more\"><a href=\"https:\/\/blogs2.abo.fi\/dansensdag\/program\/\" class=\"more-link\">Forts\u00e4tt l\u00e4sa<span class=\"screen-reader-text\"> \u201dProgram\u201d<\/span><\/a><\/p>\n","protected":false},"author":512,"featured_media":0,"parent":0,"menu_order":0,"comment_status":"closed","ping_status":"closed","template":"","meta":{"footnotes":""},"class_list":["post-5","page","type-page","status-publish","hentry"],"_links":{"self":[{"href":"https:\/\/blogs2.abo.fi\/dansensdag\/wp-json\/wp\/v2\/pages\/5","targetHints":{"allow":["GET"]}}],"collection":[{"href":"https:\/\/blogs2.abo.fi\/dansensdag\/wp-json\/wp\/v2\/pages"}],"about":[{"href":"https:\/\/blogs2.abo.fi\/dansensdag\/wp-json\/wp\/v2\/types\/page"}],"author":[{"embeddable":true,"href":"https:\/\/blogs2.abo.fi\/dansensdag\/wp-json\/wp\/v2\/users\/512"}],"replies":[{"embeddable":true,"href":"https:\/\/blogs2.abo.fi\/dansensdag\/wp-json\/wp\/v2\/comments?post=5"}],"version-history":[{"count":12,"href":"https:\/\/blogs2.abo.fi\/dansensdag\/wp-json\/wp\/v2\/pages\/5\/revisions"}],"predecessor-version":[{"id":242,"href":"https:\/\/blogs2.abo.fi\/dansensdag\/wp-json\/wp\/v2\/pages\/5\/revisions\/242"}],"wp:attachment":[{"href":"https:\/\/blogs2.abo.fi\/dansensdag\/wp-json\/wp\/v2\/media?parent=5"}],"curies":[{"name":"wp","href":"https:\/\/api.w.org\/{rel}","templated":true}]}}