{"id":200,"date":"2021-02-23T15:33:58","date_gmt":"2021-02-23T13:33:58","guid":{"rendered":"http:\/\/blogs2.abo.fi\/dansensdag\/?page_id=200"},"modified":"2021-03-29T13:21:27","modified_gmt":"2021-03-29T10:21:27","slug":"praktisk-information","status":"publish","type":"page","link":"https:\/\/blogs2.abo.fi\/dansensdag\/praktisk-information\/","title":{"rendered":"Praktisk information"},"content":{"rendered":"<p><strong>Inloggningsanvisningar<br \/>\n<\/strong>Webbinariet anordnas i Zoom och inloggningsanvisningar f\u00f6r anm\u00e4lda deltagare skickas ut n\u00e5gra dagar f\u00f6re webbinariet till den e-postadress som angetts vid anm\u00e4lan. Kontrollera \u00e4ven din skr\u00e4ppost. Har du inte f\u00e5tt n\u00e5got mejl? Kontakta sofia.jusslin[at]abo.fi<\/p>\n<p><strong>N\u00e4tuppkoppling<br \/>\n<\/strong>Vi rekommenderar att du har en stabil n\u00e4tuppkoppling, g\u00e4rna headset med mikrofon och dator med inbyggd kamera eller webbkamera. N\u00e4tuppkopplingen brukar fungera b\u00e4ttre med fast uppkoppling till datorn, det vill s\u00e4ga n\u00e4tverkskabel (Ethernet), i st\u00e4llet f\u00f6r WiFi.<\/p>\n<p><strong>Zoom<\/strong><br \/>\nVi rekommenderar att du installerar Zoom p\u00e5 din dator. Du laddar ner Zoom p\u00e5 <a href=\"https:\/\/zoom.us\/download\" target=\"_blank\" rel=\"noopener\">https:\/\/zoom.us\/download<\/a>. V\u00e4lj \u201dDownload\u00a0Zoom Client for Meetings\u201d. Vi rekommenderar ocks\u00e5 att du uppdaterar din Zoom-klient till den senaste tillg\u00e4ngliga versionen. Du kan ocks\u00e5 delta i webbinariet via din Chrome-webbl\u00e4sare.<\/p>\n<p><strong>\u00c4ndra namn<\/strong><br \/>\nF\u00f6r att veta vem deltagarna \u00e4r och deras bakgrund rekommenderar vi att du \u00e4ndrar p\u00e5 ditt namn i Zoom direkt n\u00e4r du loggar in i webbinarierummet. Du \u00e4ndrar detta genom att \u00f6ppna deltagarlistan, klicka p\u00e5 de tre punkterna bredvid ditt namn i deltagarlistan (&#8230;) och v\u00e4ljer &#8221;Rename&#8221;. \u00c4ndra g\u00e4rna till F\u00f6rnamn Efternamn (titel\/yrke).<\/p>\n<p><strong>Mikrofon och kamera<\/strong><br \/>\nKom ih\u00e5g att st\u00e4nga av din mikrofon (\u201dmute\u201d) n\u00e4r du inte pratar och gl\u00f6m inte att v\u00e4lja \u201dunmute\u201d n\u00e4r du ska ta ordet. Det reglerar du enklast via mikrofonknappen nere i Zoom-menyn.\u00a0H\u00e4r aktiverar du ocks\u00e5 din video s\u00e5 att du syns i bild eller inte syns i bild.<\/p>\n<p>Under plenarf\u00f6rel\u00e4sningen och paneldiskussionen \u00f6nskar vi att du har din kamera avst\u00e4ngd f\u00f6r att inte belasta n\u00e4tuppkopplingen mer \u00e4n n\u00f6dv\u00e4ndigt. Under workshopparna \u00e4r det dock t\u00e4nkt att ni deltar med kameran p\u00e5slagen f\u00f6r att kunna \u00a0jobba kroppsligt med workshopsledarna.<\/p>\n<p><strong>Chatfunktionen och Raise hand-funktionen<br \/>\n<\/strong>I chatten kan du st\u00e4lla du fr\u00e5gor till presentat\u00f6rerna under plenarf\u00f6rel\u00e4sningen och paneldiskussionen. V\u00e4rdarna och moderatorerna kommer dock att meddela n\u00e4r det \u00e4r dags f\u00f6r fr\u00e5gor i de olika programpunkterna. H\u00e4r kan du ocks\u00e5 chatta individuellt med andra deltagare i samma rum.<\/p>\n<p>Under workshopparna kan deltagare delta muntligt. Om du vill be om ordet anv\u00e4nder du &#8221;Raise hand&#8221;-funktionen som du hittar vid &#8221;Reactions&#8221; nere i Zoom-menyn. D\u00e4r kan du ocks\u00e5 anv\u00e4nda andra typer av reaktioner, s\u00e5som smileys, f\u00f6r att interagera med de andra deltagarna i webbinariet.<\/p>\n<p><strong>Golvutrymme f\u00f6r workshopparna<\/strong><br \/>\nUnder workshopparna arbetar deltagarna kroppsligt med workshopledarna. Vi rekommenderar att du deltar i workshoppen d\u00e4r du har ett fritt golvutrymme s\u00e5 att du kan r\u00f6ra p\u00e5 dig. Utrymmet beh\u00f6ver inte vara stort, utan n\u00e5gra kvadratmeter r\u00e4cker.<\/p>\n","protected":false},"excerpt":{"rendered":"<p>Inloggningsanvisningar Webbinariet anordnas i Zoom och inloggningsanvisningar f\u00f6r anm\u00e4lda deltagare skickas ut n\u00e5gra dagar f\u00f6re webbinariet till den e-postadress som angetts vid anm\u00e4lan. Kontrollera \u00e4ven din skr\u00e4ppost. Har du inte f\u00e5tt n\u00e5got mejl? Kontakta sofia.jusslin[at]abo.fi N\u00e4tuppkoppling Vi rekommenderar att du har en stabil n\u00e4tuppkoppling, g\u00e4rna headset med mikrofon och dator med inbyggd kamera eller webbkamera. &hellip; <\/p>\n<p class=\"link-more\"><a href=\"https:\/\/blogs2.abo.fi\/dansensdag\/praktisk-information\/\" class=\"more-link\">Forts\u00e4tt l\u00e4sa<span class=\"screen-reader-text\"> \u201dPraktisk information\u201d<\/span><\/a><\/p>\n","protected":false},"author":512,"featured_media":0,"parent":0,"menu_order":0,"comment_status":"closed","ping_status":"closed","template":"","meta":{"footnotes":""},"class_list":["post-200","page","type-page","status-publish","hentry"],"_links":{"self":[{"href":"https:\/\/blogs2.abo.fi\/dansensdag\/wp-json\/wp\/v2\/pages\/200","targetHints":{"allow":["GET"]}}],"collection":[{"href":"https:\/\/blogs2.abo.fi\/dansensdag\/wp-json\/wp\/v2\/pages"}],"about":[{"href":"https:\/\/blogs2.abo.fi\/dansensdag\/wp-json\/wp\/v2\/types\/page"}],"author":[{"embeddable":true,"href":"https:\/\/blogs2.abo.fi\/dansensdag\/wp-json\/wp\/v2\/users\/512"}],"replies":[{"embeddable":true,"href":"https:\/\/blogs2.abo.fi\/dansensdag\/wp-json\/wp\/v2\/comments?post=200"}],"version-history":[{"count":8,"href":"https:\/\/blogs2.abo.fi\/dansensdag\/wp-json\/wp\/v2\/pages\/200\/revisions"}],"predecessor-version":[{"id":241,"href":"https:\/\/blogs2.abo.fi\/dansensdag\/wp-json\/wp\/v2\/pages\/200\/revisions\/241"}],"wp:attachment":[{"href":"https:\/\/blogs2.abo.fi\/dansensdag\/wp-json\/wp\/v2\/media?parent=200"}],"curies":[{"name":"wp","href":"https:\/\/api.w.org\/{rel}","templated":true}]}}