{"id":83,"date":"2018-01-31T12:07:13","date_gmt":"2018-01-31T10:07:13","guid":{"rendered":"http:\/\/blogs2.abo.fi\/budskap\/?page_id=83"},"modified":"2018-02-09T09:32:14","modified_gmt":"2018-02-09T07:32:14","slug":"konstvetenskapliga-arkivet","status":"publish","type":"page","link":"https:\/\/blogs2.abo.fi\/budskap\/konstvetenskapliga-arkivet\/","title":{"rendered":"Konstvetenskapliga arkivet"},"content":{"rendered":"<h3>Per Otto Adelborgs skissbok<\/h3>\n<p><iframe loading=\"lazy\"  id=\"_ytid_14772\"  width=\"525\" height=\"295\"  data-origwidth=\"525\" data-origheight=\"295\" src=\"https:\/\/www.youtube.com\/embed\/X42m0APfJL4?enablejsapi=1&#038;autoplay=0&#038;cc_load_policy=0&#038;cc_lang_pref=&#038;iv_load_policy=1&#038;loop=0&#038;rel=1&#038;fs=1&#038;playsinline=0&#038;autohide=2&#038;theme=dark&#038;color=red&#038;controls=1&#038;disablekb=0&#038;\" class=\"__youtube_prefs__  epyt-is-override  no-lazyload\" title=\"YouTube player\"  allow=\"fullscreen; accelerometer; autoplay; clipboard-write; encrypted-media; gyroscope; picture-in-picture; web-share\" referrerpolicy=\"strict-origin-when-cross-origin\" allowfullscreen data-no-lazy=\"1\" data-skipgform_ajax_framebjll=\"\"><\/iframe><\/p>\n<p>Per Otto Adelborg (1781\u20131818) \u00e4r mest k\u00e4nd som karikatyrtecknare, s\u00e4rskilt genom bildserien d\u00e4r han driver med Gustav IV Adolfs regering och genom teckningarna som illustrerar det finska kriget 1808\u20131809. Det skissh\u00e4fte som f\u00f6rvaltas av Konstvetenskapliga arkivet inneh\u00e5ller teckningar fr\u00e5n \u00e5r 1807. M\u00e5nga av teckningarna f\u00f6rest\u00e4ller m\u00e4nniskor och sociala evenemang p\u00e5 Esbog\u00e5rd och f\u00f6r f\u00f6rsta g\u00e5ngen f\u00f6rekommer kung Gustav IV Adolf i Adelborgs teckningar.<\/p>\n<p><a href=\"http:\/\/web.abo.fi\/arkiv\/konst\/konstarkiv.html\" target=\"_blank\" rel=\"noopener\">Kontaktuppgifter<\/a><\/p>\n","protected":false},"excerpt":{"rendered":"<p>Per Otto Adelborgs skissbok Per Otto Adelborg (1781\u20131818) \u00e4r mest k\u00e4nd som karikatyrtecknare, s\u00e4rskilt genom bildserien d\u00e4r han driver med Gustav IV Adolfs regering och genom teckningarna som illustrerar det finska kriget 1808\u20131809. Det skissh\u00e4fte som f\u00f6rvaltas av Konstvetenskapliga arkivet inneh\u00e5ller teckningar fr\u00e5n \u00e5r 1807. M\u00e5nga av teckningarna f\u00f6rest\u00e4ller m\u00e4nniskor och sociala evenemang p\u00e5 Esbog\u00e5rd &hellip; <\/p>\n<p class=\"link-more\"><a href=\"https:\/\/blogs2.abo.fi\/budskap\/konstvetenskapliga-arkivet\/\" class=\"more-link\">Forts\u00e4tt l\u00e4sa<span class=\"screen-reader-text\"> \u201dKonstvetenskapliga arkivet\u201d<\/span><\/a><\/p>\n","protected":false},"author":8,"featured_media":0,"parent":0,"menu_order":0,"comment_status":"closed","ping_status":"closed","template":"","meta":{"footnotes":""},"class_list":["post-83","page","type-page","status-publish","hentry"],"_links":{"self":[{"href":"https:\/\/blogs2.abo.fi\/budskap\/wp-json\/wp\/v2\/pages\/83","targetHints":{"allow":["GET"]}}],"collection":[{"href":"https:\/\/blogs2.abo.fi\/budskap\/wp-json\/wp\/v2\/pages"}],"about":[{"href":"https:\/\/blogs2.abo.fi\/budskap\/wp-json\/wp\/v2\/types\/page"}],"author":[{"embeddable":true,"href":"https:\/\/blogs2.abo.fi\/budskap\/wp-json\/wp\/v2\/users\/8"}],"replies":[{"embeddable":true,"href":"https:\/\/blogs2.abo.fi\/budskap\/wp-json\/wp\/v2\/comments?post=83"}],"version-history":[{"count":8,"href":"https:\/\/blogs2.abo.fi\/budskap\/wp-json\/wp\/v2\/pages\/83\/revisions"}],"predecessor-version":[{"id":240,"href":"https:\/\/blogs2.abo.fi\/budskap\/wp-json\/wp\/v2\/pages\/83\/revisions\/240"}],"wp:attachment":[{"href":"https:\/\/blogs2.abo.fi\/budskap\/wp-json\/wp\/v2\/media?parent=83"}],"curies":[{"name":"wp","href":"https:\/\/api.w.org\/{rel}","templated":true}]}}