{"id":74,"date":"2018-01-31T12:02:48","date_gmt":"2018-01-31T10:02:48","guid":{"rendered":"http:\/\/blogs2.abo.fi\/budskap\/?page_id=74"},"modified":"2018-02-13T08:04:34","modified_gmt":"2018-02-13T06:04:34","slug":"geologisk-mineralogiska-samlingarna","status":"publish","type":"page","link":"https:\/\/blogs2.abo.fi\/budskap\/geologisk-mineralogiska-samlingarna\/","title":{"rendered":"Geologisk-mineralogiska samlingarna"},"content":{"rendered":"<h3>Bjurb\u00f6lemeteoriten<\/h3>\n<p><iframe loading=\"lazy\"  id=\"_ytid_72459\"  width=\"525\" height=\"295\"  data-origwidth=\"525\" data-origheight=\"295\" src=\"https:\/\/www.youtube.com\/embed\/rA6cPVS_x3s?enablejsapi=1&#038;autoplay=0&#038;cc_load_policy=0&#038;cc_lang_pref=&#038;iv_load_policy=1&#038;loop=0&#038;rel=1&#038;fs=1&#038;playsinline=0&#038;autohide=2&#038;theme=dark&#038;color=red&#038;controls=1&#038;disablekb=0&#038;\" class=\"__youtube_prefs__  epyt-is-override  no-lazyload\" title=\"YouTube player\"  allow=\"fullscreen; accelerometer; autoplay; clipboard-write; encrypted-media; gyroscope; picture-in-picture; web-share\" referrerpolicy=\"strict-origin-when-cross-origin\" allowfullscreen data-no-lazy=\"1\" data-skipgform_ajax_framebjll=\"\"><\/iframe><\/p>\n<p>Meteoriter ber\u00e4ttar om hur himlakropparna i v\u00e5rt solsystems uppst\u00e5tt. Vissa meteoriter kallas solsystemets &#8221;urmaterial&#8221;, material ur vilket allt annat i solsystemet bildats. En s\u00e5dan meteorit \u00e4r Bjurb\u00f6lemeteoriten, som slog ned utanf\u00f6r Borg\u00e5 1899.<\/p>\n<p><a href=\"https:\/\/www.abo.fi\/amnen\/geologi\/\" target=\"_blank\" rel=\"noopener\">Kontaktuppgifter<\/a><\/p>\n","protected":false},"excerpt":{"rendered":"<p>Bjurb\u00f6lemeteoriten Meteoriter ber\u00e4ttar om hur himlakropparna i v\u00e5rt solsystems uppst\u00e5tt. Vissa meteoriter kallas solsystemets &#8221;urmaterial&#8221;, material ur vilket allt annat i solsystemet bildats. En s\u00e5dan meteorit \u00e4r Bjurb\u00f6lemeteoriten, som slog ned utanf\u00f6r Borg\u00e5 1899. Kontaktuppgifter<\/p>\n","protected":false},"author":8,"featured_media":0,"parent":0,"menu_order":0,"comment_status":"closed","ping_status":"closed","template":"","meta":{"footnotes":""},"class_list":["post-74","page","type-page","status-publish","hentry"],"_links":{"self":[{"href":"https:\/\/blogs2.abo.fi\/budskap\/wp-json\/wp\/v2\/pages\/74","targetHints":{"allow":["GET"]}}],"collection":[{"href":"https:\/\/blogs2.abo.fi\/budskap\/wp-json\/wp\/v2\/pages"}],"about":[{"href":"https:\/\/blogs2.abo.fi\/budskap\/wp-json\/wp\/v2\/types\/page"}],"author":[{"embeddable":true,"href":"https:\/\/blogs2.abo.fi\/budskap\/wp-json\/wp\/v2\/users\/8"}],"replies":[{"embeddable":true,"href":"https:\/\/blogs2.abo.fi\/budskap\/wp-json\/wp\/v2\/comments?post=74"}],"version-history":[{"count":12,"href":"https:\/\/blogs2.abo.fi\/budskap\/wp-json\/wp\/v2\/pages\/74\/revisions"}],"predecessor-version":[{"id":267,"href":"https:\/\/blogs2.abo.fi\/budskap\/wp-json\/wp\/v2\/pages\/74\/revisions\/267"}],"wp:attachment":[{"href":"https:\/\/blogs2.abo.fi\/budskap\/wp-json\/wp\/v2\/media?parent=74"}],"curies":[{"name":"wp","href":"https:\/\/api.w.org\/{rel}","templated":true}]}}