{"id":71,"date":"2018-01-31T12:01:28","date_gmt":"2018-01-31T10:01:28","guid":{"rendered":"http:\/\/blogs2.abo.fi\/budskap\/?page_id=71"},"modified":"2018-02-14T08:32:27","modified_gmt":"2018-02-14T06:32:27","slug":"sjohistoriska","status":"publish","type":"page","link":"https:\/\/blogs2.abo.fi\/budskap\/sjohistoriska\/","title":{"rendered":"Sj\u00f6historiska institutet vid \u00c5bo Akademi"},"content":{"rendered":"<h3>N\u00e4r Otto Reinhold Spoof r\u00e4ddade briggen Caledonians bes\u00e4ttning<\/h3>\n<p><iframe loading=\"lazy\"  id=\"_ytid_38758\"  width=\"525\" height=\"295\"  data-origwidth=\"525\" data-origheight=\"295\" src=\"https:\/\/www.youtube.com\/embed\/wbYVLQTcZcM?enablejsapi=1&#038;autoplay=0&#038;cc_load_policy=0&#038;cc_lang_pref=&#038;iv_load_policy=1&#038;loop=0&#038;rel=1&#038;fs=1&#038;playsinline=0&#038;autohide=2&#038;theme=dark&#038;color=red&#038;controls=1&#038;disablekb=0&#038;\" class=\"__youtube_prefs__  epyt-is-override  no-lazyload\" title=\"YouTube player\"  allow=\"fullscreen; accelerometer; autoplay; clipboard-write; encrypted-media; gyroscope; picture-in-picture; web-share\" referrerpolicy=\"strict-origin-when-cross-origin\" allowfullscreen data-no-lazy=\"1\" data-skipgform_ajax_framebjll=\"\"><\/iframe><\/p>\n<p><a href=\"http:\/\/blogs2.abo.fi\/budskap\/wp-content\/uploads\/sites\/77\/2018\/02\/Sven-Andersson.pdf\" target=\"_blank\" rel=\"noopener\">Meddelanden fr\u00e5n Sj\u00f6historiska museet vid \u00c5bo Akademi nr 4<\/a><\/p>\n<p>Utst\u00e4llningen bygger p\u00e5 Sven Anderssons redog\u00f6relse fr\u00e5n \u00e5r 1937, som publicerades i Meddelanden fr\u00e5n Sj\u00f6historiska museet vid \u00c5bo Akademi nr 4, till minnet av att det f\u00f6rflutit 100 \u00e5r sedan Otto Reinhold Spoof, hemma fr\u00e5n \u00c5bo, \u00e5r 1837 ensam r\u00e4ddade bes\u00e4ttningen p\u00e5 brittiska briggen Caledonian som f\u00f6rliste ute p\u00e5 Atlanten. H\u00e4r f\u00e5r vi via samtida dokument, f\u00f6rem\u00e5l och m\u00e5lningar ta del av h\u00e4ndelsen.<\/p>\n<p><img loading=\"lazy\" decoding=\"async\" class=\"size-full wp-image-253 alignnone\" src=\"http:\/\/blogs2.abo.fi\/budskap\/wp-content\/uploads\/sites\/77\/2018\/02\/MG_3506.jpg\" alt=\"\" width=\"800\" height=\"533\" srcset=\"https:\/\/blogs2.abo.fi\/budskap\/wp-content\/uploads\/sites\/77\/2018\/02\/MG_3506.jpg 800w, https:\/\/blogs2.abo.fi\/budskap\/wp-content\/uploads\/sites\/77\/2018\/02\/MG_3506-300x200.jpg 300w, https:\/\/blogs2.abo.fi\/budskap\/wp-content\/uploads\/sites\/77\/2018\/02\/MG_3506-768x512.jpg 768w\" sizes=\"auto, (max-width: 767px) 89vw, (max-width: 1000px) 54vw, (max-width: 1071px) 543px, 580px\" \/><\/p>\n<p><a href=\"http:\/\/www.abo.fi\/instut\/sjohistoriska\/\" target=\"_blank\" rel=\"noopener\">Kontaktuppgifter<\/a><\/p>\n","protected":false},"excerpt":{"rendered":"<p>N\u00e4r Otto Reinhold Spoof r\u00e4ddade briggen Caledonians bes\u00e4ttning Meddelanden fr\u00e5n Sj\u00f6historiska museet vid \u00c5bo Akademi nr 4 Utst\u00e4llningen bygger p\u00e5 Sven Anderssons redog\u00f6relse fr\u00e5n \u00e5r 1937, som publicerades i Meddelanden fr\u00e5n Sj\u00f6historiska museet vid \u00c5bo Akademi nr 4, till minnet av att det f\u00f6rflutit 100 \u00e5r sedan Otto Reinhold Spoof, hemma fr\u00e5n \u00c5bo, \u00e5r 1837 &hellip; <\/p>\n<p class=\"link-more\"><a href=\"https:\/\/blogs2.abo.fi\/budskap\/sjohistoriska\/\" class=\"more-link\">Forts\u00e4tt l\u00e4sa<span class=\"screen-reader-text\"> \u201dSj\u00f6historiska institutet vid \u00c5bo Akademi\u201d<\/span><\/a><\/p>\n","protected":false},"author":8,"featured_media":0,"parent":0,"menu_order":0,"comment_status":"closed","ping_status":"closed","template":"","meta":{"footnotes":""},"class_list":["post-71","page","type-page","status-publish","hentry"],"_links":{"self":[{"href":"https:\/\/blogs2.abo.fi\/budskap\/wp-json\/wp\/v2\/pages\/71","targetHints":{"allow":["GET"]}}],"collection":[{"href":"https:\/\/blogs2.abo.fi\/budskap\/wp-json\/wp\/v2\/pages"}],"about":[{"href":"https:\/\/blogs2.abo.fi\/budskap\/wp-json\/wp\/v2\/types\/page"}],"author":[{"embeddable":true,"href":"https:\/\/blogs2.abo.fi\/budskap\/wp-json\/wp\/v2\/users\/8"}],"replies":[{"embeddable":true,"href":"https:\/\/blogs2.abo.fi\/budskap\/wp-json\/wp\/v2\/comments?post=71"}],"version-history":[{"count":18,"href":"https:\/\/blogs2.abo.fi\/budskap\/wp-json\/wp\/v2\/pages\/71\/revisions"}],"predecessor-version":[{"id":269,"href":"https:\/\/blogs2.abo.fi\/budskap\/wp-json\/wp\/v2\/pages\/71\/revisions\/269"}],"wp:attachment":[{"href":"https:\/\/blogs2.abo.fi\/budskap\/wp-json\/wp\/v2\/media?parent=71"}],"curies":[{"name":"wp","href":"https:\/\/api.w.org\/{rel}","templated":true}]}}