{"id":65,"date":"2018-01-31T11:58:20","date_gmt":"2018-01-31T09:58:20","guid":{"rendered":"http:\/\/blogs2.abo.fi\/budskap\/?page_id=65"},"modified":"2018-02-09T09:34:10","modified_gmt":"2018-02-09T07:34:10","slug":"sibeliusmuseum","status":"publish","type":"page","link":"https:\/\/blogs2.abo.fi\/budskap\/sibeliusmuseum\/","title":{"rendered":"Sibeliusmuseum"},"content":{"rendered":"<h3>Otto Anderssons konversationsh\u00e4fte med Jean Sibelius<\/h3>\n<p><iframe loading=\"lazy\"  id=\"_ytid_84435\"  width=\"525\" height=\"295\"  data-origwidth=\"525\" data-origheight=\"295\" src=\"https:\/\/www.youtube.com\/embed\/WBNhr4yeWfw?enablejsapi=1&#038;autoplay=0&#038;cc_load_policy=0&#038;cc_lang_pref=&#038;iv_load_policy=1&#038;loop=0&#038;rel=1&#038;fs=1&#038;playsinline=0&#038;autohide=2&#038;theme=dark&#038;color=red&#038;controls=1&#038;disablekb=0&#038;\" class=\"__youtube_prefs__  epyt-is-override  no-lazyload\" title=\"YouTube player\"  allow=\"fullscreen; accelerometer; autoplay; clipboard-write; encrypted-media; gyroscope; picture-in-picture; web-share\" referrerpolicy=\"strict-origin-when-cross-origin\" allowfullscreen data-no-lazy=\"1\" data-skipgform_ajax_framebjll=\"\"><\/iframe><\/p>\n<p>Professor Otto Andersson, som ville skriva en biografi om Jean Sibelius,\u00a0 var m\u00e5nga g\u00e5nger p\u00e5 bes\u00f6k till Sibelius hem. I Sibeliusmuseum finns Anderssons konversationsh\u00e4ften. De inneh\u00e5ller fr\u00e5gor, svar och anteckningar fr\u00e5n deras m\u00f6ten.<\/p>\n<p><a href=\"http:\/\/www.sibeliusmuseum.fi\/sv\/\" target=\"_blank\" rel=\"noopener\">Kontaktuppgifter<\/a><\/p>\n","protected":false},"excerpt":{"rendered":"<p>Otto Anderssons konversationsh\u00e4fte med Jean Sibelius Professor Otto Andersson, som ville skriva en biografi om Jean Sibelius,\u00a0 var m\u00e5nga g\u00e5nger p\u00e5 bes\u00f6k till Sibelius hem. I Sibeliusmuseum finns Anderssons konversationsh\u00e4ften. De inneh\u00e5ller fr\u00e5gor, svar och anteckningar fr\u00e5n deras m\u00f6ten. Kontaktuppgifter<\/p>\n","protected":false},"author":8,"featured_media":0,"parent":0,"menu_order":0,"comment_status":"closed","ping_status":"closed","template":"","meta":{"footnotes":""},"class_list":["post-65","page","type-page","status-publish","hentry"],"_links":{"self":[{"href":"https:\/\/blogs2.abo.fi\/budskap\/wp-json\/wp\/v2\/pages\/65","targetHints":{"allow":["GET"]}}],"collection":[{"href":"https:\/\/blogs2.abo.fi\/budskap\/wp-json\/wp\/v2\/pages"}],"about":[{"href":"https:\/\/blogs2.abo.fi\/budskap\/wp-json\/wp\/v2\/types\/page"}],"author":[{"embeddable":true,"href":"https:\/\/blogs2.abo.fi\/budskap\/wp-json\/wp\/v2\/users\/8"}],"replies":[{"embeddable":true,"href":"https:\/\/blogs2.abo.fi\/budskap\/wp-json\/wp\/v2\/comments?post=65"}],"version-history":[{"count":11,"href":"https:\/\/blogs2.abo.fi\/budskap\/wp-json\/wp\/v2\/pages\/65\/revisions"}],"predecessor-version":[{"id":244,"href":"https:\/\/blogs2.abo.fi\/budskap\/wp-json\/wp\/v2\/pages\/65\/revisions\/244"}],"wp:attachment":[{"href":"https:\/\/blogs2.abo.fi\/budskap\/wp-json\/wp\/v2\/media?parent=65"}],"curies":[{"name":"wp","href":"https:\/\/api.w.org\/{rel}","templated":true}]}}