{"id":137,"date":"2018-02-01T13:56:21","date_gmt":"2018-02-01T11:56:21","guid":{"rendered":"http:\/\/blogs2.abo.fi\/budskap\/?page_id=137"},"modified":"2018-02-13T08:01:58","modified_gmt":"2018-02-13T06:01:58","slug":"abo-akademis-bibliotek","status":"publish","type":"page","link":"https:\/\/blogs2.abo.fi\/budskap\/abo-akademis-bibliotek\/","title":{"rendered":"\u00c5bo Akademis bibliotek"},"content":{"rendered":"<h3>Fr\u00e5n Pehr Kalms tr\u00e4dg\u00e5rd till Pehr Kalm Revival milj\u00f6konstverk<\/h3>\n<p><iframe loading=\"lazy\"  id=\"_ytid_36890\"  width=\"525\" height=\"295\"  data-origwidth=\"525\" data-origheight=\"295\" src=\"https:\/\/www.youtube.com\/embed\/QXM-5Npd8s4?enablejsapi=1&#038;autoplay=0&#038;cc_load_policy=0&#038;cc_lang_pref=&#038;iv_load_policy=1&#038;loop=0&#038;rel=1&#038;fs=1&#038;playsinline=0&#038;autohide=2&#038;theme=dark&#038;color=red&#038;controls=1&#038;disablekb=0&#038;\" class=\"__youtube_prefs__  epyt-is-override  no-lazyload\" title=\"YouTube player\"  allow=\"fullscreen; accelerometer; autoplay; clipboard-write; encrypted-media; gyroscope; picture-in-picture; web-share\" referrerpolicy=\"strict-origin-when-cross-origin\" allowfullscreen data-no-lazy=\"1\" data-skipgform_ajax_framebjll=\"\"><\/iframe><\/p>\n<p>Pehr Kalm verkade som professor i naturalhistoria och ekonomi vid Kungliga \u00c5bo Akademi. Invid Biskopsgatan grundade han en botanisk nyttotr\u00e4dg\u00e5rd tillsammans med medicine professor Peter Leche. Pehr Kalms tr\u00e4dg\u00e5rd har varit en symbol och l\u00e4nk mellan den gamla och nya akademin. P\u00e5 platsen i dag st\u00e5r fortfarande Pehr Kalms ek och d\u00e4r hedras de som donerade pengar till \u00c5bo Akademis medelinsamling 2009-2011 i Jan-Erik Anderssons milj\u00f6konstverk Pehr Kalm revival.<\/p>\n<p><a href=\"https:\/\/www.abo.fi\/biblioteket\/arkivsamlingarna\/\" target=\"_blank\" rel=\"noopener\">Kontaktuppgifter<\/a><\/p>\n","protected":false},"excerpt":{"rendered":"<p>Fr\u00e5n Pehr Kalms tr\u00e4dg\u00e5rd till Pehr Kalm Revival milj\u00f6konstverk Pehr Kalm verkade som professor i naturalhistoria och ekonomi vid Kungliga \u00c5bo Akademi. Invid Biskopsgatan grundade han en botanisk nyttotr\u00e4dg\u00e5rd tillsammans med medicine professor Peter Leche. Pehr Kalms tr\u00e4dg\u00e5rd har varit en symbol och l\u00e4nk mellan den gamla och nya akademin. P\u00e5 platsen i dag st\u00e5r &hellip; <\/p>\n<p class=\"link-more\"><a href=\"https:\/\/blogs2.abo.fi\/budskap\/abo-akademis-bibliotek\/\" class=\"more-link\">Forts\u00e4tt l\u00e4sa<span class=\"screen-reader-text\"> \u201d\u00c5bo Akademis bibliotek\u201d<\/span><\/a><\/p>\n","protected":false},"author":255,"featured_media":0,"parent":0,"menu_order":0,"comment_status":"closed","ping_status":"closed","template":"","meta":{"footnotes":""},"class_list":["post-137","page","type-page","status-publish","hentry"],"_links":{"self":[{"href":"https:\/\/blogs2.abo.fi\/budskap\/wp-json\/wp\/v2\/pages\/137","targetHints":{"allow":["GET"]}}],"collection":[{"href":"https:\/\/blogs2.abo.fi\/budskap\/wp-json\/wp\/v2\/pages"}],"about":[{"href":"https:\/\/blogs2.abo.fi\/budskap\/wp-json\/wp\/v2\/types\/page"}],"author":[{"embeddable":true,"href":"https:\/\/blogs2.abo.fi\/budskap\/wp-json\/wp\/v2\/users\/255"}],"replies":[{"embeddable":true,"href":"https:\/\/blogs2.abo.fi\/budskap\/wp-json\/wp\/v2\/comments?post=137"}],"version-history":[{"count":9,"href":"https:\/\/blogs2.abo.fi\/budskap\/wp-json\/wp\/v2\/pages\/137\/revisions"}],"predecessor-version":[{"id":266,"href":"https:\/\/blogs2.abo.fi\/budskap\/wp-json\/wp\/v2\/pages\/137\/revisions\/266"}],"wp:attachment":[{"href":"https:\/\/blogs2.abo.fi\/budskap\/wp-json\/wp\/v2\/media?parent=137"}],"curies":[{"name":"wp","href":"https:\/\/api.w.org\/{rel}","templated":true}]}}