{"id":52,"date":"2018-09-28T13:19:06","date_gmt":"2018-09-28T10:19:06","guid":{"rendered":"http:\/\/blogs2.abo.fi\/allasprakmedkaikkikieletmukaan\/?page_id=52"},"modified":"2026-01-02T12:49:01","modified_gmt":"2026-01-02T10:49:01","slug":"kontaktuppgifter","status":"publish","type":"page","link":"https:\/\/blogs2.abo.fi\/allasprakmed\/kontaktuppgifter\/","title":{"rendered":"Kontaktuppgifter"},"content":{"rendered":"<p><strong>Helhetsansvarig f\u00f6r Alla spr\u00e5k med! <\/strong><strong>Kaikki kielet mukaan! \u2013 Katri Hansell<\/strong><br \/>\nkatri.hansell(a)abo.fi<\/p>\n<p><strong>Ansvarig forskare f\u00f6r Spr\u00e5kduschtandem sm\u00e5barnspedagogik \u2013 Johanna Still<\/strong><br \/>\njohanna.still(a)abo.fi<\/p>\n<p><strong>Ansvarig forskare f\u00f6r Spr\u00e5kduschtandem skolor\u00a0 \u2013 Michaela P\u00f6rn<\/strong><br \/>\nmichaela.poern(a)abo.fi<\/p>\n<p><strong>Ansvarig forskare f\u00f6r Med p\u00e5 noterna\u00a0 \u2013 Siv Bj\u00f6rklund<br \/>\n<\/strong>siv.bjorklund(a)abo.fi<\/p>\n<p><strong>Ansvarig forskare f\u00f6r Co-teaching \u2013 Marina Bendtsen<br \/>\n<\/strong>marina.bendtsen(a)abo.fi<\/p>\n<p><strong>Koordinerande forskningsbitr\u00e4de samt Med p\u00e5 noterna och Co-Teaching \u2013 Minna P\u00e4rkk\u00e4<br \/>\n<\/strong>minna.parkka(a)abo.fi<\/p>\n<p><strong>Forskningsbitr\u00e4de Spr\u00e5kduschtandem skolor och Spr\u00e5kduschtandem sm\u00e5barnspedagogik \u2013 Sandra B\u00e4ck<\/strong><\/p>\n<p>&nbsp;<\/p>\n","protected":false},"excerpt":{"rendered":"<p>Helhetsansvarig f\u00f6r Alla spr\u00e5k med! Kaikki kielet mukaan! \u2013 Katri Hansell katri.hansell(a)abo.fi Ansvarig forskare f\u00f6r Spr\u00e5kduschtandem sm\u00e5barnspedagogik \u2013 Johanna Still johanna.still(a)abo.fi Ansvarig forskare f\u00f6r Spr\u00e5kduschtandem skolor\u00a0 \u2013 Michaela P\u00f6rn michaela.poern(a)abo.fi Ansvarig forskare f\u00f6r Med p\u00e5 noterna\u00a0 \u2013 Siv Bj\u00f6rklund siv.bjorklund(a)abo.fi &hellip; <a href=\"https:\/\/blogs2.abo.fi\/allasprakmed\/kontaktuppgifter\/\">Forts\u00e4tt l\u00e4sa <span class=\"meta-nav\">&rarr;<\/span><\/a><\/p>\n","protected":false},"author":427,"featured_media":0,"parent":0,"menu_order":0,"comment_status":"closed","ping_status":"closed","template":"","meta":{"footnotes":""},"class_list":["post-52","page","type-page","status-publish","hentry"],"_links":{"self":[{"href":"https:\/\/blogs2.abo.fi\/allasprakmed\/wp-json\/wp\/v2\/pages\/52","targetHints":{"allow":["GET"]}}],"collection":[{"href":"https:\/\/blogs2.abo.fi\/allasprakmed\/wp-json\/wp\/v2\/pages"}],"about":[{"href":"https:\/\/blogs2.abo.fi\/allasprakmed\/wp-json\/wp\/v2\/types\/page"}],"author":[{"embeddable":true,"href":"https:\/\/blogs2.abo.fi\/allasprakmed\/wp-json\/wp\/v2\/users\/427"}],"replies":[{"embeddable":true,"href":"https:\/\/blogs2.abo.fi\/allasprakmed\/wp-json\/wp\/v2\/comments?post=52"}],"version-history":[{"count":15,"href":"https:\/\/blogs2.abo.fi\/allasprakmed\/wp-json\/wp\/v2\/pages\/52\/revisions"}],"predecessor-version":[{"id":329,"href":"https:\/\/blogs2.abo.fi\/allasprakmed\/wp-json\/wp\/v2\/pages\/52\/revisions\/329"}],"wp:attachment":[{"href":"https:\/\/blogs2.abo.fi\/allasprakmed\/wp-json\/wp\/v2\/media?parent=52"}],"curies":[{"name":"wp","href":"https:\/\/api.w.org\/{rel}","templated":true}]}}