{"id":20,"date":"2018-09-27T10:44:04","date_gmt":"2018-09-27T08:44:04","guid":{"rendered":"http:\/\/blogs2.abo.fi\/allasprakmedkaikkikieletmukaan\/?page_id=20"},"modified":"2019-11-15T13:39:49","modified_gmt":"2019-11-15T11:39:49","slug":"delprojekt","status":"publish","type":"page","link":"https:\/\/blogs2.abo.fi\/allasprakmed\/delprojekt\/","title":{"rendered":"Delprojekt"},"content":{"rendered":"<p>Inom\u00a0<em>Alla spr\u00e5k med! Kaikki kielet mukaan! <\/em>finns fyra delprojekt. Klicka p\u00e5 l\u00e4nken f\u00f6r varje projekt f\u00f6r att l\u00e4sa mer om det. Du hittar \u00e4ven projekten i fliken delprojekt.<\/p>\n<p><a href=\"http:\/\/blogs2.abo.fi\/allasprakmed\/delprojekt\/sprakduschtandem-smabarnspedagogik\/\">Spr\u00e5kduschtandem sm\u00e5barnspedagogik<\/a><\/p>\n<p><a href=\"http:\/\/blogs2.abo.fi\/allasprakmed\/delprojekt\/sprakduschtandem-skolorna\/\">Spr\u00e5kduschtandem skolor<\/a><\/p>\n<p><a href=\"http:\/\/blogs2.abo.fi\/allasprakmed\/delprojekt\/med-pa-noterna\/\">Med p\u00e5 noterna<\/a><\/p>\n<p><a href=\"http:\/\/blogs2.abo.fi\/allasprakmed\/delprojekt\/co-teaching\/\">Co-teaching<\/a><\/p>\n","protected":false},"excerpt":{"rendered":"<p>Inom\u00a0Alla spr\u00e5k med! Kaikki kielet mukaan! finns fyra delprojekt. Klicka p\u00e5 l\u00e4nken f\u00f6r varje projekt f\u00f6r att l\u00e4sa mer om det. Du hittar \u00e4ven projekten i fliken delprojekt. Spr\u00e5kduschtandem sm\u00e5barnspedagogik Spr\u00e5kduschtandem skolor Med p\u00e5 noterna Co-teaching<\/p>\n","protected":false},"author":427,"featured_media":0,"parent":0,"menu_order":0,"comment_status":"closed","ping_status":"closed","template":"","meta":{"footnotes":""},"class_list":["post-20","page","type-page","status-publish","hentry"],"_links":{"self":[{"href":"https:\/\/blogs2.abo.fi\/allasprakmed\/wp-json\/wp\/v2\/pages\/20","targetHints":{"allow":["GET"]}}],"collection":[{"href":"https:\/\/blogs2.abo.fi\/allasprakmed\/wp-json\/wp\/v2\/pages"}],"about":[{"href":"https:\/\/blogs2.abo.fi\/allasprakmed\/wp-json\/wp\/v2\/types\/page"}],"author":[{"embeddable":true,"href":"https:\/\/blogs2.abo.fi\/allasprakmed\/wp-json\/wp\/v2\/users\/427"}],"replies":[{"embeddable":true,"href":"https:\/\/blogs2.abo.fi\/allasprakmed\/wp-json\/wp\/v2\/comments?post=20"}],"version-history":[{"count":13,"href":"https:\/\/blogs2.abo.fi\/allasprakmed\/wp-json\/wp\/v2\/pages\/20\/revisions"}],"predecessor-version":[{"id":195,"href":"https:\/\/blogs2.abo.fi\/allasprakmed\/wp-json\/wp\/v2\/pages\/20\/revisions\/195"}],"wp:attachment":[{"href":"https:\/\/blogs2.abo.fi\/allasprakmed\/wp-json\/wp\/v2\/media?parent=20"}],"curies":[{"name":"wp","href":"https:\/\/api.w.org\/{rel}","templated":true}]}}