{"id":61,"date":"2019-05-31T13:38:47","date_gmt":"2019-05-31T11:38:47","guid":{"rendered":"http:\/\/blogs2.abo.fi\/aausportsvasa\/?page_id=61"},"modified":"2026-02-13T15:55:37","modified_gmt":"2026-02-13T13:55:37","slug":"aau-sports-formaner","status":"publish","type":"page","link":"https:\/\/blogs2.abo.fi\/aausportsvasa\/aau-sports-formaner\/","title":{"rendered":"\u00c5AU Sports f\u00f6rm\u00e5ner i Vasa"},"content":{"rendered":"<h3><\/h3>\n<h3><strong>Som medlem i \u00c5AU Sports har du gratis tillg\u00e5ng till allt som finns i <a href=\"http:\/\/www.hmlsolutions.com\/abo_sports\/\">\u00c5AU Sports Schema.<\/a><\/strong><\/h3>\n<h3>Som <strong>studerande<\/strong> medlem vid \u00c5bo Akademi, Novia eller Hanken\u00a0 i Vasa har du \u00e4ven m\u00f6jlighet att utnyttja f\u00f6ljande f\u00f6rm\u00e5ner d\u00e5 du l\u00f6st \u00c5AU Sports medlemskap;<\/h3>\n<p>&nbsp;<\/p>\n<p><strong>F\u00f6rm\u00e5nligare medlemskap vid <a href=\"https:\/\/www.wsc.fi\/Startsida\">Wasa Sports Club<\/a><\/strong><\/p>\n<ul>\n<li style=\"list-style-type: none\">\n<ul>\n<li>Som \u00c5AU Sports medlem kan du k\u00f6pa billigare medlemskap hos Wasa Sports Club. B\u00e5de\u00a0 1 \u00e5rs medlemskap och ett sk 1-11 m\u00e5naders medlemskap vilket inneb\u00e4r att du kan s\u00e4ga upp avtalet n\u00e4r som helst. Du f\u00f6rbinder dig inte till n\u00e5gon viss tid.<\/li>\n<li><strong>Studerande \u00c5AU Sports-medlemmar<\/strong>\n<ul>\n<li>&#8211;&gt; 1 \u00e5rs medlemskap 49\u20ac\/m\u00e5nad<\/li>\n<li>&#8211;&gt; 1-11 m\u00e5naders medlemskap\u00a0 59\u20ac\/m\u00e5nad<\/li>\n<\/ul>\n<\/li>\n<\/ul>\n<\/li>\n<\/ul>\n<ul>\n<li><b>Personal<\/b>\n<ul>\n<li>&#8211;&gt; 1 \u00e5rs medlemskap 52\u20ac\/m\u00e5nad<\/li>\n<li>&#8211;&gt; 1-11 m\u00e5naders medlemskap\u00a0 62\u20ac\/m\u00e5nad<\/li>\n<\/ul>\n<\/li>\n<\/ul>\n<p><strong>F\u00f6rm\u00e5nligare pris vid <a href=\"https:\/\/www.wasamove.fi\/\">WasaMove<\/a><\/strong><\/p>\n<ul>\n<li style=\"list-style-type: none\">\n<ul>\n<li>Som studerande \u00c5AU Sports medlem kan du k\u00f6pa billigare medlemskap hos Wasa Move. Medlemskapet vid Wasa Move kan du s\u00e4ga upp n\u00e4r som helst. N\u00e4r du tecknar ett medlemskap beh\u00f6ver du \u00e4ven en nyckeltag som du betalar en eng\u00e5ngssumma p\u00e5 5\u20ac.<\/li>\n<li>Studerande \u00c5AU Sports medlemmar\u00a0 37\u20ac\/ m\u00e5nad<\/li>\n<\/ul>\n<\/li>\n<\/ul>\n<p>&nbsp;<\/p>\n<ul>\n<li style=\"list-style-type: none\"><strong style=\"font-size: 1rem\">F\u00f6rm\u00e5nligare pris vid Vasa <a href=\"https:\/\/www.vaasantenniscenter.com\/framsida\/\">Tennis Center<\/a><\/strong><\/li>\n<\/ul>\n<ul>\n<li style=\"list-style-type: none\">\n<ul>\n<li>4,50\u20ac:s avdrag p\u00e5 hyran av bana p\u00e5 tennis, badminton, squash, padel, pickelball, bordtennis samt snooker, gymmet och golfsimulatorn. G\u00e4ller fr\u00e5n och med 16.2.2026.<\/li>\n<\/ul>\n<\/li>\n<\/ul>\n<p>&nbsp;<\/p>\n<p><strong>F\u00f6rm\u00e5nligare pris till <a href=\"https:\/\/beta.vaasa.fi\/sv\/bo-och-lev\/fritid\/idrott-och-friluftsliv\/simhallen\/\">Vasa Simhall<\/a><\/strong><\/p>\n<ul>\n<li style=\"list-style-type: none\">\n<ul>\n<li>Du kan tr\u00e4na i simhallens gym, delta i vattengymnastik (inte hydrospinning), simma och basta. Du betalar din andel vid kassan i simhallen. Kom ih\u00e5g att ta med studiekort och \u00c5AU Sports dekalen.<\/li>\n<li><strong>Studerande \u00c5AU Sports-medlem<\/strong>\u00a0 2,50\u20ac\/g\u00e5ng<\/li>\n<li><strong>Personal \u00c5AU Sports-medlem<\/strong> 4,50\u20ac\/g\u00e5ng<\/li>\n<\/ul>\n<\/li>\n<\/ul>\n<p>&nbsp;<\/p>\n<p><strong style=\"font-size: 1rem\">F\u00f6rm\u00e5nligare pris vid <a href=\"https:\/\/www.wasaup.fi\/\">Wasa Up<\/a><\/strong><\/p>\n<ul>\n<li>Medlemskap -20% fr\u00e5n ordinarie pris (g\u00e4ller b\u00e5de studerande och personal som \u00e4r medlemmar i \u00c5AU Sports)<\/li>\n<li>Som medlem i Wasa Up deltar du gratis p\u00e5 alla kurser (kl\u00e4ttring, OCR, acroyoga, pilates)<\/li>\n<li style=\"list-style-type: none\"><\/li>\n<\/ul>\n<p><strong>F\u00f6rm\u00e5nligare pris vid <a href=\"https:\/\/mindfulmovements.fi\/\">Mindful Movements\u00a0<\/a>\u00a0<\/strong><\/p>\n<ul>\n<li>40% p\u00e5 eng\u00e5ngs avgiften p\u00e5 yoga (g\u00e4ller endast studerande medlemmar)<\/li>\n<\/ul>\n<p><strong>Hos samtliga samarbetspartners kr\u00e4vs att du betalar din andel vid kassan p\u00e5 respektive st\u00e4lle. Kom ih\u00e5g att ta med\u00a0 \u00c5AU Sports dekalen \/ bekr\u00e4ftelse p\u00e5 din registrering och kan efterfr\u00e5gas och beh\u00f6ver d\u00e5 kunna visas.<\/strong><\/p>\n","protected":false},"excerpt":{"rendered":"<p>Som medlem i \u00c5AU Sports har du gratis tillg\u00e5ng till allt som finns i \u00c5AU Sports Schema. Som studerande medlem vid \u00c5bo Akademi, Novia eller Hanken\u00a0 i Vasa har du \u00e4ven m\u00f6jlighet att utnyttja f\u00f6ljande f\u00f6rm\u00e5ner d\u00e5 du l\u00f6st \u00c5AU Sports medlemskap; &nbsp; F\u00f6rm\u00e5nligare medlemskap vid Wasa Sports Club Som \u00c5AU Sports medlem kan du &hellip; <\/p>\n<p class=\"link-more\"><a href=\"https:\/\/blogs2.abo.fi\/aausportsvasa\/aau-sports-formaner\/\" class=\"more-link\">Forts\u00e4tt l\u00e4sa<span class=\"screen-reader-text\"> \u201d\u00c5AU Sports f\u00f6rm\u00e5ner i Vasa\u201d<\/span><\/a><\/p>\n","protected":false},"author":423,"featured_media":0,"parent":0,"menu_order":0,"comment_status":"closed","ping_status":"closed","template":"","meta":{"footnotes":""},"class_list":["post-61","page","type-page","status-publish","hentry"],"_links":{"self":[{"href":"https:\/\/blogs2.abo.fi\/aausportsvasa\/wp-json\/wp\/v2\/pages\/61","targetHints":{"allow":["GET"]}}],"collection":[{"href":"https:\/\/blogs2.abo.fi\/aausportsvasa\/wp-json\/wp\/v2\/pages"}],"about":[{"href":"https:\/\/blogs2.abo.fi\/aausportsvasa\/wp-json\/wp\/v2\/types\/page"}],"author":[{"embeddable":true,"href":"https:\/\/blogs2.abo.fi\/aausportsvasa\/wp-json\/wp\/v2\/users\/423"}],"replies":[{"embeddable":true,"href":"https:\/\/blogs2.abo.fi\/aausportsvasa\/wp-json\/wp\/v2\/comments?post=61"}],"version-history":[{"count":60,"href":"https:\/\/blogs2.abo.fi\/aausportsvasa\/wp-json\/wp\/v2\/pages\/61\/revisions"}],"predecessor-version":[{"id":1393,"href":"https:\/\/blogs2.abo.fi\/aausportsvasa\/wp-json\/wp\/v2\/pages\/61\/revisions\/1393"}],"wp:attachment":[{"href":"https:\/\/blogs2.abo.fi\/aausportsvasa\/wp-json\/wp\/v2\/media?parent=61"}],"curies":[{"name":"wp","href":"https:\/\/api.w.org\/{rel}","templated":true}]}}